{"id":347,"date":"2014-03-17T09:40:06","date_gmt":"2014-03-17T08:40:06","guid":{"rendered":"https:\/\/www.marcelcuvelier.de\/?page_id=347"},"modified":"2019-01-11T13:13:27","modified_gmt":"2019-01-11T12:13:27","slug":"aussen-innentemperaturanzeige-von-in-pro-einbauen","status":"publish","type":"page","link":"https:\/\/www.marcelcuvelier.de\/?page_id=347","title":{"rendered":"Au\u00dfen- und Innentemperaturanzeige einbauen"},"content":{"rendered":"<p>So sieht es aus, wenn die in.Pro Temperaturanzeige eingebaut ist (auf dem Foto unten links zu erkennen):<br \/>\n<a href=\"https:\/\/www.marcelcuvelier.de\/wp-content\/uploads\/2014\/03\/info04_tempanzeige_eingebaut1.jpg\"><img loading=\"lazy\" decoding=\"async\" class=\"alignleft size-full wp-image-325\" src=\"https:\/\/www.marcelcuvelier.de\/wp-content\/uploads\/2014\/03\/info04_tempanzeige_eingebaut1.jpg\" alt=\"JENOPTIK DIGITAL CAMERA\" width=\"575\" height=\"311\" srcset=\"https:\/\/www.marcelcuvelier.de\/wp-content\/uploads\/2014\/03\/info04_tempanzeige_eingebaut1.jpg 575w, https:\/\/www.marcelcuvelier.de\/wp-content\/uploads\/2014\/03\/info04_tempanzeige_eingebaut1-300x162.jpg 300w\" sizes=\"auto, (max-width: 575px) 100vw, 575px\" \/><\/a><\/p>\n<div style=\"clear: both;\">&nbsp;<\/div>\n<p>&nbsp;<br \/>\n<a href=\"https:\/\/www.marcelcuvelier.de\/wp-content\/uploads\/2014\/03\/info04_tempanzeige_eingebaut2.jpg\"><img loading=\"lazy\" decoding=\"async\" class=\"alignleft size-full wp-image-326\" src=\"https:\/\/www.marcelcuvelier.de\/wp-content\/uploads\/2014\/03\/info04_tempanzeige_eingebaut2.jpg\" alt=\"Tempanzeige eingebaut\" width=\"373\" height=\"248\" srcset=\"https:\/\/www.marcelcuvelier.de\/wp-content\/uploads\/2014\/03\/info04_tempanzeige_eingebaut2.jpg 373w, https:\/\/www.marcelcuvelier.de\/wp-content\/uploads\/2014\/03\/info04_tempanzeige_eingebaut2-300x199.jpg 300w\" sizes=\"auto, (max-width: 373px) 100vw, 373px\" \/><\/a>Wenn man mal von dem Aufwand absieht, um die Anzeige in die Peugeot Amaturen einzulassen, ist der Einbau relativ einfach gewesen. Wobei ich da noch anmerken sollte, dass ich pers\u00f6nlich nicht so vom Einbau begeistert bin. An der von mir gew\u00e4hlten Position, wo sich die Anzeige nun befindet, war zuvor eine Leerblende untergebracht. Leider war diese von der H\u00f6he her etwas gr\u00f6\u00dfer als die in.pro-Anzeige.<\/p>\n<p>Die Dauerspannung, Schaltspannung und Licht-Ein-Spannung habe ich mir vom Radioanschlu\u00df geholt. Dort hatte ich bereits schon einen Verteiler gesetzt, als ich die Siemens-Freisprecheinrichtung eingebaut hatte. Die Verkabelung der Masse sollte immer m\u00f6glichst kurz gehalten werden (zur Vermeidung von St\u00f6rungen) und deshalb habe ich die direkt hinter der Anzeige an einem Karosserieteil angeklemmt.<\/p>\n<p>Der Innentemperatursensor ist zur Zeit noch an der A-S\u00e4ule befestigt (hinter der Kunststoffverkleidung), wobei ich \u00fcberlege, den Sensor an einer anderen Stelle zu befestigen, um eine genauere bzw. realistischere Messung zu gew\u00e4hrleisten. Ich denke n\u00e4mlich, dass die A-S\u00e4ule zu lange &#8222;K\u00e4lte&#8220; von sich gibt, und somit die Messung stark verf\u00e4lscht. Deshalb zeigt die Anzeige erst nach l\u00e4ngerer Zeit die wirkliche Innenraumtemperatur an.<\/p>\n<p><a href=\"https:\/\/www.marcelcuvelier.de\/wp-content\/uploads\/2014\/03\/info04_tempfuehler_durchfuehrung.jpg\"><img loading=\"lazy\" decoding=\"async\" class=\"alignleft size-full wp-image-328\" src=\"https:\/\/www.marcelcuvelier.de\/wp-content\/uploads\/2014\/03\/info04_tempfuehler_durchfuehrung.jpg\" alt=\"JENOPTIK DIGITAL CAMERA\" width=\"192\" height=\"204\"><\/a>Auf diesem Foto hier seht Ihr das Spiegeldreieck von Innen. An der markierten Stelle, wo bereits die Verkabelung f\u00fcr die Spiegelheizung (je nach Ausstattungsvariante) und die elektrischen Spiegelverstellung durchgef\u00fchrt wird, habe ich auch den in.Pro Aussentemperaturf\u00fchler in das Innere des Spiegels gef\u00fchrt. Dort wird auch von Peugeot und vielen anderen Automobilherstellern der Aussentemperaturf\u00fchler von Werk aus untergebracht. Problematisch ist dann die weitere interne Verkabelung. Daf\u00fcr muss der Spiegel nun noch zerlegt werden. Von Innen m\u00fcssen die drei 10er Schrauben und die Steckeverbindung gel\u00f6st werden. Dann haltet Ihr den Spiegel in eurer H\u00e4nden.<\/p>\n<p><a href=\"https:\/\/www.marcelcuvelier.de\/wp-content\/uploads\/2014\/03\/info04_tempanzeige_ohne_messung.jpg\"><img loading=\"lazy\" decoding=\"async\" class=\"alignright size-full wp-image-327\" src=\"https:\/\/www.marcelcuvelier.de\/wp-content\/uploads\/2014\/03\/info04_tempanzeige_ohne_messung.jpg\" alt=\"JENOPTIK DIGITAL CAMERA\" width=\"244\" height=\"121\" srcset=\"https:\/\/www.marcelcuvelier.de\/wp-content\/uploads\/2014\/03\/info04_tempanzeige_ohne_messung.jpg 244w, https:\/\/www.marcelcuvelier.de\/wp-content\/uploads\/2014\/03\/info04_tempanzeige_ohne_messung-239x118.jpg 239w\" sizes=\"auto, (max-width: 244px) 100vw, 244px\" \/><\/a>Rechts seht Ihr die in.Pro Temperaturanzeige beim Einschalten der Z\u00fcndung. Die erste Anzeige erscheint nach zwei Sekunden. Solange ben\u00f6tigt das Ger\u00e4t, um die erste Messung vorzunehmen und solange zeigt das Display drei &#8222;Striche&#8220; anstatt der Temperatur an.<\/p>\n<p><a href=\"https:\/\/www.marcelcuvelier.de\/wp-content\/uploads\/2014\/03\/info04_temp_warnung.jpg\"><img loading=\"lazy\" decoding=\"async\" class=\"alignleft size-full wp-image-324\" src=\"https:\/\/www.marcelcuvelier.de\/wp-content\/uploads\/2014\/03\/info04_temp_warnung.jpg\" alt=\"JENOPTIK DIGITAL CAMERA\" width=\"58\" height=\"71\"><\/a>Die Temperaturanzeige von in.pro hat auch eine integrierte programmierbare Eiswarnfunktion. Man kann somit also eine Temperatur ausw\u00e4hlen bzw. eingeben (ich habe z.B. +2\u00b0C gew\u00e4hlt), bei der die Anzeige den Fahrer durch ein Akustisches Signal signalisiert, dass es &#8222;Glatt&#8220; sein k\u00f6nnte. Zus\u00e4tzlich schaltet sich nach der ersten Wahnung nach zwei Minuten zus\u00e4tzlich zum Akustischen Signal der ersten Warnung noch eine kleine diskrete gelbe LED oberhalb eines Warndreieckes ein, wenn die Temperatur sich nicht nach oben korrigiert.<\/p>\n<div class=\"pdf24Plugin-cp\"> \t<form name=\"pdf24Form0\" method=\"post\" target=\"pdf24PopWin\" action=\"https:\/\/doc2pdf.pdf24.org\/wordpress.php\"><input type=\"hidden\" name=\"blogCharset\" value=\"Cw1x07UAAA==\" \/><input type=\"hidden\" name=\"blogPosts\" value=\"MwQA\" \/><input type=\"hidden\" name=\"blogUrl\" value=\"yygpKSi20tcvLy\/Xy00sSk7NSS4tS83JTC3SS0kFAA==\" \/><input type=\"hidden\" name=\"blogName\" value=\"y00sSk7NSS4tS83JTC3SS0kFAA==\" \/><input type=\"hidden\" name=\"blogValueEncoding\" value=\"gzdeflate base64\" \/><input type=\"hidden\" name=\"postId_0\" value=\"MzYxBwA=\" \/><input type=\"hidden\" name=\"postTitle_0\" value=\"cyw9PD81T1ehNC9FwTMvLzWvJDW3ILUosaS0KDGvKjUzPVUhNTMvKbE0NQ8A\" \/><input type=\"hidden\" name=\"postLink_0\" value=\"yygpKSi20tcvLy\/Xy00sSk7NSS4tS83JTC3SS0nVty9ITE+Nz0yxNTYxBwA=\" \/><input type=\"hidden\" name=\"postAuthor_0\" value=\"800sSk7NAQA=\" \/><input type=\"hidden\" name=\"postDateTime_0\" value=\"MzIwNNE1MNY1NFcwsLQyMLYyMAMA\" \/><input type=\"hidden\" name=\"postContent_0\" value=\"vVhNb9tIEr3vr2hogEGCtb49YzuxDWjHTtabZDeIjAmQi9ESS2QPm02hP6REf2Yu\/gF78imn4R\/bV01SUjI7g2Bh7SGxm2xWva569ara58vLaSmcoswLckIGdyTWZIxIFAllem9tKW6pWJKVPlhpNqRSEqRMSjMZvFDOiycyLERChXhR+lIE48kIrUzuxCYIsjnMkXn67HxmRf\/yL+dSZJYWF53M+6V71u+v1+teIe2c9DysSCuyvYT662V3XrIp3w9LXcrE9UeD4XF\/MO4rsygHx3cesBpAd1tAw94vy7Rzea6KVPBXeH7R0XLzqQOE87JeS\/fJzDtirqVzWGmVGk0LjzBsqLsIWgt4V4VMqTse\/dARzs4PCldI7S86\/7j+57\/e3t68Elc3L29uJ6\/FT5M31+8mHbFWic8uOj+cAEqG7zNsHg+HEZcjf0hoAk7XR+IwDrrjweDj8MdRdITf152YAU5J8OWReFLIj914+GeMY\/nxqRgOBivgiasO2HTel\/i3BKsStRLOf9J00ZlrkvaZmJU+e965\/N7M3PL5eR8bsG3Zrv8fZBw9Ohl\/PCQZR3tkvN1t2FX7lorjk\/GOiqPj0wNTsWHIyfhQVBzVVDw7+xYqAsceFeOqpeJ7Vs5C8j8tVqWJqjgJi7U0iZCzKLNHIhRRXSdNeFUttm8ppFR6MSlYaSGhQLcJzAoyR1FnE7LiWhkAFpa09GA89izkPBMprQn7euJ9OSMlFB4lUpgSP6UpogYLV2rt6QgvnIs7IOquejCafzf4D5wrgbponcwoJfgl68UMrQCAIwQ+V6Es+6zuM81q\/7Z0yqsSONfcTNj73gFNMLC1UCYhnH4tLfrCqrQMnsRrIjvThHexc1gkxOJEvoc3it3xflhz1ATUir9XDxmBfrDg19KJ1FYP1a9YSu3avrW0Zbfx36sFYnl5hVdXMuDUYABApUdiOs9A93YNBIl4zZHoIgTdafs4kzOKEeNjc4DeoZZLadw806H6FZHISg3EVyVClUnv690zsqS8E9hWxnQiUj8jmqQ0cfhQMBsEhFG3IZsqKsi47gt86ZaW5igyYxkR49i13egEDvEJLObAp3kDR+cNM6ZJtlAFki+K6iHlLINDebAbxitj3tZkE\/x4sgmW7RSIOJvhQE999WCxQOeOYUnI4aPZLhYMN1GWcqBRnLnovc25rA9ciFfSlgBkFfG58TylXFNR+F1a8NkNjwh+O2eAyg4EYdIztA8IY0vm2kt3Wt0HTUwrcl6lGEL2QLwKxnnny8ViheDo+lRPmZxtcVSfkRwNfqMcEIBp7a8Bzb\/ADD\/3pOFlE7aOuBZRv5G6WDCbgGKz7qEkod3YgmzzszfkHMcS39aFAndcTKijG44emRyVUd0XnJimKGPRtEfDh5qjJb7\/7nQ0Gj1\/Vd0jZ3ExeB5TFAstVTOWFGTIlQXCxDZa385LmwvEYIFvXSyqqyaNnCX\/RZWiLBBkFhNd3cOvpSbwvGmtEEe4ozpTVoZily2Ea5vMR22oi0AZSuUuCXae8YIJ+eg99fQRe+ofI\/62GW94NtprrIPjTmwrE56vWQKbETsDJuF4ZL\/JLFNHTJcKZNYJZIPmeWRHTNRWtHGgXLH2tKSOUt0qVPKVjiyqz7bWo9ouEG34+ZNfqKbIJDiQy7MquZW0SiIyjU7gK9JQBRsrwbQmVswvOI4yxdFJCV4yCCa4lRztdEWGujza2we72tcG\/or1k9smTs7HRLlBnlpPaAiN6UaR2UFtluPS9lkGu1KAarblPkGvL8qZwnlrsGQbvfkDDGzvPeLG96av2xewo6+hmXMc6v4tm3vVGkFn0FGxzBehB2QZo18EFgT4aE4Vu2jUwE1ULt+Id0\/83CYbOv+ZcdbSjMxiRmED8wz1OsPzNj9gwDwnZARtPQo+7FcPbmfyipHGHtFQbJdHjjsFG9vwveHdByn9dkQrM0N3Ra1n\/2PlW66m\/176JwcYp3+H+Nsqf3R8vKv84ehAt7uvwQm4feShet9FdzQ++zgcntauxmd\/NlYDyd5YHVftWP0OcxDPUVvF+7O\/TaDFxwnWzZshh4voQ\/U5Mr0emWJ17ze+OGY13W+D6sRAkIdIbjEt6y6M+qke4qTBqvOSbHW\/G+Vrg23bxWwLtaSsaErONSaanovPrzDcafmpLtKmv089z3nbBo\/pkgU2or89fKu9w5htDtFdjx+xxL4A+Y1\/NDndVdXJsG6nTIHf84a1vL448HRd94s45rFKpzY2T4G3qZVFgdVMQsGvlWNMi2Byvv\/0MH0bkbN61tMYZvuytrKfw+DizQn0iJNjPdbzHM79LzbCTe9vPfHX0W\/\/\/ml7zcL8ytMr82F\/bGNpfiEzFuTYVtmamOShmUTRFZEe3EZd\/KEcn6MZN\/Gy4d5L3CZ9yzzHFnJcDA1fMT4EB6Zv4iWxKSlfT56xWhhOZD8aoczibWlXRW+UCfxms2djg5LZwTMtvC\/s2NpO2WaAR3jDtw2XW1wjuF0hRq+vrwQGehvnWd7g4qfNDIQVnu39MXMvAW53441gSw5+Xlp0Cg5PXWH\/AQ==\" \/><\/form> \t<div class=\"pdf24Plugin-cp-link\"> \t\t<a href=\"#\" onclick=\"var pdf24Win = window.open('about:blank', 'pdf24PopWin', 'resizable=yes,scrollbars=yes,width=600,height=250,left='+(screen.width\/2-300)+',top='+(screen.height\/3-125)+''); pdf24Win.focus(); document.pdf24Form0.submit(); if(typeof pdf24OnCreatePDF === 'function'){void(pdf24OnCreatePDF(this,pdf24Win));} return false;\">Diesen Beitrag als PDF herunterladen<\/a> \t<\/div> <\/div>","protected":false},"excerpt":{"rendered":"<p>So sieht es aus, wenn die in.Pro Temperaturanzeige eingebaut ist (auf dem Foto unten links zu erkennen): &nbsp; &nbsp; Wenn man mal von dem Aufwand absieht, um die Anzeige in die Peugeot Amaturen einzulassen, ist der Einbau relativ einfach gewesen. Wobei ich da noch anmerken sollte, dass ich pers\u00f6nlich nicht so vom Einbau begeistert bin. An der von mir gew\u00e4hlten Position, wo sich die Anzeige nun befindet, war zuvor eine Leerblende untergebracht. Leider war diese von der H\u00f6he her etwas [&hellip;]<\/p>\n","protected":false},"author":1,"featured_media":0,"parent":463,"menu_order":0,"comment_status":"closed","ping_status":"closed","template":"","meta":{"ngg_post_thumbnail":0,"jetpack_post_was_ever_published":false,"footnotes":""},"class_list":["post-347","page","type-page","status-publish","hentry"],"jetpack_shortlink":"https:\/\/wp.me\/P4qNjn-5B","jetpack_sharing_enabled":true,"jetpack_likes_enabled":true,"_links":{"self":[{"href":"https:\/\/www.marcelcuvelier.de\/index.php?rest_route=\/wp\/v2\/pages\/347","targetHints":{"allow":["GET"]}}],"collection":[{"href":"https:\/\/www.marcelcuvelier.de\/index.php?rest_route=\/wp\/v2\/pages"}],"about":[{"href":"https:\/\/www.marcelcuvelier.de\/index.php?rest_route=\/wp\/v2\/types\/page"}],"author":[{"embeddable":true,"href":"https:\/\/www.marcelcuvelier.de\/index.php?rest_route=\/wp\/v2\/users\/1"}],"replies":[{"embeddable":true,"href":"https:\/\/www.marcelcuvelier.de\/index.php?rest_route=%2Fwp%2Fv2%2Fcomments&post=347"}],"version-history":[{"count":6,"href":"https:\/\/www.marcelcuvelier.de\/index.php?rest_route=\/wp\/v2\/pages\/347\/revisions"}],"predecessor-version":[{"id":351,"href":"https:\/\/www.marcelcuvelier.de\/index.php?rest_route=\/wp\/v2\/pages\/347\/revisions\/351"}],"up":[{"embeddable":true,"href":"https:\/\/www.marcelcuvelier.de\/index.php?rest_route=\/wp\/v2\/pages\/463"}],"wp:attachment":[{"href":"https:\/\/www.marcelcuvelier.de\/index.php?rest_route=%2Fwp%2Fv2%2Fmedia&parent=347"}],"curies":[{"name":"wp","href":"https:\/\/api.w.org\/{rel}","templated":true}]}}