{"id":502,"date":"2018-02-17T16:49:16","date_gmt":"2018-02-17T15:49:16","guid":{"rendered":"https:\/\/www.marcelcuvelier.de\/?page_id=502"},"modified":"2018-02-17T16:57:11","modified_gmt":"2018-02-17T15:57:11","slug":"smart-faq","status":"publish","type":"page","link":"https:\/\/www.marcelcuvelier.de\/?page_id=502","title":{"rendered":"Smart FAQ"},"content":{"rendered":"<p>Auf dieser Seite behandel ich die typischen Fragen, die immer wieder bei dem einen oder anderem Smart Fahrer(in) oder Interessenten aufkommen.<\/p>\n<h3 class=\"subtitle\">Smart ohne Funkfernbedienung verriegeln<\/h3>\n<p><a href=\"https:\/\/www.marcelcuvelier.de\/wp-content\/uploads\/2018\/02\/smart_schluessel_pvs.jpg\"><img loading=\"lazy\" decoding=\"async\" class=\"alignright size-full wp-image-503\" src=\"https:\/\/www.marcelcuvelier.de\/wp-content\/uploads\/2018\/02\/smart_schluessel_pvs.jpg\" alt=\"\" width=\"117\" height=\"113\"><\/a>Sollte die Funkfernbedienung mal versagen, muss man als Smart Besitzer trotzdem die M\u00f6glichkeit haben, das Fahrzeug zu verriegeln. Um das Fahrzeug &#8222;manuell&#8220; zu verriegeln geht man wie folgt vor:<br \/>\nZ\u00fcndung einschalten, die Verriegelungstaste auf dem Smart Armaturenbrett dr\u00fccken, LED blinkt schnell, innerhalb von f\u00fcnf Sekunden die Z\u00fcndung ausschalten und der Smart verriegelt selbst\u00e4ndig die T\u00fcren.<br \/>\nBei Smart&#8217;s aus der \u00e4lteren Baureihe funktioniert diese Methode noch nicht. Hier muss man wie folgt vorgehen: Heckscheibe \u00f6ffnen, alle T\u00fcren schlie\u00dfen, durch die ge\u00f6ffnete Heckscheibe von Au\u00dfen ins Wageninnere greifen und die Verriegelungstaste auf dem Armaturenbrett dr\u00fccken &#8211; der Smart verriegelt selbst\u00e4ndig die T\u00fcren &#8211; und die Heckscheibe schlie\u00dfen.<\/p>\n<h3 class=\"subtitle\">Smart ohne Funkfernbedienung entriegeln (Fahrzeuge ohne Alarmanlage)<\/h3>\n<p><a href=\"https:\/\/www.marcelcuvelier.de\/wp-content\/uploads\/2018\/02\/smart_schluessel_pvs.jpg\"><img loading=\"lazy\" decoding=\"async\" class=\"alignright size-full wp-image-503\" src=\"https:\/\/www.marcelcuvelier.de\/wp-content\/uploads\/2018\/02\/smart_schluessel_pvs.jpg\" alt=\"\" width=\"117\" height=\"113\"><\/a>Die Heckklappe per Schl\u00fcssel manuell \u00f6ffnen. Der Smart entriegelt nun alle T\u00fcren. Bei der \u00e4lteren Baureihe muss Folgendes durchgef\u00fchrt werden: Heckscheibe \u00f6ffnen, ins Wageninnere von Au\u00dfen greifen und den Entriegelungsgriff an Fahrer oder Beifahrert\u00fcr ziehen (Hinweis: Nicht vergessen den Schl\u00fcssel aus dem Wageninneren mitzunehmen!!).<\/p>\n<h3 class=\"subtitle\">Was bedeutet eigentlich Smart MHD?<\/h3>\n<p>Das K\u00fcrzel MHD steht bei Smart f\u00fcr &#8222;Micro Hybrid Drive&#8220;, eine umweltfreundliche Technologie zur Kraftstoffverbrauchsenkung. Mit einem wirklichen Hybridantrieb \u00e0 la Toyota Prius hat das MHD bei Smart allerdings nichts zu tun. Es handelt sich um eine simple Start-Stopp-Automatik, welche den Motor des Wagens etwa an der roten Ampel oder im Stau automatisch abschaltet und ihn ohne Zutun des Fahrers wieder startet, sobald es weiter geht bzw. der Fahrer das Gaspedal erneut bet\u00e4tigt. Dieses Verfahren soll den Verbrauch im Stra\u00dfenverkehrs-Alltag um bis zu 13 Prozent senken.<\/p>\n<h3 class=\"subtitle\">Wie stellt man die Uhr im Kombi-Instrument ein?<\/h3>\n<p>Einfach mit dem linken Kombi-Instrument Einstellknopf so lange dr\u00fccken, bis die aktuell eingestellte Uhrzeit angezeigt wird. Das Kombi-Instrument ist eine sogenannte Mehrfachanzeige, die den Tageskilometerstand, die Restliteranzeige (bei weniger als 5 Litern im Tank), eine Frostwarnung und Au\u00dfentemperaturanzeige und Uhr anzeigen kann. Nun diesen linken Knopf l\u00e4nger als f\u00fcnf Sekunden dr\u00fccken &#8211; der Doppelpunkt der Anzeige beginnt zu blinken. Nun kann man mit dem linken Knopf die Uhrzeit VOR- und mit dem rechten Knopf ZUR\u00dcCK-stellen, bis man die gew\u00fcnschte Zeit erreicht hat. Wird einer der beiden Kn\u00f6pfe mal nicht f\u00fcr f\u00fcnf Sekunden gedr\u00fcckt, wird die aktuell eingestellte Uhrzeit gespeichert.<\/p>\n<h3 class=\"subtitle\">Wie kann man die Smart Antenne entfernen?<\/h3>\n<p>Die Smart Antenne ist abnehmbar und sollte vor allem vor der Benutzung einer Waschanlage vom Fahrzeug entfernt werden. Dazu muss man die Antenne lediglich gegen den Uhrzeigersinn abschrauben. Auf entgegengesetzten Weg, also im Uhrzeigersinn, l\u00e4sst sich diese dann anschlie\u00dfend auch wieder anschrauben\/montieren.<\/p>\n<h3 class=\"subtitle\">Warum blinkt mein Smart neunmal in schneller Folge, wenn ich Ihn abschlie\u00dfe?<\/h3>\n<p>Der Smart verh\u00e4lt sich so, wenn die Senderbatterie der Funkfernbedienung im Fahrzeugschl\u00fcssel fast leer ist. In der Regel hat man dann nur noch 100 Bet\u00e4tigungen der Fernbedienung zur Verf\u00fcgung, bevor diese vollst\u00e4ndig versagt und sich das Fahrzeug dann weder auf- noch abschlie\u00dfen l\u00e4sst. Man sollte auf jeden Fall die Batterie der Fernbedienung austauschen (lassen). Entweder f\u00e4hrt man zum Smart Center oder man \u00f6ffnet den Fahrzeugschl\u00fcssel mit Hilfe einer entsprechend gro\u00dfen M\u00fcnze. Dazu muss diese am hinteren Ende, dort wo man einen Anh\u00e4nger durchf\u00fchren kann, zwischen schieben und den Schl\u00fcssel damit aufhebeln. Unbedingt beim Einlegen der neuen Batterie auf die richtige Polarit\u00e4t achten!<\/p>\n<h3 class=\"subtitle\">Was bedeuten die Angaben und Zahlen auf dem Smart Typschild?<\/h3>\n<p>Das Typschild befindet sich auf der Fahrerseite im T\u00fcrrahmen und gibt Auskunft \u00fcber einige Angaben bez\u00fcglich der vorliegenden Ausstattung. Siehe dazu folgende Abbildung:<\/p>\n<p><a href=\"https:\/\/www.marcelcuvelier.de\/wp-content\/uploads\/2018\/02\/smart_typschild.jpg\"><img loading=\"lazy\" decoding=\"async\" class=\"aligncenter size-full wp-image-506\" src=\"https:\/\/www.marcelcuvelier.de\/wp-content\/uploads\/2018\/02\/smart_typschild.jpg\" alt=\"\" width=\"610\" height=\"249\" srcset=\"https:\/\/www.marcelcuvelier.de\/wp-content\/uploads\/2018\/02\/smart_typschild.jpg 610w, https:\/\/www.marcelcuvelier.de\/wp-content\/uploads\/2018\/02\/smart_typschild-300x122.jpg 300w\" sizes=\"auto, (max-width: 610px) 100vw, 610px\" \/><\/a><\/p>\n<ul>\n<li>1 = Herstellerland<\/li>\n<li>2 = Lackcode<\/li>\n<li>3 = Fahrzeughersteller<\/li>\n<li>4 = EG-Betriebserlaubnis-Nummer<\/li>\n<li>5 = FIN (Fahrzeugidentifikationsnummer)<\/li>\n<li>6 = Zul\u00e4ssiges Gesamtgewicht<\/li>\n<li>7 = Zul\u00e4ssige Achslast vorne<\/li>\n<li>8 = Zul\u00e4ssige Achslast hinten<\/li>\n<\/ul>\n<h3 class=\"subtitle\">Was bedeutet eigentlich TopTether?<\/h3>\n<p>Vielleicht hat der eine oder andere schon mal irgendwo diesen Begriff gesehen und wei\u00df einfach nicht wof\u00fcr TopTether steht und wof\u00fcr es gut ist. TopTether ist eine zus\u00e4tzliche Verbindung zwischen ISOFIX befestigten Kindersitzen und dem Beifahrersitz. Mit dieser zus\u00e4tzlichen Verankerung kann das Verletzungsrisiko noch ein St\u00fcck mehr reduziert werden. Beim Smart ist die TopTether-Verankerung am Boden des Kofferraums angebracht. Die F\u00fchrung f\u00fcr den TopTether-Gurt erfolgt oben auf der Kopfst\u00fctze (siehe dazu auch Illustration in der Smart Betriebsanleitung (Insassensicherheit)).<\/p>\n<h3 class=\"subtitle\">Was bedeutet eigentlich AAS?<\/h3>\n<p>AAS steht f\u00fcr &#8222;<strong>A<\/strong>nfahr<strong>AS<\/strong>sistenten&#8220; und unterst\u00fctzt den Smart Fahrer beim Anfahren im Berg. Das Fahrzeug wird dann nach l\u00f6sen der Bremse noch etwa eine Sekunde gehalten, um somit gen\u00fcgend Zeit zu haben, den Fu\u00df auf das Gaspedal umzusetzen und anzufahren. Au\u00dferdem wird so ein Zur\u00fcckrollen verhindert und die Kupplung geschont. \u00dcbrigens, AAS ist&nbsp;<i>NICHT<\/i>&nbsp;aktiv, wenn beim Anfahren die Handbremse verwendet wird.<\/p>\n<div class=\"pdf24Plugin-cp\"> \t<form name=\"pdf24Form0\" method=\"post\" target=\"pdf24PopWin\" action=\"https:\/\/doc2pdf.pdf24.org\/wordpress.php\"><input type=\"hidden\" name=\"blogCharset\" value=\"Cw1x07UAAA==\" \/><input type=\"hidden\" name=\"blogPosts\" value=\"MwQA\" \/><input type=\"hidden\" name=\"blogUrl\" value=\"yygpKSi20tcvLy\/Xy00sSk7NSS4tS83JTC3SS0kFAA==\" \/><input type=\"hidden\" name=\"blogName\" value=\"y00sSk7NSS4tS83JTC3SS0kFAA==\" \/><input type=\"hidden\" name=\"blogValueEncoding\" value=\"gzdeflate base64\" \/><input type=\"hidden\" name=\"postId_0\" value=\"MzUwAgA=\" \/><input type=\"hidden\" name=\"postTitle_0\" value=\"C85NLCpRcHMMBAA=\" \/><input type=\"hidden\" name=\"postLink_0\" value=\"yygpKSi20tcvLy\/Xy00sSk7NSS4tS83JTC3SS0nVty9ITE+Nz0yxNTUwAgA=\" \/><input type=\"hidden\" name=\"postAuthor_0\" value=\"800sSk7NAQA=\" \/><input type=\"hidden\" name=\"postDateTime_0\" value=\"MzIwtNA1MNI1NFcwNLMyMLIyNAMA\" \/><input type=\"hidden\" name=\"postContent_0\" value=\"7VnNbhw3Er7nKZhZIJAAzYx+Ysdry1qMIssSbDmBJdsLXQL2DLubGTa7QbI19jxLgOSQZ\/BJt3mx\/arI7hnZjrMJvLe9SOpusqpY9VXVV9RhczRpczHTyisnLpUOSmSqlHamjNDTkr6I8K7RfloqK06dLJTd4be6qrBlodUMvzKlxUxVQmmLZTW9IhkOry4r6YI4laVTbkvb7fj13AZ89V7htxWyzec15NnR4bg5+uqwPBBTI71\/PPBtFnQwanAU5dSlVeK0tfNcOZspGGJbW4gb5ZxWhTL2cFweQEJzdCgFVOaPB2UIjX84Hi8WixFkTJWZtjfKaOVGMzVeNMNpTUaEcduYWs78eH9378F4d3\/sSeNPOLlpyVLzU3PjRz83xeDoUFeFoMXaFo8HRi7fDXD8aR2fpX9np4PuBNLowjpdlEF4vVTDvDVGQKuu4Mvhvd2DgfBu+r8wU0gTHg8GiNEslI8He3vfDUSpyBJ6OMAxxvLosjYGQaeIfuzWShpyrY9Rr1rv8QrhMj6F9Vh5HZaIZ3B1WBICSNDF6n1hgJ458CRKmTFkpGcQLFVbiGW7EbGReFXd\/fzNPx7s7+8\/gqpWGcNPu4\/ubhKFgkPJGCBQ5LUpgrip3cPDzInx0VfXq1s7oxMAkPAMHNHB9nUnAl99kB5nl5QBPVInrpKhdcpmToUgZm51O53T7udPTkRmtJ0jkFPA0Jgdoa1VDuIzKLcih9YcWTRvgX3L6npDJJyXDBH4LCgJosL+UJCrTObD6nc70wVvv1rdOsqKeKpjZBnvIZfsfffIk1SWtPrdUD5ZcSxhui7hEgQz6NoCPyHmt7hQoUTyCVsjsS3iE0biDN\/Xgb3jS3hY2YfiTE3nlP06U2L1Ps8t+UIa0xlHzgBKV7+yh1uXikah4mL4d1MCuWnS0mL4zos3hCx2InbA8Lzzzucj9QcxYuDs7T36S87tN3V6N81dn+3vViZkbAfZrQ7gKi6eGIlzWAMfbP+\/bP21snWSAjU3smmUaCjgELW6JVEiVY4OryNx0gOij0cQiM8mkEfimLvYp7KJM+QUmaGQ2T7CvFDI9xIiF8rN\/jBTPkT5RgLcATx+P+lMI8AXTuc5mmjqnLFrwsCcHwMsFktNGSq2zrRdKO0fiheU0wT5gjsrC93wSiwW1aY5VlSo361VJZrv119vfwblb1ChAWvVBgUvaogIVOOTWy\/OTv7VY\/gES5\/BwiWU4oNA6sKurKteVCddV+Qv9NTV4uxd5vRMnDh9o1K932EyIdpqgVjlTsFLpA\/RUqi+takLQGDZOvHMyTz4UOc5Tp452U5LHB41uBiJCx1YTAU0uTnvt0mZZG9nYvWbMFJc1e\/qIMWPTsNJpQzckMj2tdUEFUep4mPx9NSRQgvcPKEtRJkoV+CSNhIhPFQN4HUZsH14GeqmGU7aUKN26fkOYGPoOBSkizrUThCyODZeqLCQFHwKOjorlkyqBt5kFOiKRLaIZ5QFzAmZpe4SGE66tLHGXLewkCVHHPmOsXkySoUd4etMmpnAigXRPxc7a7ZcjFh7gh+546n0jZqBEqDAAQZwDapp0AXayAk1GE8lm\/GJpgBawUd73cUkmu0kQR+BmqvS+eEE5EMW5LBMsz\/3DhCDeglwCQriZ+vuGwAA0IIIbl5Uu1+V7J5ndZXp4bn1wbUVyUI41vB8om0uYRCgz\/lAPR2WfrQJ61j83NZNjhMBJxa1e80IyGbSKueByw20IPPYIjZlSfyH9uAP9FRAcAZXUXJ8qEr7kCBTI\/7SomSiXZeO7JSWtqtIX8ilV8CIn2tTV+iuDoG0s\/jxJZQbimHaIrYIvQske0GEHKztnnhO3y056Ura+XbKslNXe0DOccsiAMUSFRRQ56jVdhLpGzk5PVsxh7Ej8aK1kWTY3pvsNIN22+n+kB19qmmfIEeUaYi78PMkqc1UgYIVCCFZVBB1knYO\/oexZO0JERyG1z+8HLL13UqHMhL6pdevXq5++f7ZkKPXxbZDVaEWsN3TenFNwkAqFNdaVIqReIO4shudSLPQjOWu3je5Yg7N9SKWvQ+8UKjoByQiwePP4YQ3DelGD\/iT1Oh9QzITt6VWjHAjssRS1EZSnHy0iDApM2oNmXTsOh9nBXBDLoYV\/xX7km2pjRTJDegVhFtiNlhTrZl9Utz1TMoGhLTnn2Rpp96AQvEUgSMXqZlFJwBQHmiINQ+1JSNBNMZCOq+Fj1RYUnDfqILIKnIXgL+ze4ew6X2q2JEgz8hj0q5J30xw5Uolk79EfeMKrEYr9\/n6JB0VtjgyVPBMcjCKpyVUaNsNElRniVxQU4AJZNF5mQ4YTdkI1Ca3LYmqxCP4Ou3mcBNPcZkMSHauGu4T1FSvA+PXLCEH04bzqc94gPs8NqGXxEu4MXKcyFEWvZdHib3dXSAg9gLIVXHH6R1d1KipO6xuaQnSSzF22O03gFVPzOO4GbtYDM3mZMiKFzEabT6M+jfcZFNU0fml7fBKU8PPivBzKqkrwSHHdzxzx1KwJDTXeN+xRSFVdntE3CyqzVe\/E+cjLyzbbmb8nkpl4mj0JY0+Iur8yMVUgs60QXGI6YLdvqF6RIgrXM0HuUChWKrNDInekpUotY389AmijNJfEwmtWXO8gJnYMhVeZqrMU1Ot3hHLRbrNwU8QoA0CusEVZ5KMhOdKrOAZnV1kC+ZxFfVGo7pQA9BMlpNPZbxREo6qHlXvH2tMOpoAIiQX3a\/\/K5rZ1YNCdkZey9LE66KNgf3qXUMnMbO7BLR\/DXG5hqNSnsTNHbHxfOVF3RDF2Umiwayp0BkqYetRpvMgVrcZhUlTI+0NytQSaOYKRfKAZ0Psncs6dgJFITAJvSSeDo8ijnkaIcQky2AaPj+Mrvhyg1\/ozv03Z75pxPInh777X2bou2viB\/Pe\/b3d9by3\/+0\/WSXq+ZfVKqBmsSO+lMjhwe7u2739fRaNvxcDdiD5FCR9R2xV8u2QD\/iQNDdvt6lq3sACfhqIMU+1EQutwQ+jj\/bEY8yULlISB\/I5OxzjNX\/bx7fncjpHINX67QHedvWm7Heuv3+L70+eDlGsafTxJLTNrPbDFy3d5q4X3iNB5y\/WVxZEaYLO9VzSpZK3vH57veE+Nly3XHyRI5gVlJcVuvGCasB62Xd3lokJRjVD\/QbJYzfO8eAPlnHhs2ndmP30V0bVq7q5UgGOWVeK15pc1HE5TmQmxBtX2FQna8s8TjvKXpTaxHWPVRzTiXCUqXJgilr9SkJ4xojMb1Ez9+v1p4mYl8dPcFnRhthy18v6sWDZelTPZRyAaaTS8Vaxr+Xnlz+cnv+bSh0YI4YNIqBU9Bzfz3YlvlrfIND7OB+ny\/9NFTy2YTxQjpQwkaQ2jJdGMc\/zTns9r2P\/ZWYTiMWC5WA2cGrWLvnesWN5x9QyYrWmI\/HlW3fI4aYqNLfjmqcDRVNSDsICwlV5nqIwR\/KdJVHVU2pptIO9x1NRL\/BpS\/c8Ll5k1lnfMBwkNjmYxi1cIrb8uiwzyzs3Bq3fMcCJm60vEbt8AaNFuyCtW5jdmBp4puIoV2H771yeTCaXayziIQFj84LkEDbVtjiaHI7TX5Yi2L++7N97+Jb\/n9LdmFPQW8szIp058pHN\/8fEXj6xaWjXhA9XxBm151xxLmHGR4g2q\/c+9f1jpyqf7pP5xoKxmmYbukdI9+7gSb6ueHixaJnEcniMgue7\/w4QUcLIGSO1edfQVgCm6jGMubON1o7ijOpm8XKHphNG4nXLA5WraY5jjsx5EPr73Wdt09AVG2UtZTYQtfolcxQUv0MRIYx+YzPfPDrURy\/Ovz+7Ohzro\/gGs5m+SUT7rvP46hgVI4tOgeKFYtbBYz9D4z8=\" \/><\/form> \t<div class=\"pdf24Plugin-cp-link\"> \t\t<a href=\"#\" onclick=\"var pdf24Win = window.open('about:blank', 'pdf24PopWin', 'resizable=yes,scrollbars=yes,width=600,height=250,left='+(screen.width\/2-300)+',top='+(screen.height\/3-125)+''); pdf24Win.focus(); document.pdf24Form0.submit(); if(typeof pdf24OnCreatePDF === 'function'){void(pdf24OnCreatePDF(this,pdf24Win));} return false;\">Diesen Beitrag als PDF herunterladen<\/a> \t<\/div> <\/div>","protected":false},"excerpt":{"rendered":"<p>Auf dieser Seite behandel ich die typischen Fragen, die immer wieder bei dem einen oder anderem Smart Fahrer(in) oder Interessenten aufkommen. Smart ohne Funkfernbedienung verriegeln Sollte die Funkfernbedienung mal versagen, muss man als Smart Besitzer trotzdem die M\u00f6glichkeit haben, das Fahrzeug zu verriegeln. Um das Fahrzeug &#8222;manuell&#8220; zu verriegeln geht man wie folgt vor: Z\u00fcndung einschalten, die Verriegelungstaste auf dem Smart Armaturenbrett dr\u00fccken, LED blinkt schnell, innerhalb von f\u00fcnf Sekunden die Z\u00fcndung ausschalten und der Smart verriegelt selbst\u00e4ndig die T\u00fcren. [&hellip;]<\/p>\n","protected":false},"author":1,"featured_media":0,"parent":369,"menu_order":0,"comment_status":"closed","ping_status":"closed","template":"template-fullwidth.php","meta":{"ngg_post_thumbnail":0,"jetpack_post_was_ever_published":false,"footnotes":""},"class_list":["post-502","page","type-page","status-publish","hentry"],"jetpack_shortlink":"https:\/\/wp.me\/P4qNjn-86","jetpack_sharing_enabled":true,"jetpack_likes_enabled":true,"_links":{"self":[{"href":"https:\/\/www.marcelcuvelier.de\/index.php?rest_route=\/wp\/v2\/pages\/502","targetHints":{"allow":["GET"]}}],"collection":[{"href":"https:\/\/www.marcelcuvelier.de\/index.php?rest_route=\/wp\/v2\/pages"}],"about":[{"href":"https:\/\/www.marcelcuvelier.de\/index.php?rest_route=\/wp\/v2\/types\/page"}],"author":[{"embeddable":true,"href":"https:\/\/www.marcelcuvelier.de\/index.php?rest_route=\/wp\/v2\/users\/1"}],"replies":[{"embeddable":true,"href":"https:\/\/www.marcelcuvelier.de\/index.php?rest_route=%2Fwp%2Fv2%2Fcomments&post=502"}],"version-history":[{"count":3,"href":"https:\/\/www.marcelcuvelier.de\/index.php?rest_route=\/wp\/v2\/pages\/502\/revisions"}],"predecessor-version":[{"id":507,"href":"https:\/\/www.marcelcuvelier.de\/index.php?rest_route=\/wp\/v2\/pages\/502\/revisions\/507"}],"up":[{"embeddable":true,"href":"https:\/\/www.marcelcuvelier.de\/index.php?rest_route=\/wp\/v2\/pages\/369"}],"wp:attachment":[{"href":"https:\/\/www.marcelcuvelier.de\/index.php?rest_route=%2Fwp%2Fv2%2Fmedia&parent=502"}],"curies":[{"name":"wp","href":"https:\/\/api.w.org\/{rel}","templated":true}]}}