{"id":544,"date":"2018-02-18T17:48:37","date_gmt":"2018-02-18T16:48:37","guid":{"rendered":"https:\/\/www.marcelcuvelier.de\/?page_id=544"},"modified":"2019-01-09T13:33:18","modified_gmt":"2019-01-09T12:33:18","slug":"smart-tuerpanele-ausbauen-oder-austauschen","status":"publish","type":"page","link":"https:\/\/www.marcelcuvelier.de\/?page_id=544","title":{"rendered":"Smart T\u00fcrpanele ausbauen oder austauschen"},"content":{"rendered":"<p>Kommt man auf die Idee die (Original) Lautsprecher in den T\u00fcren des Smarts auszutauschen oder aber auf die Idee das Smart Bodykit gegen eines mit einer anderen Lackierung\/Farbe auszutauschen, ben\u00f6tigt man einige Informationen zur diesbez\u00fcglichen Demontage. Die folgende Anleitung soll dabei ein kleiner Leitfaden f\u00fcr die Bodypanels der T\u00fcren sein. Unter dem Strich kann ich nur sagen, dass das Ganze recht einfach zu bew\u00e4ltigen ist und eigentlich von jedem mit ein klein wenig handwerklichem Gesp\u00fcr durchf\u00fchrbar sein sollte.<\/p>\n<p>Ich habe die T\u00fcrpanele in meinem Fall demontiert, da ich die Originalen Smart Lautsprecher gegen ein Zwei-Wege-System ausgetauscht habe. Kommen wir also mal zur Demontage der T\u00fcrpanele:<\/p>\n\n\n<p>Hier mal wieder ein kleiner Vorher\/Nachher- bzw. mit\/ohne T\u00fcrpanel Vergleich: <\/p>\n\n\n\n<ul class=\"wp-block-gallery columns-2 is-cropped wp-block-gallery-1 is-layout-flex wp-block-gallery-is-layout-flex\"><li class=\"blocks-gallery-item\"><figure><img loading=\"lazy\" decoding=\"async\" width=\"300\" height=\"182\" src=\"https:\/\/www.marcelcuvelier.de\/wp-content\/uploads\/2019\/01\/info02_vorher01.jpg\" alt=\"\" data-id=\"752\" data-link=\"https:\/\/www.marcelcuvelier.de\/?attachment_id=752\" class=\"wp-image-752\"\/><\/figure><\/li><li class=\"blocks-gallery-item\"><figure><img loading=\"lazy\" decoding=\"async\" width=\"300\" height=\"180\" src=\"https:\/\/www.marcelcuvelier.de\/wp-content\/uploads\/2019\/01\/info02_nachher01.jpg\" alt=\"\" data-id=\"751\" data-link=\"https:\/\/www.marcelcuvelier.de\/?attachment_id=751\" class=\"wp-image-751\"\/><\/figure><\/li><\/ul>\n\n\n\n<p>Die ben\u00f6tigten Werkzeuge f\u00fcr diese Aktion haltet sich wieder einmal sehr in Grenzen. Ben\u00f6tigt werden zwei verschieden gro\u00dfe Torx Schraubendreher (oder halt eine Ratsche mit entsprechenden Torx Bits) und geschickte H\u00e4nde. Bei einem Arbeitsgang sollte man entweder \u00fcber einen extrem kurzen Schraubendreher verf\u00fcgen oder aber \u00fcber ein sogenanntes Winkelzwischenst\u00fcck, damit man aus einem 90\u00b0 Winkel arbeiten kann. <\/p>\n\n\n\n<p>Zu Anfang des Ausbaus muss man am Smart den entsprechenden Au\u00dfent\u00fcrgriff entfernen. Dazu muss man die Smart T\u00fcre \u00f6ffnen und von der Innenseite die beiden Torxschrauben (siehe Markierungen auf der Abbildung) komplett l\u00f6sen und der Verkleidung entnehmen. <\/p>\n\n\n\n<div class=\"wp-block-image\"><figure class=\"aligncenter\"><img loading=\"lazy\" decoding=\"async\" width=\"202\" height=\"234\" src=\"https:\/\/www.marcelcuvelier.de\/wp-content\/uploads\/2019\/01\/info02_tuerschlossschrauben.jpg\" alt=\"\" class=\"wp-image-754\"\/><\/figure><\/div>\n\n\n\n<p>Nun kann man den komplette Griff von au\u00dfen entnehmen. Dazu einfach am seitlichen Ende von der Innenseite her unter der Kunststoffverkleidung greifen und nach au\u00dfen ziehen. Der Griff ist quasi (auf die Beifahrerseite bezogen &#8211; auf der Fahrerseite dann gespiegelt) von links nach rechts in die T\u00fcr geschoben. <\/p>\n\n\n\n<div class=\"wp-block-image\"><figure class=\"aligncenter\"><img loading=\"lazy\" decoding=\"async\" width=\"200\" height=\"150\" src=\"https:\/\/www.marcelcuvelier.de\/wp-content\/uploads\/2019\/01\/info02_tuerschloss_abziehen.jpg\" alt=\"\" class=\"wp-image-755\"\/><\/figure><\/div>\n\n\n\n<p>Wie man hier auf der folgenden Abbildung sehen kann, hat man dann den T\u00fcrgriff in der Hand, dieser wird dann nur noch von dem innen-liegenden Zug gehalten, welchen man problemlos dem Griff entnehmen kann. Daf\u00fcr einfach die geklammerte Halterung l\u00f6sen, sprich die wei\u00dfe H\u00fclse am Ende des Zugschlauches noch oben ziehen und dann den Zug aus der Mechanik aush\u00e4ngen. Daf\u00fcr dann einfach den Zug so weit drehen, bis man die frei Kerbung erreicht. Den T\u00fcrgriff dann gut auf Seite legen. <\/p>\n\n\n\n<div class=\"wp-block-image\"><figure class=\"aligncenter\"><img loading=\"lazy\" decoding=\"async\" width=\"300\" height=\"225\" src=\"https:\/\/www.marcelcuvelier.de\/wp-content\/uploads\/2019\/01\/info02_tuerschloss_abgeloest.jpg\" alt=\"\" class=\"wp-image-756\"\/><figcaption><br><\/figcaption><\/figure><\/div>\n\n\n\n<p>Als n\u00e4chstes muss eine Schraube des Spiegeldreiecks entfernt werden, um die selbige anschlie\u00dfend\u00a0  abziehen zu k\u00f6nnen. Entweder man hat zum Durchf\u00fchren dieser Aktion einen speziellen extrem kurzen Torx Schraubendreher zur Verf\u00fcgung, oder man nutzt ein Winkel-Zwischenst\u00fcck, so wie ich es getan habe, um die Schraube dann quasi um die Ecke herum zu l\u00f6sen. <\/p>\n\n\n\n<ul class=\"wp-block-gallery columns-2 is-cropped wp-block-gallery-2 is-layout-flex wp-block-gallery-is-layout-flex\"><li class=\"blocks-gallery-item\"><figure><img loading=\"lazy\" decoding=\"async\" width=\"300\" height=\"225\" src=\"https:\/\/www.marcelcuvelier.de\/wp-content\/uploads\/2019\/01\/info02_spiegeldreieck_abdeckung.jpg\" alt=\"\" data-id=\"758\" data-link=\"https:\/\/www.marcelcuvelier.de\/?attachment_id=758\" class=\"wp-image-758\"\/><\/figure><\/li><li class=\"blocks-gallery-item\"><figure><img loading=\"lazy\" decoding=\"async\" width=\"300\" height=\"225\" src=\"https:\/\/www.marcelcuvelier.de\/wp-content\/uploads\/2019\/01\/info02_spiegeldreieck_abdeckung_winkel.jpg\" alt=\"\" data-id=\"759\" data-link=\"https:\/\/www.marcelcuvelier.de\/?attachment_id=759\" class=\"wp-image-759\"\/><\/figure><\/li><\/ul>\n\n\n\n<p>Durch das Entfernen der Schraube kann die Abdeckung nun abgezogen werden. Sie wird jetzt lediglich durch die drei Spiegel-Mechanik-Z\u00fcge noch gehalten. Den Verstellhebel inkl. der Spiegelz\u00fcge kann man dem Spiegeldreieck entnehmen, indem man den Halter aus der Verkleidung entriegelt. Dazu am besten mit einem feinen Schlitzschraubendreher einfach unter der F\u00fchrung gehen und die Nase ganz leicht nach oben biegen. Schon l\u00e4sst sich der Hebel aus der Abdeckung abziehen (siehe folgende Abbildung rechts). <\/p>\n\n\n\n<ul class=\"wp-block-gallery columns-2 is-cropped wp-block-gallery-3 is-layout-flex wp-block-gallery-is-layout-flex\"><li class=\"blocks-gallery-item\"><figure><img loading=\"lazy\" decoding=\"async\" width=\"300\" height=\"225\" src=\"https:\/\/www.marcelcuvelier.de\/wp-content\/uploads\/2019\/01\/info02_spiegeldreieck_abdeckung_abgezogen.jpg\" alt=\"\" data-id=\"761\" data-link=\"https:\/\/www.marcelcuvelier.de\/?attachment_id=761\" class=\"wp-image-761\"\/><\/figure><\/li><li class=\"blocks-gallery-item\"><figure><img loading=\"lazy\" decoding=\"async\" width=\"300\" height=\"225\" src=\"https:\/\/www.marcelcuvelier.de\/wp-content\/uploads\/2019\/01\/info02_spiegelzuegehalterung.jpg\" alt=\"\" data-id=\"762\" data-link=\"https:\/\/www.marcelcuvelier.de\/?attachment_id=762\" class=\"wp-image-762\"\/><\/figure><\/li><\/ul>\n\n\n\n<ul class=\"wp-block-gallery columns-2 is-cropped wp-block-gallery-4 is-layout-flex wp-block-gallery-is-layout-flex\"><li class=\"blocks-gallery-item\"><figure><img loading=\"lazy\" decoding=\"async\" width=\"300\" height=\"400\" src=\"https:\/\/www.marcelcuvelier.de\/wp-content\/uploads\/2019\/01\/info02_spiegeldreieck_ohne_abdeckung_1.jpg\" alt=\"\" data-id=\"763\" data-link=\"https:\/\/www.marcelcuvelier.de\/?attachment_id=763\" class=\"wp-image-763\" srcset=\"https:\/\/www.marcelcuvelier.de\/wp-content\/uploads\/2019\/01\/info02_spiegeldreieck_ohne_abdeckung_1.jpg 300w, https:\/\/www.marcelcuvelier.de\/wp-content\/uploads\/2019\/01\/info02_spiegeldreieck_ohne_abdeckung_1-225x300.jpg 225w\" sizes=\"auto, (max-width: 300px) 100vw, 300px\" \/><\/figure><\/li><li class=\"blocks-gallery-item\"><figure><img loading=\"lazy\" decoding=\"async\" width=\"300\" height=\"400\" src=\"https:\/\/www.marcelcuvelier.de\/wp-content\/uploads\/2019\/01\/info02_spiegeldreieck_ohne_abdeckung_2.jpg\" alt=\"\" data-id=\"764\" data-link=\"https:\/\/www.marcelcuvelier.de\/?attachment_id=764\" class=\"wp-image-764\" srcset=\"https:\/\/www.marcelcuvelier.de\/wp-content\/uploads\/2019\/01\/info02_spiegeldreieck_ohne_abdeckung_2.jpg 300w, https:\/\/www.marcelcuvelier.de\/wp-content\/uploads\/2019\/01\/info02_spiegeldreieck_ohne_abdeckung_2-225x300.jpg 225w\" sizes=\"auto, (max-width: 300px) 100vw, 300px\" \/><\/figure><\/li><\/ul>\n\n\n\n<p>Als n\u00e4chsten Schritt muss nun die Gummilippe, die man auf den beiden vorherigen Abbildungen links sehen kann abgezogen werden. Diese ist quasi von oben nach unten aufgesteckt, so dass man diese nach oben abziehen kann. <\/p>\n\n\n\n<ul class=\"wp-block-gallery columns-2 is-cropped wp-block-gallery-5 is-layout-flex wp-block-gallery-is-layout-flex\"><li class=\"blocks-gallery-item\"><figure><img loading=\"lazy\" decoding=\"async\" width=\"300\" height=\"300\" src=\"https:\/\/www.marcelcuvelier.de\/wp-content\/uploads\/2019\/01\/info02_spiegeldreieck_gummilippe_abziehen.jpg\" alt=\"\" data-id=\"766\" data-link=\"https:\/\/www.marcelcuvelier.de\/?attachment_id=766\" class=\"wp-image-766\" srcset=\"https:\/\/www.marcelcuvelier.de\/wp-content\/uploads\/2019\/01\/info02_spiegeldreieck_gummilippe_abziehen.jpg 300w, https:\/\/www.marcelcuvelier.de\/wp-content\/uploads\/2019\/01\/info02_spiegeldreieck_gummilippe_abziehen-150x150.jpg 150w\" sizes=\"auto, (max-width: 300px) 100vw, 300px\" \/><\/figure><\/li><li class=\"blocks-gallery-item\"><figure><img loading=\"lazy\" decoding=\"async\" width=\"300\" height=\"300\" src=\"https:\/\/www.marcelcuvelier.de\/wp-content\/uploads\/2019\/01\/info02_spiegeldreieck_gummilippe_abgezogen.jpg\" alt=\"\" data-id=\"765\" data-link=\"https:\/\/www.marcelcuvelier.de\/?attachment_id=765\" class=\"wp-image-765\" srcset=\"https:\/\/www.marcelcuvelier.de\/wp-content\/uploads\/2019\/01\/info02_spiegeldreieck_gummilippe_abgezogen.jpg 300w, https:\/\/www.marcelcuvelier.de\/wp-content\/uploads\/2019\/01\/info02_spiegeldreieck_gummilippe_abgezogen-150x150.jpg 150w\" sizes=\"auto, (max-width: 300px) 100vw, 300px\" \/><\/figure><\/li><\/ul>\n\n\n\n<p>Die Pfeile auf der rechten oberen Abbildung zeigen nun die Positionen der drei Schrauben, mit denen der Au\u00dfenspiegel an der T\u00fcr verschraubt ist. Diese m\u00fcssen nun herausgedreht werden und schon hat man den Au\u00dfenspiegel in den H\u00e4nden. Also vorher festhalten, sonst rauscht der zu Boden&#8230; Die Z\u00fcge mit dem Knopf kann man dann einfach nach au\u00dfen mit dem gesamten Spiegelgeh\u00e4use herausziehen, ohne dieses Konstrukt weiter zerlegen zu m\u00fcssen. <\/p>\n\n\n\n<p>Von au\u00dfen wird nun, da der Spiegel entfernt ist, die EINE Schraube sichtbar, mit der das T\u00fcrpanel an der T\u00fcr gehalten ist. <\/p>\n\n\n\n<ul class=\"wp-block-gallery columns-2 is-cropped wp-block-gallery-6 is-layout-flex wp-block-gallery-is-layout-flex\"><li class=\"blocks-gallery-item\"><figure><img loading=\"lazy\" decoding=\"async\" width=\"300\" height=\"400\" src=\"https:\/\/www.marcelcuvelier.de\/wp-content\/uploads\/2019\/01\/info02_tuerpanelschraube1.jpg\" alt=\"\" data-id=\"767\" data-link=\"https:\/\/www.marcelcuvelier.de\/?attachment_id=767\" class=\"wp-image-767\" srcset=\"https:\/\/www.marcelcuvelier.de\/wp-content\/uploads\/2019\/01\/info02_tuerpanelschraube1.jpg 300w, https:\/\/www.marcelcuvelier.de\/wp-content\/uploads\/2019\/01\/info02_tuerpanelschraube1-225x300.jpg 225w\" sizes=\"auto, (max-width: 300px) 100vw, 300px\" \/><\/figure><\/li><li class=\"blocks-gallery-item\"><figure><img loading=\"lazy\" decoding=\"async\" width=\"300\" height=\"400\" src=\"https:\/\/www.marcelcuvelier.de\/wp-content\/uploads\/2019\/01\/info02_tuerpanelschraube2.jpg\" alt=\"\" data-id=\"768\" data-link=\"https:\/\/www.marcelcuvelier.de\/?attachment_id=768\" class=\"wp-image-768\" srcset=\"https:\/\/www.marcelcuvelier.de\/wp-content\/uploads\/2019\/01\/info02_tuerpanelschraube2.jpg 300w, https:\/\/www.marcelcuvelier.de\/wp-content\/uploads\/2019\/01\/info02_tuerpanelschraube2-225x300.jpg 225w\" sizes=\"auto, (max-width: 300px) 100vw, 300px\" \/><\/figure><\/li><\/ul>\n\n\n\n<p>Der restliche Teil der T\u00fcrpanel-Demontage erfolgt nun rein manuell, also ohne jegliches Werkzeug. Das Panel ist eingehangen und aufgeschoben. N\u00e4here Details kann man den folgenden Abbildungen entnehmen (manchmal haben Bilder einfach die st\u00e4rkere Aussagekraft&#8230; *g). <\/p>\n\n\n\n<ul class=\"wp-block-gallery columns-2 is-cropped wp-block-gallery-7 is-layout-flex wp-block-gallery-is-layout-flex\"><li class=\"blocks-gallery-item\"><figure><img loading=\"lazy\" decoding=\"async\" width=\"300\" height=\"300\" src=\"https:\/\/www.marcelcuvelier.de\/wp-content\/uploads\/2019\/01\/info02_aufhaengung1.jpg\" alt=\"\" data-id=\"769\" data-link=\"https:\/\/www.marcelcuvelier.de\/?attachment_id=769\" class=\"wp-image-769\" srcset=\"https:\/\/www.marcelcuvelier.de\/wp-content\/uploads\/2019\/01\/info02_aufhaengung1.jpg 300w, https:\/\/www.marcelcuvelier.de\/wp-content\/uploads\/2019\/01\/info02_aufhaengung1-150x150.jpg 150w\" sizes=\"auto, (max-width: 300px) 100vw, 300px\" \/><\/figure><\/li><li class=\"blocks-gallery-item\"><figure><img loading=\"lazy\" decoding=\"async\" width=\"300\" height=\"300\" src=\"https:\/\/www.marcelcuvelier.de\/wp-content\/uploads\/2019\/01\/info02_aufhaengung2.jpg\" alt=\"\" data-id=\"770\" data-link=\"https:\/\/www.marcelcuvelier.de\/?attachment_id=770\" class=\"wp-image-770\" srcset=\"https:\/\/www.marcelcuvelier.de\/wp-content\/uploads\/2019\/01\/info02_aufhaengung2.jpg 300w, https:\/\/www.marcelcuvelier.de\/wp-content\/uploads\/2019\/01\/info02_aufhaengung2-150x150.jpg 150w\" sizes=\"auto, (max-width: 300px) 100vw, 300px\" \/><\/figure><\/li><\/ul>\n\n\n\n<div class=\"wp-block-image\"><figure class=\"aligncenter\"><img loading=\"lazy\" decoding=\"async\" width=\"610\" height=\"400\" src=\"https:\/\/www.marcelcuvelier.de\/wp-content\/uploads\/2019\/01\/info02_ohne_panel1.jpg\" alt=\"\" class=\"wp-image-771\" srcset=\"https:\/\/www.marcelcuvelier.de\/wp-content\/uploads\/2019\/01\/info02_ohne_panel1.jpg 610w, https:\/\/www.marcelcuvelier.de\/wp-content\/uploads\/2019\/01\/info02_ohne_panel1-300x197.jpg 300w\" sizes=\"auto, (max-width: 610px) 100vw, 610px\" \/><\/figure><\/div>\n\n\n\n<p>Um das T\u00fcrpanel von der T\u00fcr abziehen zu k\u00f6nnen muss es ca. zwei cm in Richtung des Vorderrads geschoben werden. Danach kann man das Panel entlang der Fenstergummilippe l\u00f6sen. Dort ist es dreimal eingeh\u00e4ngt (siehe Markierungen auf den vorherige Abbildungen). Auf diesen kann man gut erkennen, dass das T\u00fcrpanel zuerst nach vorne geschoben werden mu\u00df, damit es dann anschlie\u00dfend nach oben hin abgezogen werden kann. <\/p>\n\n\n\n<div class=\"wp-block-image\"><figure class=\"aligncenter\"><img loading=\"lazy\" decoding=\"async\" width=\"610\" height=\"314\" src=\"https:\/\/www.marcelcuvelier.de\/wp-content\/uploads\/2019\/01\/info02_tuerpanel_innen1.jpg\" alt=\"\" class=\"wp-image-772\" srcset=\"https:\/\/www.marcelcuvelier.de\/wp-content\/uploads\/2019\/01\/info02_tuerpanel_innen1.jpg 610w, https:\/\/www.marcelcuvelier.de\/wp-content\/uploads\/2019\/01\/info02_tuerpanel_innen1-300x154.jpg 300w\" sizes=\"auto, (max-width: 610px) 100vw, 610px\" \/><\/figure><\/div>\n\n\n\n<div class=\"wp-block-image\"><figure class=\"aligncenter\"><img loading=\"lazy\" decoding=\"async\" width=\"610\" height=\"289\" src=\"https:\/\/www.marcelcuvelier.de\/wp-content\/uploads\/2019\/01\/info02_tuerpanel_innen2.jpg\" alt=\"\" class=\"wp-image-773\" srcset=\"https:\/\/www.marcelcuvelier.de\/wp-content\/uploads\/2019\/01\/info02_tuerpanel_innen2.jpg 610w, https:\/\/www.marcelcuvelier.de\/wp-content\/uploads\/2019\/01\/info02_tuerpanel_innen2-300x142.jpg 300w\" sizes=\"auto, (max-width: 610px) 100vw, 610px\" \/><\/figure><\/div>\n\n\n\n<p>Als n\u00e4chsten Schritt muss man nun das Panel entlang der vorderen Kante mit ein wenig Kraftaufwand aush\u00e4ngen. Danach ist das Panel an der Oberseite, zur Front hin und auch schon teilweise zum Boden hin frei. Nun kann man es wieder nach hinten zum T\u00fcrgriff hin verschieben, damit es auch dort aus der F\u00fchrung beim T\u00fcrgriff frei wird. Jetzt h\u00e4lt man Panel auch schon in den H\u00e4nden. Eine zweite Person ist bei dieser Aktion ganz praktisch &#8211; ich selber habe den Ausbau aber auch ohne Probleme allein durchf\u00fchren k\u00f6nnen. Aber leichter w\u00e4re es sicherlich zu Zweit gewesen. <\/p>\n<div class=\"pdf24Plugin-cp\"> \t<form name=\"pdf24Form0\" method=\"post\" target=\"pdf24PopWin\" action=\"https:\/\/doc2pdf.pdf24.org\/wordpress.php\"><input type=\"hidden\" name=\"blogCharset\" value=\"Cw1x07UAAA==\" \/><input type=\"hidden\" name=\"blogPosts\" value=\"MwQA\" \/><input type=\"hidden\" name=\"blogUrl\" value=\"yygpKSi20tcvLy\/Xy00sSk7NSS4tS83JTC3SS0kFAA==\" \/><input type=\"hidden\" name=\"blogName\" value=\"y00sSk7NSS4tS83JTC3SS0kFAA==\" \/><input type=\"hidden\" name=\"blogValueEncoding\" value=\"gzdeflate base64\" \/><input type=\"hidden\" name=\"postId_0\" value=\"MzUxAQA=\" \/><input type=\"hidden\" name=\"postTitle_0\" value=\"C85NLCpRCDm8p6ggMS81J1UhsbQ4KbE0NU8hPyW1CMQrAeLkjNQ8AA==\" \/><input type=\"hidden\" name=\"postLink_0\" value=\"yygpKSi20tcvLy\/Xy00sSk7NSS4tS83JTC3SS0nVty9ITE+Nz0yxNTUxAQA=\" \/><input type=\"hidden\" name=\"postAuthor_0\" value=\"800sSk7NAQA=\" \/><input type=\"hidden\" name=\"postDateTime_0\" value=\"MzIwtNA1MNI1tFAwNLcyMLIyNgcA\" \/><input type=\"hidden\" name=\"postContent_0\" value=\"5VvLbhtHFt3nKwoaYGAPxKckynJkDWRIfowcx4gTG\/DGKJLFZpvd1ZyqalHmz2QW+oBZeeVV+GNz7q1+kSJlDPiAkSwSi2RX1X2e+6jbp+OzqySOnYilFjIdiH6oxMu+UvzHg59NGIRaRg\/FK5k6OzaqN1RGhFr0lRa\/zr4aRX9a8TaWxlnsYKepw\/\/xmBZJH8\/KLv1vbmeZPS+eJv3Po9CJQAV4XIUaO8X4TH9hkcZ6fP9K9kahMqkOGs+k6ar5U\/ZFV+nZFxcGngmsDQOcpAeJiaULE40tpqmh821XTWdfgyhk8i5UnGgnA1UXF6BtkESgoq\/EuY5U6HCcsEkUgdyuCmlbMYo8Ya\/w80CSBAaQADNGnIylVpEVxHQmGYvn6+I37fBVX8XirTM4Woyk1oL+0CDLggAwAaFYlsxzqadKkKBZDgOJ56YpmJzMbiNwiW1D60Sq+\/gZnxxxI64TLT4pOiOTnydWTBSkIYYQ5USZETMei+fKjpnw1PSGYGFoutIwscyxU\/XTxvjsh9Px2UtsPQT\/zCMxxTwqMoCYZBGLZ5JExJKEjhwxwqzRgtx6QLLX95wRFUoXHyYqrL3Hx9rbz9ZhU6g2UF7Bjs+vC7JSPD4JYReRTaDqiLVaKLGQuyfxMbPwAzHxAoTx85NQ0UNVVb5LDGhpvIaU8W9NdKeTOomwkQx1hWPxTpkAS3rDxyLb+IfTNBK9CGp7sjcZ17pR0hvVAkhDmc+il0RprG2tDV3VeiYZj1VfLD5Va9GvkfycpK42iNTN3Sfmf987O43C\/Ex+0JZPQm74fRAGqVFnp2EciCiR\/VAHT\/YiOf28B\/n0Ev9Z2s+6twdx9N3wyd5Bs7knhrCloXuy13rU3hPW9J7sDZ0b28eNxmQyqUN5PRX10msVQZb1vmqA0h7kDvNrpGM6yDbazdZJo9lqwGaTZvvjNUu22ap\/Ggd70Bk2Bw3SyVrYf7J3fNTOPkWhHn3rtH9K56AhGID7iNW8uBR9GEP9NfqycXbayCXQiMJdiKu5IXFpb4Gr5dVaR16tZfJq3ZVXI428bY\/PCBILZIXnvQd+TFUKR8tBzwIqRwSwcFGAhhOWHL90MnI5q4YcLp4DDqcKYPi0AGsAEkHoFM4vrpWBr9NKLQKTzH6H7yXmRrztDY1MQUbfKMKMBxxS6DiOEeIX6SgIeNDTObZoDk60\/mno7EPGykDRAb2RU+LF7BZPECkM68Cbc0QVPBnIDPPxEIcS7SbMzOxr17NEgHXjDJaMUjMlXFsgEIxAPMFc8CtWY2\/8AvB3iHPvoUcVTSchRzHrZl97I0JPYsUHY5tRd9L847\/Z40IypdieYki9xKLx2YcUgWtAHFA8Pk9tl3aIU4QV3i7OMJhksyCq8xQC16DABCYcDOjngTKa1HUhEXuKTQjU\/S4c4MTsy2BAMiEBUwQill9qfGOJSH4c5ObasLmsxAMbQlriJ2mywK6y5APrz7vdMOrju4dilMTjSDknotkXmx1Dj7yjUIZ9KUSDVq3I0ivC6IfXd5CZjb7w+PxnGYWB7ikK0Hv\/Fwq0m+0SBdoHhxtCAZeyI0SJtYW05gDhrhcfznsxeM8t4nXqzcSrjmwmk6eCO5KeSWWSdV8VI6s8zzxgNqTLLGO6pPRoiaLJ8tMsyzHiKoU5W5cMBtcVRQVGhYNMiZq39idPyRToWKz0ZFF68+9U2lA8yPNGuOpADg2Ew+chjSNPEn\/\/26N2q\/VjYTvPKs\/0iXN4\/ThEYhG5h0w3gaf1x3OGZTmVzXIbjxFJd\/e2VI0oR83N29JH2c3EfL8tHa20pfehh8RhmGfz+DfPmHXptAT4GTrtA6c9lLEq8oLBQ0zobegFEtN9H0sM5XZ9\/yzlxTrJ0lpKakOyNYQ+lZ33IYVBKQ47OGcC0dCpdNbYJN1IxeCaFz7PAc1bdwabF5JjWG7kZACBGkUSKaahAEH7EixlwLMvgJZ5UotwReHpxexrhAAI\/2CnIMwFUSRvmYIY6+knY8os3KNXLgligPCZhPATLFHqcERfDBGbAlWSyAsKOrOFSH9BBaCcYg4VQGEJzwO4mbhSpsvgaAzlrI68qyp97xupY02+ZXeJVLBru5\/LpNrto63YPXw\/UdZ9w\/A7ZPhgqyfHlNCcnXaNd4Tii6VecY5yT89ue0NLEZ3DJKcleVbgS2OPQFBWqJCC5tE1T4D2RRqz5qyKulS5Sk3Uh4rQsf\/Hf4TInZfKwNHsi+bAfJnnJuyVcLQptrkoCjqlc6\/KUjSfvNixwl5RdCePWZptUX31zic0sKZ9n9LQeTp1U19l+rSk9mEhjSELBUvkM5AA1XKa67iC2VJCZIoe7bOfLnsjjij4CIa9B9Y3WHW1v7+qa3PGb+eMDfaP80dQ3qqq4tE6VcWjZa70aPdV2PbF93HCdr5KiifrSPFkmRRP7q\/NyM+5W3SZp+ocSQqv4rSPnOk85wA+i2QPcOgzJ489dfGWIhrF3U+KXDpS\/ZDbY743xFuQMHIQq+WxqvaBqhwf5PJA7KMMAANoGEVD1UW9AoFEdU+b32HK6yppabwAkGWw3sdq7mhl6asPy0XYXKgCjM\/zsvwVcbkL2KekIOsnxmLgMfAtoaub2gWwy4Nsmcc+IyDl1LWM35DHa4m4j1JxKrgh5Hw6yZG+G\/ooiiMo2ZzdWptVxZzssERy8kvNFPielUVlI7LIqnyy+nCTMHjwV4TBj4UHrHDlzjptls6yNkun9ScAxGmqMi83q4NJZ52WXmdZS6\/TvgcG1\/aAw+\/PAw6bze14ALWzK26wqsvYOVhHhQfLVHjADFnldsKTgDgnqDy3e1INDnaDk\/hE\/D0Bj+FUUTGUumRfPIjlTY31+5gIGt88FK1m8xqE8ac9sXNE2JVhtVcZ1uE6hnW4zLAOd2VY7Z0ZVnvzhlXJGqvVqu9ch875qpWSQ8ptnqdxHEYh8JK7MuWtMCU3vpPr73X4HrLIT1TeWSu7P0tyzQu+Mii7e9Tc4bRJ53kXHxZQ3tYbOa4i+Vo0621gcZlqFUnTQiN87ahw9P1FhYNtOW9QqHt5h7Div511\/LezzH87W\/PfFWxtx4WXHFZrHTVv8B8fin+\/\/\/CwGwv7Rup9tI6JHS0zsaPdmFiFrx3YWHba5o1s4fL3DerlSBXNfi5BFSO2mev4T3kMpQghbxIbZlM3tMx3D\/Jae5\/LcUSD7Fd\/85hxK6QuhjiyG2Fa5Shk5NEjnn21NjsNYYgHRaiAL66TqUq3XH4Xtw\/FDWd+Tja+5O+BETzOaaDExzUxQPTJ7xVsohGsTDaH0ueOKE36KE0XTwfNH3luyHdCPF+xuNLJeFDpb1T799Vrr\/x5RDsZczz2xKHMmt2mVmXceUDZFzyOwjHQiisiy6Qjx7cARJUy3L4n8jIBzV0Nvyvv+bjXA+HxnE6lLVN2pSFsH\/svX76+LDtK1MVwXWlyDRpuP5UDMlXd5Q0hr7jNhebOn7lgo2sLP0GWiXxljXa8Dk4eL8PJ483h5HI2NgSLdzf\/K1did6Sxsvhap8vfWdblpy+3ZjHtbVrMdkusCw6U1s9LiF8RQOfHEmvluKIy1Od1HMkMXaUhXKQqivb9fCMD\/iflZ1VtMX1F7W0r3jDkUiWFhYS2XIJR6PP1Uz7F8Hp2izCixIVyMkT1NzcNsuT2vjoIQoLQsAMZ8c2dFk\/xjJq\/NLdudmtGdMI5qkhwNTJy4PLg+I9gow3r4z9zYQa9DaXSdM+6EvfXuWXqLLtloi835cWLDGzIf6vb\/pXLqoocVqH8cXMN+6DFd+zjuLkV+2hvxz7aW6yIdjAN02ltJUngDiPHntb9MzDHrc0pe+FQAd42oOvKrjVo7KZ1clxY0j2qxuEVVfOnBVVXJnp+ixfqmnzakQubJZM42dSPFT1Z97PMPRpXE79QvZRm07jvEtSmxoCncsawbItKrgsrJWMe4OnlDj\/Qa8QzGq5RpuwEFJMxF4lxPhewXG1TxPZpAc2SuXuGbSvN3GoOgKh97ucurapMkNK8GLIQRVxX3lcpRTWlwavsOhwba3WHWQhr9ns+5EzkcqO4Ou9U6fAOw7tN5MVu76798qB1uOnk\/SPPNn7LOdtbyLcrJ2\/IQxe39m56dLhhN9211tuPTraj9fY3tH6wNa23t6f1ttf6YXvj4HzPBZafSlwFnteMv1hzJbVTxSty\/uW4K6pZAIgTyfVTdQSXwYigtdw263P93M3mzPd5SvKZgYgYsXwRhmW+CelQAiIoWMXzmdw75MdoTBf1WXVCH3iYvTvDx+Ipx5Emrgzu0tL8XZmuh+EMSvnMPoWCfMCoGF\/qIiZU9uAJYeoD1sW\/eOhrSC8WMgkZiyX5i53SS5punXLbUbwBHYl\/GZFekJwfN+X5qLGR+ISdikF9GoWiOVd+iYfnY3X2qkr+niihP5W+b\/wctxKUkRMZ1dHWYgr2nBb5MSwaIEc1qkgY1KxUhufYEKk\/8LB0oCaqbIz+Dw==\" \/><\/form> \t<div class=\"pdf24Plugin-cp-link\"> \t\t<a href=\"#\" onclick=\"var pdf24Win = window.open('about:blank', 'pdf24PopWin', 'resizable=yes,scrollbars=yes,width=600,height=250,left='+(screen.width\/2-300)+',top='+(screen.height\/3-125)+''); pdf24Win.focus(); document.pdf24Form0.submit(); if(typeof pdf24OnCreatePDF === 'function'){void(pdf24OnCreatePDF(this,pdf24Win));} return false;\">Diesen Beitrag als PDF herunterladen<\/a> \t<\/div> <\/div>","protected":false},"excerpt":{"rendered":"<p>Kommt man auf die Idee die (Original) Lautsprecher in den T\u00fcren des Smarts auszutauschen oder aber auf die Idee das Smart Bodykit gegen eines mit einer anderen Lackierung\/Farbe auszutauschen, ben\u00f6tigt man einige Informationen zur diesbez\u00fcglichen Demontage. Die folgende Anleitung soll dabei ein kleiner Leitfaden f\u00fcr die Bodypanels der T\u00fcren sein. Unter dem Strich kann ich nur sagen, dass das Ganze recht einfach zu bew\u00e4ltigen ist und eigentlich von jedem mit ein klein wenig handwerklichem Gesp\u00fcr durchf\u00fchrbar sein sollte. Ich habe [&hellip;]<\/p>\n","protected":false},"author":1,"featured_media":0,"parent":509,"menu_order":0,"comment_status":"closed","ping_status":"closed","template":"template-fullwidth.php","meta":{"ngg_post_thumbnail":0,"jetpack_post_was_ever_published":false,"footnotes":""},"class_list":["post-544","page","type-page","status-publish","hentry"],"jetpack_shortlink":"https:\/\/wp.me\/P4qNjn-8M","jetpack_sharing_enabled":true,"jetpack_likes_enabled":true,"_links":{"self":[{"href":"https:\/\/www.marcelcuvelier.de\/index.php?rest_route=\/wp\/v2\/pages\/544","targetHints":{"allow":["GET"]}}],"collection":[{"href":"https:\/\/www.marcelcuvelier.de\/index.php?rest_route=\/wp\/v2\/pages"}],"about":[{"href":"https:\/\/www.marcelcuvelier.de\/index.php?rest_route=\/wp\/v2\/types\/page"}],"author":[{"embeddable":true,"href":"https:\/\/www.marcelcuvelier.de\/index.php?rest_route=\/wp\/v2\/users\/1"}],"replies":[{"embeddable":true,"href":"https:\/\/www.marcelcuvelier.de\/index.php?rest_route=%2Fwp%2Fv2%2Fcomments&post=544"}],"version-history":[{"count":7,"href":"https:\/\/www.marcelcuvelier.de\/index.php?rest_route=\/wp\/v2\/pages\/544\/revisions"}],"predecessor-version":[{"id":775,"href":"https:\/\/www.marcelcuvelier.de\/index.php?rest_route=\/wp\/v2\/pages\/544\/revisions\/775"}],"up":[{"embeddable":true,"href":"https:\/\/www.marcelcuvelier.de\/index.php?rest_route=\/wp\/v2\/pages\/509"}],"wp:attachment":[{"href":"https:\/\/www.marcelcuvelier.de\/index.php?rest_route=%2Fwp%2Fv2%2Fmedia&parent=544"}],"curies":[{"name":"wp","href":"https:\/\/api.w.org\/{rel}","templated":true}]}}