{"id":613,"date":"2019-01-08T17:32:17","date_gmt":"2019-01-08T16:32:17","guid":{"rendered":"https:\/\/www.marcelcuvelier.de\/?page_id=613"},"modified":"2019-01-08T17:32:17","modified_gmt":"2019-01-08T16:32:17","slug":"austausch-heckklappenleiste-gegen-2004er-version-ohne-loewe","status":"publish","type":"page","link":"https:\/\/www.marcelcuvelier.de\/?page_id=613","title":{"rendered":"Austausch Heckklappenleiste gegen 2004er Version ohne L\u00f6we"},"content":{"rendered":"\n<p>F\u00fcr diejenigen unter euch, die den nachfolgenden Umbau bzw. Umtausch der Heckklappenleiste auch durchf\u00fchren wollen, hier zu Anfang mal die Original Peugeot Teilenummern:<\/p>\n\n\n\n<ul class=\"wp-block-list\"><li>Heckklappenleiste Version 2004:\u00a0<strong>8742.F6<\/strong>\u00a0und<\/li><li>Lackset (Schwarzer Lack &amp; Klarlack):\u00a0<strong>9861.A6<\/strong> <br><\/li><\/ul>\n\n\n\n<p>Die Gesamtmaterialkosten f\u00fcr die Leiste und dem lack lagen im Sommer 2004 bei ca. 39,&#8211; \u20ac, damit Ihr mal eine ungef\u00e4hre Hausnummer habt, was die Kosten angehen. <\/p>\n\n\n\n<figure class=\"wp-block-image\"><img loading=\"lazy\" decoding=\"async\" width=\"595\" height=\"75\" src=\"https:\/\/www.marcelcuvelier.de\/wp-content\/uploads\/2019\/01\/info16_neue_leiste_grundiert.jpg\" alt=\"\" class=\"wp-image-614\" srcset=\"https:\/\/www.marcelcuvelier.de\/wp-content\/uploads\/2019\/01\/info16_neue_leiste_grundiert.jpg 595w, https:\/\/www.marcelcuvelier.de\/wp-content\/uploads\/2019\/01\/info16_neue_leiste_grundiert-300x38.jpg 300w\" sizes=\"auto, (max-width: 595px) 100vw, 595px\" \/><\/figure>\n\n\n\n<p>Die neue Heckleiste ist nat\u00fcrlich nur grundiert und somit noch nicht lackiert. Die beste Variante ist, Ihr lasst die Leiste beim Lackierer lacken oder Ihr versucht selber euer Gl\u00fcck und kauft euch den passenden Lack beim Peugeot H\u00e4ndler. Nehmt Ihr die Lackierung wie ich selber vor, solltet Ihr euch einen gut bel\u00fcfteten Raum aussuchen, der staubarm und nicht feucht ist, damit der frische Lack gut trocknen kann. <\/p>\n\n\n\n<div class=\"wp-block-image\"><figure class=\"aligncenter\"><img loading=\"lazy\" decoding=\"async\" width=\"204\" height=\"249\" src=\"https:\/\/www.marcelcuvelier.de\/wp-content\/uploads\/2019\/01\/info16_peugeot_lack_set.jpg\" alt=\"\" class=\"wp-image-615\"\/><\/figure><\/div>\n\n\n\n<p>Den Platz rund um die Leiste solltet Ihr gro\u00dfz\u00fcgig mit Papier (daf\u00fcr eignen sich alte Zeitungen sehr gut) abdecken bzw. abkleben. Beim Lackieren solltet Ihr ca. 20 &#8211; 25 cm Abstand zur Leiste einhalten. Vorher ist die jeweilige Lackdose mindestens drei Minuten lang gut zu sch\u00fctteln. Dann sollte man mehrere d\u00fcnne Schichten Lack aufspr\u00fchen. Dabei auf keinen Fall \u00fcbertreiben. Es sollte sich jeweils immer nur ein Nebel auf dem zu lackierenden Material ablegen, damit sich keine &#8222;L\u00e4ufer&#8220; bilden. Ich habe zwischen den einzelnen Schichten immer mindestens zwei Minuten zum Antrocknen vergehen lassen. Insgesamt habe ich die Heckklappenleiste mit dem schwarzen Lack sechs Mal lackiert und dann ca. 24 Stunden trocknen lassen. Anschlie\u00dfend habe ich die Leiste dann im gleichen Verfahren ebenfalls sechs Mal mit dem Klarlack lackiert. <\/p>\n\n\n\n<div class=\"wp-block-image\"><figure class=\"aligncenter\"><img loading=\"lazy\" decoding=\"async\" width=\"276\" height=\"70\" src=\"https:\/\/www.marcelcuvelier.de\/wp-content\/uploads\/2019\/01\/info16_lacken1.jpg\" alt=\"\" class=\"wp-image-617\"\/><\/figure><\/div>\n\n\n\n<div class=\"wp-block-image\"><figure class=\"aligncenter\"><img loading=\"lazy\" decoding=\"async\" width=\"300\" height=\"70\" src=\"https:\/\/www.marcelcuvelier.de\/wp-content\/uploads\/2019\/01\/info16_lacken2.jpg\" alt=\"\" class=\"wp-image-618\"\/><\/figure><\/div>\n\n\n\n<div class=\"wp-block-image\"><figure class=\"aligncenter\"><img loading=\"lazy\" decoding=\"async\" width=\"479\" height=\"48\" src=\"https:\/\/www.marcelcuvelier.de\/wp-content\/uploads\/2019\/01\/info16_lacken3.jpg\" alt=\"\" class=\"wp-image-619\" srcset=\"https:\/\/www.marcelcuvelier.de\/wp-content\/uploads\/2019\/01\/info16_lacken3.jpg 479w, https:\/\/www.marcelcuvelier.de\/wp-content\/uploads\/2019\/01\/info16_lacken3-300x30.jpg 300w\" sizes=\"auto, (max-width: 479px) 100vw, 479px\" \/><\/figure><\/div>\n\n\n\n<p>Auf dem Bild oben seht Ihr den Zustand der Leiste nachdem der schwarze Lack aufgetragen wurde. Die beiden anderen Bilder zeigen den Zustand nachdem der Klarlack aufgetragen wurde.<\/p>\n\n\n\n<p>So, nun ist die Heckleiste fertig lackiert (ich habe sie noch weiter 48 Stunden trocknen lassen und kann somit am L\u00f6wen Heck montiert werden. Dazu muss zun\u00e4chst die Innenverkleidung der Heckklappe entfernt werden.<\/p>\n\n\n\n<p>An der markierten Stelle einfach mit der Hand die Verkleidung langsam abziehen (geht ganz einfach). <\/p>\n\n\n\n<ul class=\"wp-block-gallery columns-2 is-cropped wp-block-gallery-1 is-layout-flex wp-block-gallery-is-layout-flex\"><li class=\"blocks-gallery-item\"><figure><img loading=\"lazy\" decoding=\"async\" width=\"340\" height=\"259\" src=\"https:\/\/www.marcelcuvelier.de\/wp-content\/uploads\/2019\/01\/info16_heckklappe_innenverkleidung.jpg\" alt=\"\" data-id=\"620\" data-link=\"https:\/\/www.marcelcuvelier.de\/?attachment_id=620\" class=\"wp-image-620\" srcset=\"https:\/\/www.marcelcuvelier.de\/wp-content\/uploads\/2019\/01\/info16_heckklappe_innenverkleidung.jpg 340w, https:\/\/www.marcelcuvelier.de\/wp-content\/uploads\/2019\/01\/info16_heckklappe_innenverkleidung-300x229.jpg 300w\" sizes=\"auto, (max-width: 340px) 100vw, 340px\" \/><\/figure><\/li><li class=\"blocks-gallery-item\"><figure><img loading=\"lazy\" decoding=\"async\" width=\"200\" height=\"170\" src=\"https:\/\/www.marcelcuvelier.de\/wp-content\/uploads\/2019\/01\/info16_heckklappe_innenverkleidung_abziehen.jpg\" alt=\"\" data-id=\"621\" data-link=\"https:\/\/www.marcelcuvelier.de\/?attachment_id=621\" class=\"wp-image-621\"\/><\/figure><\/li><\/ul>\n\n\n\n<p>Die Heckklappenverkleidung ist nur geklemmt, siehe folgende Abbildung: <\/p>\n\n\n\n<ul class=\"wp-block-gallery columns-2 is-cropped wp-block-gallery-2 is-layout-flex wp-block-gallery-is-layout-flex\"><li class=\"blocks-gallery-item\"><figure><img loading=\"lazy\" decoding=\"async\" width=\"296\" height=\"127\" src=\"https:\/\/www.marcelcuvelier.de\/wp-content\/uploads\/2019\/01\/info16_heckklappe_innenverkleidung_abgezogen.jpg\" alt=\"\" data-id=\"623\" data-link=\"https:\/\/www.marcelcuvelier.de\/?attachment_id=623\" class=\"wp-image-623\"\/><\/figure><\/li><li class=\"blocks-gallery-item\"><figure><img loading=\"lazy\" decoding=\"async\" width=\"303\" height=\"127\" src=\"https:\/\/www.marcelcuvelier.de\/wp-content\/uploads\/2019\/01\/info16_heckklappe_ohne_verkleidung1.jpg\" alt=\"\" data-id=\"624\" data-link=\"https:\/\/www.marcelcuvelier.de\/?attachment_id=624\" class=\"wp-image-624\" srcset=\"https:\/\/www.marcelcuvelier.de\/wp-content\/uploads\/2019\/01\/info16_heckklappe_ohne_verkleidung1.jpg 303w, https:\/\/www.marcelcuvelier.de\/wp-content\/uploads\/2019\/01\/info16_heckklappe_ohne_verkleidung1-300x126.jpg 300w\" sizes=\"auto, (max-width: 303px) 100vw, 303px\" \/><\/figure><\/li><\/ul>\n\n\n\n<p>Nun m\u00fcssen die beiden Heckleistemuttern (10er) im Innerern der Heckklappe gel\u00f6st werden. <\/p>\n\n\n\n<div class=\"wp-block-image\"><figure class=\"aligncenter\"><img loading=\"lazy\" decoding=\"async\" width=\"384\" height=\"288\" src=\"https:\/\/www.marcelcuvelier.de\/wp-content\/uploads\/2019\/01\/info16_verschraubung.jpg\" alt=\"\" class=\"wp-image-625\" srcset=\"https:\/\/www.marcelcuvelier.de\/wp-content\/uploads\/2019\/01\/info16_verschraubung.jpg 384w, https:\/\/www.marcelcuvelier.de\/wp-content\/uploads\/2019\/01\/info16_verschraubung-300x225.jpg 300w\" sizes=\"auto, (max-width: 384px) 100vw, 384px\" \/><\/figure><\/div>\n\n\n\n<p>Das Gest\u00e4nge kann nun ausgehangen werden. Einfach an dem Gest\u00e4nge ziehen, wo es in der wei\u00dfen Platikhalterung gehalten ist.\n\n<\/p>\n\n\n\n<div class=\"wp-block-image\"><figure class=\"aligncenter\"><img loading=\"lazy\" decoding=\"async\" width=\"320\" height=\"240\" src=\"https:\/\/www.marcelcuvelier.de\/wp-content\/uploads\/2019\/01\/info16_hebel_aushaengen.jpg\" alt=\"\" class=\"wp-image-627\" srcset=\"https:\/\/www.marcelcuvelier.de\/wp-content\/uploads\/2019\/01\/info16_hebel_aushaengen.jpg 320w, https:\/\/www.marcelcuvelier.de\/wp-content\/uploads\/2019\/01\/info16_hebel_aushaengen-300x225.jpg 300w\" sizes=\"auto, (max-width: 320px) 100vw, 320px\" \/><\/figure><\/div>\n\n\n\n<p>Nun kann der Kofferraumklappengriff entnommen werden, siehe folgende Abbildung:\n\n<\/p>\n\n\n\n<div class=\"wp-block-image\"><figure class=\"aligncenter\"><img loading=\"lazy\" decoding=\"async\" width=\"406\" height=\"193\" src=\"https:\/\/www.marcelcuvelier.de\/wp-content\/uploads\/2019\/01\/info16_kofferraumgriffmechanik.jpg\" alt=\"\" class=\"wp-image-628\" srcset=\"https:\/\/www.marcelcuvelier.de\/wp-content\/uploads\/2019\/01\/info16_kofferraumgriffmechanik.jpg 406w, https:\/\/www.marcelcuvelier.de\/wp-content\/uploads\/2019\/01\/info16_kofferraumgriffmechanik-300x143.jpg 300w\" sizes=\"auto, (max-width: 406px) 100vw, 406px\" \/><\/figure><\/div>\n\n\n\n<p>Anschlie\u00dfend brauchen nur noch die wei\u00dfen Clips von innen zusammen gedr\u00fcckt und nach au\u00dfen gedr\u00fcckt werden, um die Leiste vollst\u00e4ndig aus der Halterung zu l\u00f6sen. Am besten geht das mit einer Schnabel- oder Spitzzange.\n\n<\/p>\n\n\n\n<ul class=\"wp-block-gallery columns-2 is-cropped wp-block-gallery-3 is-layout-flex wp-block-gallery-is-layout-flex\"><li class=\"blocks-gallery-item\"><figure><img loading=\"lazy\" decoding=\"async\" width=\"305\" height=\"229\" src=\"https:\/\/www.marcelcuvelier.de\/wp-content\/uploads\/2019\/01\/info16_alte_Leiste_abgezogen.jpg\" alt=\"\" data-id=\"629\" data-link=\"https:\/\/www.marcelcuvelier.de\/?attachment_id=629\" class=\"wp-image-629\" srcset=\"https:\/\/www.marcelcuvelier.de\/wp-content\/uploads\/2019\/01\/info16_alte_Leiste_abgezogen.jpg 305w, https:\/\/www.marcelcuvelier.de\/wp-content\/uploads\/2019\/01\/info16_alte_Leiste_abgezogen-300x225.jpg 300w\" sizes=\"auto, (max-width: 305px) 100vw, 305px\" \/><\/figure><\/li><li class=\"blocks-gallery-item\"><figure><img loading=\"lazy\" decoding=\"async\" width=\"231\" height=\"229\" src=\"https:\/\/www.marcelcuvelier.de\/wp-content\/uploads\/2019\/01\/info16_clips1.jpg\" alt=\"\" data-id=\"630\" data-link=\"https:\/\/www.marcelcuvelier.de\/?attachment_id=630\" class=\"wp-image-630\" srcset=\"https:\/\/www.marcelcuvelier.de\/wp-content\/uploads\/2019\/01\/info16_clips1.jpg 231w, https:\/\/www.marcelcuvelier.de\/wp-content\/uploads\/2019\/01\/info16_clips1-150x150.jpg 150w\" sizes=\"auto, (max-width: 231px) 100vw, 231px\" \/><\/figure><\/li><\/ul>\n\n\n\n<p>Als Vergleich mal die alte und die neue Heckleisten auf einer Abbildung: <\/p>\n\n\n\n<div class=\"wp-block-image\"><figure class=\"aligncenter\"><img loading=\"lazy\" decoding=\"async\" width=\"439\" height=\"145\" src=\"https:\/\/www.marcelcuvelier.de\/wp-content\/uploads\/2019\/01\/info16_beide_leisten.jpg\" alt=\"\" class=\"wp-image-632\" srcset=\"https:\/\/www.marcelcuvelier.de\/wp-content\/uploads\/2019\/01\/info16_beide_leisten.jpg 439w, https:\/\/www.marcelcuvelier.de\/wp-content\/uploads\/2019\/01\/info16_beide_leisten-300x99.jpg 300w\" sizes=\"auto, (max-width: 439px) 100vw, 439px\" \/><\/figure><\/div>\n\n\n\n<p>Nun konnte man bei meinem drei Jahre alten Peugeot 206 leichte Abnutzungsspuren an der ehemaligen &#8222;Erh\u00f6hung&#8220;, dort wo in der alten Leiste der L\u00f6we eingelassen ist, erkennen:\n\n<\/p>\n\n\n\n<div class=\"wp-block-image\"><figure class=\"aligncenter\"><img loading=\"lazy\" decoding=\"async\" width=\"352\" height=\"212\" src=\"https:\/\/www.marcelcuvelier.de\/wp-content\/uploads\/2019\/01\/info16_abnutzung.jpg\" alt=\"\" class=\"wp-image-633\" srcset=\"https:\/\/www.marcelcuvelier.de\/wp-content\/uploads\/2019\/01\/info16_abnutzung.jpg 352w, https:\/\/www.marcelcuvelier.de\/wp-content\/uploads\/2019\/01\/info16_abnutzung-300x181.jpg 300w\" sizes=\"auto, (max-width: 352px) 100vw, 352px\" \/><\/figure><\/div>\n\n\n\n<p>Diese konnten dann aber anschlie\u00dfend noch ganz gut mit Metallic-Politur behandelt bzw. wegpoliert werden: <\/p>\n\n\n\n<div class=\"wp-block-image\"><figure class=\"aligncenter\"><img loading=\"lazy\" decoding=\"async\" width=\"320\" height=\"240\" src=\"https:\/\/www.marcelcuvelier.de\/wp-content\/uploads\/2019\/01\/info16_ohne_leiste.jpg\" alt=\"\" class=\"wp-image-634\" srcset=\"https:\/\/www.marcelcuvelier.de\/wp-content\/uploads\/2019\/01\/info16_ohne_leiste.jpg 320w, https:\/\/www.marcelcuvelier.de\/wp-content\/uploads\/2019\/01\/info16_ohne_leiste-300x225.jpg 300w\" sizes=\"auto, (max-width: 320px) 100vw, 320px\" \/><\/figure><\/div>\n\n\n\n<p>Jetzt kann die neue, lackierte 2004er Heckleisten Version auf der Heckklappe montiert werden. Einfach die Leiste einklicken, den Kofferraumgriff von innen wieder aufstecken, die beiden 10er Muttern festschrauben, das Gest\u00e4nge wieder an entsprechender Stelle einh\u00e4ngen und die Verkleidung wieder einsetzen. <\/p>\n\n\n\n<p>Und wieder ist ein Umbau vollbracht. Mir gef\u00e4llt super gut. Hier mal ein direkter montierter Vorher\/Nachher-Vergleich: <\/p>\n\n\n\n<ul class=\"wp-block-gallery columns-2 is-cropped wp-block-gallery-4 is-layout-flex wp-block-gallery-is-layout-flex\"><li class=\"blocks-gallery-item\"><figure><img loading=\"lazy\" decoding=\"async\" width=\"276\" height=\"226\" src=\"https:\/\/www.marcelcuvelier.de\/wp-content\/uploads\/2019\/01\/info16_hkl_nachher1.jpg\" alt=\"\" data-id=\"636\" data-link=\"https:\/\/www.marcelcuvelier.de\/?attachment_id=636\" class=\"wp-image-636\"\/><figcaption>NACHHER<\/figcaption><\/figure><\/li><li class=\"blocks-gallery-item\"><figure><img loading=\"lazy\" decoding=\"async\" width=\"276\" height=\"226\" src=\"https:\/\/www.marcelcuvelier.de\/wp-content\/uploads\/2019\/01\/info16_hkl_vorher1.jpg\" alt=\"\" data-id=\"637\" data-link=\"https:\/\/www.marcelcuvelier.de\/?attachment_id=637\" class=\"wp-image-637\"\/><figcaption>VORHER<\/figcaption><\/figure><\/li><\/ul>\n\n\n\n<ul class=\"wp-block-gallery columns-2 is-cropped wp-block-gallery-5 is-layout-flex wp-block-gallery-is-layout-flex\"><li class=\"blocks-gallery-item\"><figure><img loading=\"lazy\" decoding=\"async\" width=\"276\" height=\"226\" src=\"https:\/\/www.marcelcuvelier.de\/wp-content\/uploads\/2019\/01\/info16_hkl_nachher2.jpg\" alt=\"\" data-id=\"638\" data-link=\"https:\/\/www.marcelcuvelier.de\/?attachment_id=638\" class=\"wp-image-638\"\/><figcaption>NACHHER<\/figcaption><\/figure><\/li><li class=\"blocks-gallery-item\"><figure><img loading=\"lazy\" decoding=\"async\" width=\"276\" height=\"226\" src=\"https:\/\/www.marcelcuvelier.de\/wp-content\/uploads\/2019\/01\/info16_hkl_vorher2.jpg\" alt=\"\" data-id=\"639\" data-link=\"https:\/\/www.marcelcuvelier.de\/?attachment_id=639\" class=\"wp-image-639\"\/><figcaption>VORHER<\/figcaption><\/figure><\/li><\/ul>\n<div class=\"pdf24Plugin-cp\"> \t<form name=\"pdf24Form0\" method=\"post\" target=\"pdf24PopWin\" action=\"https:\/\/doc2pdf.pdf24.org\/wordpress.php\"><input type=\"hidden\" name=\"blogCharset\" value=\"Cw1x07UAAA==\" \/><input type=\"hidden\" name=\"blogPosts\" value=\"MwQA\" \/><input type=\"hidden\" name=\"blogUrl\" value=\"yygpKSi20tcvLy\/Xy00sSk7NSS4tS83JTC3SS0kFAA==\" \/><input type=\"hidden\" name=\"blogName\" value=\"y00sSk7NSS4tS83JTC3SS0kFAA==\" \/><input type=\"hidden\" name=\"blogValueEncoding\" value=\"gzdeflate base64\" \/><input type=\"hidden\" name=\"postId_0\" value=\"MzM0BgA=\" \/><input type=\"hidden\" name=\"postTitle_0\" value=\"cywtLkksLU7OUPBITc7OzkksKEjNy0nNLC5JVUhPTU\/NUzAyMDBJLVIISy0qzszPU8jPyEtV8Dm8rTwVAA==\" \/><input type=\"hidden\" name=\"postLink_0\" value=\"yygpKSi20tcvLy\/Xy00sSk7NSS4tS83JTC3SS0nVty9ITE+Nz0yxNTM0BgA=\" \/><input type=\"hidden\" name=\"postAuthor_0\" value=\"800sSk7NAQA=\" \/><input type=\"hidden\" name=\"postDateTime_0\" value=\"MzIwtNQ1MNQ1sFAwNLcyMLQyNAcA\" \/><input type=\"hidden\" name=\"postContent_0\" value=\"5VrLchs3Ft3nK1CcqpRdJYpk8yHSljWlJE6Uhx1XPMkiGxXYBJsI0WhWP0Sby\/xIsvBy1llpFf7JfMmce9FNNkVSlEctTarihcwmG7gXF+ee+wA+OZ2dfbm8jsVIq1+U1YGyIrOpioXK\/MkRfS1G+M5KfzKODH6mpx\/DoczEcDE\/xsdUZok\/wVuxuFD+dGrkbKasUTpJlZAZ\/ZTFGL28nsQYO4+MUfZITDQGLDJxbsfSBiKUhoV9H+tAWzy8UVmgolT8S2m8n4Whiu2z08bs7BP8O82M8I1Mkhe1+aw+NJE\/rRsIrJ2dGn22rcZPKk50ZIXXbHae\/fn7aZLGkQ3O+icd7\/jL3mkjf\/7z98yOThuYgqb5TvrTRKXiyVt\/MpfxAvrSV+JTGc6ei2+NjA0en5bmG\/R7rePz9XzidBifufkamXGaz86+wDK\/UokM01DC0lqaaQQlrRjnGyG+c1pDGZg1FCQGf2hvdCjeRmQLXooYKi18eSzag6NP\/9H3Wq3n4j+\/\/hvbJkOdiq8nMdtVaUuTBWq8\/IA9EBfYMWdRMZHD9EjMZcJyv3V6YD\/URNljsTL3WAcZBt40uQ6hFGyuw0CYSI60DV7UjFy8r0FvP3LPMnlv\/ZqY61E6eVHrDro1MVE6mKQvaif4nMT+i9okTWfJs0ZjPp8fhzL2lfGzK2UAkeORakCeHwGUNm1kM5KTNLxma9BothrajqNW79KqTF26vb4MYtgNI9PjX2ZBTUgDQbWS6qx0vdfqsGxs8AOKF1juHFh\/iPnr7WbzXbvPYvBxjuXohcIaZZZGR+JJKN\/V2ejPSIvZu6ei1WxeQRt+qokGQOn2tQxMEsV+nHsO\/sD5UyDTaLiyzWKx0oABmkQENRvRj3gjZbTy+gXNN1TsfxIwt266I8YlbUdaBjugHLJ\/YayKeRZAMSJaofev4MEZTZ8oM2R6wp+vzPIarkFqTGU2Tpm0mK9mmN5xFbssT14wysXygx0Z2F68VpPQuQkr4oTDUQBWqIqpcmFXUXyEhRqTKvc6yyG3siLIUkwPRcb4Ec8\/yCwE7SWkLfEcLSABRw5lHLKmzkpjxathezhvpRfHsQaXOlV4ZvCIPyUxU2nLDjnSV3u9cdNZpdGB9RVx+sd5qtfsrD3V6wwqctWZ24VL2uBLeN8BL+3WSjg9bWDdK7TCKm+MTBeC8Chg9RKaypsVxNHyt8XyOtAIMzD0Gzmj2PNkJJlwsUIycEL7DTWU+FnplNgS3ykanqVPhRzCTARIDnpyCPcYEkN+Vkat3RBLvOw1RcHLXlf4oTgfAgvQdgE\/ylUFjCYkF7P9FMUTaKZzz\/hFzRH8EJNZwihKFPQHqImkQdgxyP+VthmhzlAMJcAgogJBy+s0VQYzfgHY5FohFFgRYkXQVIyW1xZBAZGN0Fi4CXwomcUI1IqHUnTBV2LqkP6lNEYsr+EQKUTz8l8mxeRsPqdwgihFsYW4AiPhZfAPnoiCGRQ0hb3IP1\/lMRBGNSpgj2F34AlZMpvQ855\/t\/yQjVXMT83nYqjNiHT4Gu8hjCmxmLPzWCYADFzAAvi0XqNTq2TCxbxkwgUQdG5XDgfC4SjITMVybBJw1HbSSD3apO1kwzlzSPvAaUNu3ET5kwTLNSuGdAGedoix0hFvgTtSfqVEIfvcYjL42PI3GG1Tfo4ingZYDKAEGwEpz1hyxkVIHWPvkpIKhY5FFlNi7UflmJNeKRtoVkQxLna0DjDLyR5meYRlI1w\/2LK9A8vu\/\/+W3TkZrJfd6Ve67PaBZQ+qy\/ZKAgWWVEF+l8\/oMrrmXTI6yC1ldPy0kdFtRMrznHo\/A2OKaOgCW5734OHnzMUkSkByNqFyj0Zw8pLT2CpEBCqNuRiZZ\/FIFWmeHnHlMOI4SJKovFNcUJaFlGdekc\/2pCsSmp29xdJtZldRsZScIhqkCOorPn2ii1iQUCpLOSkYnqrZTn8fuebZI4dJYkWJeL78Y44fSJAIsXM891zFIxcWEcFC5HcIGHb5AYTq1Poa8dQiaJBuI8ohNwtige2HunY1UWmF55ZfBnJ4GRSzEL0NpwZj2EsU6eEFb5PmenYlh0I\/whLi50JzwHoS0O4G0i6KCZ6WWH1H5RwgOKj4vfAjk4U2qXuwdd2PI6g9EjffqrfoVyPfR1laHxv1bvuNzd+5Ji9k8ovJ+s1UhSt++TgK7ZQo1OtWlZ1OVht2qW9s6AbBjGQq63r0otbzmvmT0XZ6SIF\/yjTFfoTQ4BKjefAWV3nN6rjqwHoEzFgBf90ihTnN8wZ3ITUoUyI1frpBaq4zUzmYvHI8blUWkG8xy2XhrftQ1boPqlq7UNWqbZnyRlOqlMqWiYxbAFT3K3wVhihYE1JdFP1AFDWUi+PVZxXSjPeXoBlvUEpQW97JoyAjUIso2A+N9n2g0d4FjXbtMbys3Ww\/sC2jiVWXJVu29pmwcx8TdnaZsPMgnL1zQaDRdrWkvSWGWbvl9e7E2s12mbXpaQdrl6jmNZK5cHnNyddonTuu87owS5GzIZFpNVX8lKpaSq5i+upGUhUos\/wjWSdnj1m7tvvl\/li\/qnKGGp3+JJbZ8GbOsQ26bnWg2xIrsL4KULYxb54MdO8Eq36nDCt62l\/hfCETOlJJlx9soFw2TyWDzBLkwpJ7eQVEXuY5tbRcE61HuXh8JOaRUInQDmsoH6jnwo1GPeU+HTeIaVrDPaUkPYYKj4k7r5z5dqpLVobKXMJiE6nszeizDb2TKvluW7LAKivhuM2pPwqA3kY26jVvAyBxGsOO69pojFIPmA\/zbCqI9XhMFaCls7sCi7fkUY+LqE6znOQM2hUharoyA68\/VD5cUU8PAKtfHbBuUUBgzRXga48EFz477Tt1cpq9cieHnm7p5Gz0gYex5EMmzs6520HhtKCsz42eJeIqAkdRiikWWSIZfYEaxXRu5vrPlskw4yHrXwqEbp6qXEXGMF2OdEDkmjclClKk1j7CMTesQ3fyR3NOUiRbCTcxqJ0fU0feSjhm3R3vvZ3pdLEgli4z6b0LiPZfo0\/RLJ13ow6uyLfI5pduVw4XDIP7ZLuDXU5aYTd170rgOFWcne+c\/6PiQLO7kd92H60r0W49BHR84oV9lVH7Pt2s9q5uVrvCbtZadQHjVAAON2G91QVdd13jHf\/fhgbILaGBn26vds5NQu1ady63uubEB81Z3s29cefC8lmpo8pdrZXHyAjapZOaVqeqazpc6eUXWQ4kmG2vOthsiRVYXwXo2ZiXKWVwpz4npJdDfntwMLOMrM0P8OlMPiRshO4CwDd0xitcLVJccPGaPcFwSymntFm6AICSZJbFfETDURuJZ0jwwDf58frLeLL8Y4I38wP2IzGK6NwjKmohJ6Q4b6bDIjonIaCiDHdnKXydRcVTRRnHI2ex7a5XosuWV1WkLQx4AK\/tCkNiWaTAuqoIg8WcLjftt+4U+rpeOfTR0y01uFaJyqFq3X0ESZen5EbOymkqn03RbRXKCV+pFKFS+\/U3kdEpMtkhlewjZVJ32WaugllkSmdwj0uFD1Ruc8vNUccBYFXYWbwhtKIiuzTrg9XX36h0keYVdh4xj1bnvoovw+adwSKGFld+3b2jja7h1plu0RMqlTpgtSlAOXVX+GyppnfF\/LqummvF7JiNMS4fsO5qUgtTvMobmmOURHk3zF10KnetinksNQqSWayotOP6aHUYPOE37SpxKB8D58PxFqCy2GiGzs5+xID8BTrNoVtZ7g43VXQoIxEqjsUrTWc84+UHA9dLspniu2\/H4kKr1T1iiI3VlE7UCyPio7u21niNafB\/fZXtVHkc1PlrHAeV7yt5Xq+q3tvUXFpnvb2Jee8+iXlvF7H06NQHRvDlLIWnnL0+\/\/zi4uUP7IDFd49Q5TycSa8Yl3stenIfi57ssujJDYv+9P0PBwy6KhTu7SDdv4mDePu2s3+f7ezv2s7+38NB9lr0Pn2j9q6+Eb78nxzkvw==\" \/><\/form> \t<div class=\"pdf24Plugin-cp-link\"> \t\t<a href=\"#\" onclick=\"var pdf24Win = window.open('about:blank', 'pdf24PopWin', 'resizable=yes,scrollbars=yes,width=600,height=250,left='+(screen.width\/2-300)+',top='+(screen.height\/3-125)+''); pdf24Win.focus(); document.pdf24Form0.submit(); if(typeof pdf24OnCreatePDF === 'function'){void(pdf24OnCreatePDF(this,pdf24Win));} return false;\">Diesen Beitrag als PDF herunterladen<\/a> \t<\/div> <\/div>","protected":false},"excerpt":{"rendered":"<p>F\u00fcr diejenigen unter euch, die den nachfolgenden Umbau bzw. Umtausch der Heckklappenleiste auch durchf\u00fchren wollen, hier zu Anfang mal die Original Peugeot Teilenummern: Heckklappenleiste Version 2004:\u00a08742.F6\u00a0und Lackset (Schwarzer Lack &amp; Klarlack):\u00a09861.A6 Die Gesamtmaterialkosten f\u00fcr die Leiste und dem lack lagen im Sommer 2004 bei ca. 39,&#8211; \u20ac, damit Ihr mal eine ungef\u00e4hre Hausnummer habt, was die Kosten angehen. Die neue Heckleiste ist nat\u00fcrlich nur grundiert und somit noch nicht lackiert. Die beste Variante ist, Ihr lasst die Leiste beim Lackierer [&hellip;]<\/p>\n","protected":false},"author":1,"featured_media":0,"parent":463,"menu_order":0,"comment_status":"closed","ping_status":"closed","template":"template-fullwidth.php","meta":{"ngg_post_thumbnail":0,"jetpack_post_was_ever_published":false,"footnotes":""},"class_list":["post-613","page","type-page","status-publish","hentry"],"jetpack_shortlink":"https:\/\/wp.me\/P4qNjn-9T","jetpack_sharing_enabled":true,"jetpack_likes_enabled":true,"_links":{"self":[{"href":"https:\/\/www.marcelcuvelier.de\/index.php?rest_route=\/wp\/v2\/pages\/613","targetHints":{"allow":["GET"]}}],"collection":[{"href":"https:\/\/www.marcelcuvelier.de\/index.php?rest_route=\/wp\/v2\/pages"}],"about":[{"href":"https:\/\/www.marcelcuvelier.de\/index.php?rest_route=\/wp\/v2\/types\/page"}],"author":[{"embeddable":true,"href":"https:\/\/www.marcelcuvelier.de\/index.php?rest_route=\/wp\/v2\/users\/1"}],"replies":[{"embeddable":true,"href":"https:\/\/www.marcelcuvelier.de\/index.php?rest_route=%2Fwp%2Fv2%2Fcomments&post=613"}],"version-history":[{"count":6,"href":"https:\/\/www.marcelcuvelier.de\/index.php?rest_route=\/wp\/v2\/pages\/613\/revisions"}],"predecessor-version":[{"id":640,"href":"https:\/\/www.marcelcuvelier.de\/index.php?rest_route=\/wp\/v2\/pages\/613\/revisions\/640"}],"up":[{"embeddable":true,"href":"https:\/\/www.marcelcuvelier.de\/index.php?rest_route=\/wp\/v2\/pages\/463"}],"wp:attachment":[{"href":"https:\/\/www.marcelcuvelier.de\/index.php?rest_route=%2Fwp%2Fv2%2Fmedia&parent=613"}],"curies":[{"name":"wp","href":"https:\/\/api.w.org\/{rel}","templated":true}]}}