{"id":643,"date":"2019-01-08T17:40:01","date_gmt":"2019-01-08T16:40:01","guid":{"rendered":"https:\/\/www.marcelcuvelier.de\/?page_id=643"},"modified":"2019-01-08T17:40:01","modified_gmt":"2019-01-08T16:40:01","slug":"loesung-des-seitenairbag-kontrollleuchte-leuchtet-auf-problems","status":"publish","type":"page","link":"https:\/\/www.marcelcuvelier.de\/?page_id=643","title":{"rendered":"L\u00f6sung des &#8222;Seitenairbag Kontrollleuchte leuchtet auf&#8220; Problems"},"content":{"rendered":"\n<p>Viele Peugeot 206 Fahrer haben das hier von mir geschilderte Problem: Die Warnleuchte der Seitenairbags leuchtet im Armaturenbrett auf. Dieses wurde deshalb auch schon sehr h\u00e4ufig in den verschiedenen Peugeot-Foren diskutiert und besprochen. Ich pers\u00f6nlich habe dieses Problem nie gehabt, aber Marcos, im Forum auch als Gaucho bekannt hat, eine L\u00f6sung f\u00fcr die Leute gefunden, bei denen das Problem nicht durch eine neue Steckverbindungen unterhalb der Sitze oder direktes Anl\u00f6ten der Leitungen gel\u00f6st wurde. Also im folgenden die Beschreibung von Marcos: <\/p>\n\n\n\n<p>Nachdem ich bei mir neue Sitze (neueres Model) eingebaut hatte, leuchtete die Seitenairbagkontrollleuchte auf. Daraufhin habe ich die Kabel unter den jeweiligen Sitzen, blau und braun mit den anderen beiden Orange-Gelben-Kabeln zusammengel\u00f6tet und nicht nur verdrillt, damit es auf keinen Fall zu St\u00f6rungen im Stromkreis kommen kann. Doch die Kontrolleuchte hat leider weiterhin aufgeleuchtet. Danach hatte ich ehrlich gesagt keinen Bock mehr zu gucken, was es denn sonst noch sein k\u00f6nnte. Deswegen bin ich eine ganze Weile einfach so weitergefahren. Bis dann der n\u00e4chste T\u00dcV-Termin vor der T\u00fcr stand. Dann bin ich n\u00e4mlich zu meinen Peugeoth\u00e4ndler gefahren und habe ihm dann die o.g. Geschichte erz\u00e4hlt. Er meinte auch, dass man da nicht mehr machen k\u00f6nnte, als die Kabel unter den Sitzen zusammenzul\u00f6ten und das es sein kann, dass man den Fehler jetzt, wo das Problem ja gel\u00f6st sei, l\u00f6schen kann. Doch auch das hat leider alles nichts gebracht. Er meinte aber auch, dass es nicht schlimm w\u00e4re und dass das dem T\u00dcV nicht interessiert. Aber unter anderen bin ich aus diesem Grund nicht durch den T\u00dcV gekommen bzw. ich habe keine Plakette erhalten. Also musste ich das Problem innerhalb eines Monats beheben. <\/p>\n\n\n\n<div class=\"wp-block-image\"><figure class=\"aligncenter\"><img loading=\"lazy\" decoding=\"async\" width=\"334\" height=\"362\" src=\"https:\/\/www.marcelcuvelier.de\/wp-content\/uploads\/2019\/01\/info17_kabelbruch1.jpg\" alt=\"\" class=\"wp-image-644\" srcset=\"https:\/\/www.marcelcuvelier.de\/wp-content\/uploads\/2019\/01\/info17_kabelbruch1.jpg 334w, https:\/\/www.marcelcuvelier.de\/wp-content\/uploads\/2019\/01\/info17_kabelbruch1-277x300.jpg 277w\" sizes=\"auto, (max-width: 334px) 100vw, 334px\" \/><\/figure><\/div>\n\n\n\n<p>Da ich aber nicht bereit war bei meinem Peugeoth\u00e4ndler daf\u00fcr 30,&#8211; oder sogar 50,&#8211; Euro zu bezahlen, habe ich mich selber auf die Suche nach der Ursache gemacht. Ich habe einfach den Bezug vom Sitz (bei mir lag das Problem ja beim Beifahrersitz) hoch &#8222;gekrempelt&#8220;, indem ich erstmal die beiden Hebel an den Sitzen mit einem 30er Torx-Schl\u00fcssel demontiert habe. Danach bin ich einfach dem Kabel gefolgt und habe gesehen, dass das Kabel in der falschen Position gelegen hat. Es befand sich genau an der Stelle, wo der Hebel drauf gedr\u00fcckt wird, wenn man den Sitz verstellt. Durch die h\u00e4ufige Nutzung des Hebels hat dieser das Airbagkabel derartig gequetscht, dass es durchgeschnitten worden ist. Aber nur die blaue und braune Leitung waren durchtrennt, die gr\u00fcne Leitung ist komischerweise heil geblieben. <\/p>\n\n\n\n<div class=\"wp-block-image\"><figure class=\"aligncenter\"><img loading=\"lazy\" decoding=\"async\" width=\"323\" height=\"252\" src=\"https:\/\/www.marcelcuvelier.de\/wp-content\/uploads\/2019\/01\/info17_kabelbruch2_markiert.jpg\" alt=\"\" class=\"wp-image-645\" srcset=\"https:\/\/www.marcelcuvelier.de\/wp-content\/uploads\/2019\/01\/info17_kabelbruch2_markiert.jpg 323w, https:\/\/www.marcelcuvelier.de\/wp-content\/uploads\/2019\/01\/info17_kabelbruch2_markiert-300x234.jpg 300w\" sizes=\"auto, (max-width: 323px) 100vw, 323px\" \/><\/figure><\/div>\n\n\n\n<p>Da ich nun wusste, wo die Ursache des Problem lag, habe ich zuerst einmal f\u00fcr alle F\u00e4lle die Batterie abgeklemmt &#8211; nicht das durch einen Kurzschluss oder \u00e4hnlichen mir der Airbag noch um die Nasen fliegt. <\/p>\n\n\n\n<p>Danach habe ich die beiden Kabel erst einmal ein bisschen verl\u00e4ngert, da sie sonst einfach zu kurz gewesen w\u00e4ren, um das Kabel sp\u00e4ter in eine sicherere bzw. bessere Position zu bringen\/fixieren (siehe dazu auch die folgenden Abbildungen) und dann auch noch zusammen zu l\u00f6ten. <\/p>\n\n\n\n<ul class=\"wp-block-gallery columns-2 is-cropped wp-block-gallery-1 is-layout-flex wp-block-gallery-is-layout-flex\"><li class=\"blocks-gallery-item\"><figure><img loading=\"lazy\" decoding=\"async\" width=\"300\" height=\"210\" src=\"https:\/\/www.marcelcuvelier.de\/wp-content\/uploads\/2019\/01\/info17_kabelbruch4.jpg\" alt=\"\" data-id=\"646\" data-link=\"https:\/\/www.marcelcuvelier.de\/?attachment_id=646\" class=\"wp-image-646\"\/><\/figure><\/li><li class=\"blocks-gallery-item\"><figure><img loading=\"lazy\" decoding=\"async\" width=\"300\" height=\"210\" src=\"https:\/\/www.marcelcuvelier.de\/wp-content\/uploads\/2019\/01\/info17_kabelbruch5.jpg\" alt=\"\" data-id=\"647\" data-link=\"https:\/\/www.marcelcuvelier.de\/?attachment_id=647\" class=\"wp-image-647\"\/><\/figure><\/li><\/ul>\n\n\n\n<p>Daraufhin habe ich mit Hilfe von Kabelbindern das Kabel diesmal derartig positioniert, dass es auf keinen Fall beim Verstellen oder Vor- und Zur\u00fcckschieben des Sitzes auf der Sitze erneut durchtrennt werden kann. Dann habe ich den Sitzbezug wieder richtig aufgezogen und die beiden Hebel wieder festgeschraubt. Anschlie\u00dfend habe ich dann die Batterie angeschlossen, den Motor gestartet und siehe da, die Kontrollleuchte war endlich wieder aus!<br>Problem gel\u00f6st &#8211; und das ohne gro\u00dfe Kosten, Aufwand und Teile. Was will man mehr? <\/p>\n\n\n\n<blockquote class=\"wp-block-quote is-layout-flow wp-block-quote-is-layout-flow\"><p> <br>Quelle: Marcos\/Gaucho (Forumsmitglied aus dem Peugeotforum) <\/p><\/blockquote>\n<div class=\"pdf24Plugin-cp\"> \t<form name=\"pdf24Form0\" method=\"post\" target=\"pdf24PopWin\" action=\"https:\/\/doc2pdf.pdf24.org\/wordpress.php\"><input type=\"hidden\" name=\"blogCharset\" value=\"Cw1x07UAAA==\" \/><input type=\"hidden\" name=\"blogPosts\" value=\"MwQA\" \/><input type=\"hidden\" name=\"blogUrl\" value=\"yygpKSi20tcvLy\/Xy00sSk7NSS4tS83JTC3SS0kFAA==\" \/><input type=\"hidden\" name=\"blogName\" value=\"y00sSk7NSS4tS83JTC3SS0kFAA==\" \/><input type=\"hidden\" name=\"blogValueEncoding\" value=\"gzdeflate base64\" \/><input type=\"hidden\" name=\"postId_0\" value=\"MzMxBgA=\" \/><input type=\"hidden\" name=\"postTitle_0\" value=\"8zm8rbg0L10hJbVYQU3ZwsjIyDo4NbMkNS8xsygpMV3BOz+vpCg\/JycntTQ5oyRVAUqXKCSWpoHVG1grBBTlJ+Wk5hYDAA==\" \/><input type=\"hidden\" name=\"postLink_0\" value=\"yygpKSi20tcvLy\/Xy00sSk7NSS4tS83JTC3SS0nVty9ITE+Nz0yxNTMxBgA=\" \/><input type=\"hidden\" name=\"postAuthor_0\" value=\"800sSk7NAQA=\" \/><input type=\"hidden\" name=\"postDateTime_0\" value=\"MzIwtNQ1MNQ1sFAwNLcyMAQiAA==\" \/><input type=\"hidden\" name=\"postContent_0\" value=\"1VjNbtzIEb77KToTILAAzY9GspTYshYydu1drO11YMcGcjGaZA3ZnmZztrspyvMsAXLRM\/jk27zYflVNzoyszS6COAGii8hhd\/18VfVVdd87X128NWRJvaK2pCaq+exUPdWVJ68qnZFThQ6qMni9apyqjVclhbwytiAfsc03maX6ofrWkHqnvbPU5hU+4LN6TSaS08Znugyq\/xKVqdWlr3VsPbnMU4xKt4sJSwgUVNf6greHStsMX\/JKQR90B6pg0+amXZhSGRgG467IszGEZ7z1PoyfNp4NN2HZRlgeVesKlVFY+SavyE3UDxC6wtbNJ2cNntlTrBf9vUfKwaGS8CUeKnz26oX2eRMO2XwoaOtkm7ZBPeOnBhqW2rkIadhCxpF6vvkUWleqxeazZ\/nqObWRxS5gEblDbDEq2c4w71QDKFW0HvJFjqOW1OtI+RIOZ8YVEIo9rYvkBSZB28Q1qYYfC+NpGeHMpbObT5HF49fnCEfaWBJ+DjFhPVGXNjTs1qKx+FoIdqSecJw9mYw94OAnAB6q8+nq4h7+kDsvdV4VsJhBZF84P5KxYsx9fvaw4wXMsgfsTEmZbgWjSIfbnBD0b+XLsnHRN9YO+ZRSRHv8rxB8iRhr5X0\/4sUmNCQrPlBHxhr2VOxgoK1uUxpAAudxlJUa3nKuwHZ+\/clrGDh+RhaZPxaxTq3boOuanIDG+ctiUohc6zkFC2+sRcwLzXLhLoxUS46cQy1ZCxGI3uaTT+gD6dfwrV4C3KCWDQtXnDpwsBlc6t3vvQdcwMpwFDsGyTMG0AKbegQZHKcll4GsQIN6kexGweoyDgY9afKlqrmWYFXZ5kuGp0P2wW5ggDprHFLDsSUBW9QSVQJooYBCR+wAMjAp4NwstUOk3wFw4h8WbAPSKZmJTGcugWdP4GoBHyUT3eYmrwLMfLP5x9vxG\/I1JF41Xj6+4WIJEaERn3bqsKsWh2B4nZzpKx6s4ApLzE1Jn8Qo5UhV93qBajMpJ+qZ8JfASn69uakswPvOi0hJtLziUIagas112cdaIKs1E8gAyaFU\/69lYEq7beqs274M2awiYZ2whWX7yjhhqGJPPlBcI6W65hYzfNDb2sV+1A8ek0W79BFaEtbeJQ2SECrFkQAJKAI83fKaGW7P9WE1c681da26zY2nwf4g8rnwOYD9SpaDWg\/MuOAUFpgA2RZZH0fdhkS2tXrmd8WU+I4hEKEl9ZWRrbuJ2rK0ZLF6ZfWSokQQ\/Bc5wYTE6jaEPvv3YTPO9UTJu5mOnAYQGVWU8d4toxXmSuUWDj4edatxZlErY1PrkkYX52g76FjDZw1+cTmxg\/hm6lLZRhfgt8cjq9cfR3Akb9K7Dh9dPlKdKWL1eHR8fDJSFZmying5nY9U8PnjURXjKjycTruum9QgWrJ5e0UWYE4KmsKYHIwAddN2xYrCdD47+st0djRFyTVHZ++XnIGZRwSPJh9W5Qghh\/zRnjfix\/j05EQ0BopfXamCb92h+opSx\/Ozs+vj2Uyk47mD7WZNjH8bm0N1v9bXYwH2IStfXR+oo9nsCkbI20hNL86nKXB4QHSHxvWtTqnIWZrSD0+gLDChT52MM6W+QzCFll5+PDv80x\/\/PD86epQabmhK7Huw+\/W71jfMUxmtNeoZRb7tWLURZrWp4hap88FZtHktBeDV33xgokEN1KlQfxjSf2BYLpMntG65M9dCN+r+0ICtLr8kDXyqsd4IO\/qA5QeqYrJge+fzRyg2T\/WKbJQfZo8w5rihsWNDrLUVQ\/tG+T0x3\/WM1ZOd9D4B7XjGNN746\/FrsMfmc4C3zBYIu4xj7Mm2X+01k96zuqdTkDkGkrjjcjQyVOxAmOxiWmhSV1mAjYUMXzXw0DQy50jDAhOC7LjgFyAjpJB0RYeRQKetmK3AkIlu8ZrcK3jYwLrCbz7nS6SG8QWWcI+s91yXIZT3cw9OHAag+kGV1Ms2rnmCwkSb5CZiFgL04sRlGnjEFWjXPmLALennliL8iTtGFoaU8duZyO2kazxbYcJAuDyQSJgw7tBu3qFh9uP05vGOBUU8OZbOgy5c3FsFgTyXGIbTo5MHYsbiiGQo4\/89Zc6Pd5Q5f\/D1KXP+HvuX0rh+mzsf\/De487Z2BW+\/KonuxI\/BpNfz45OkZjb7TTadH++zKb\/9Lps6TNaddOBUSUisgcmKvZMV+GmPDtctlw+XP3OMsCtPK+rp5ob\/yUmER1pveEoBUUFEHdVAtP3soMPeecmpH1u\/5skFxiSCxpgnRz1KZ1j+KZVdGnRxmmNFL3XAggVQLuNk\/5yzna33Th09FSYK2veBB7vMhMRFIAeL5lECfi5kAE79hD0QHrrEEuaiuDpi9TJpgeTYpi3FhdXmhmcpiJYBiCkMDQvFJeMRDreBX7bMx63H82nLIWDXRuav+9DNodD4mIZE2LI7811mGU71ckQ56Ac959JCwWgYZll2Gmf3IGrtHRIoOYz+o8ob29YujOeglXHum9WKCvXlqvERf7X6Y9PG8cLS9d0Vt7+DQawZdMrCsFsZqd6yz7\/HNLPZHtMczb4605zcIphCRz02xePR6clp\/2aNW\/6ewm9QD8gcxCK+x27ZfJerTke3ytWa\/0\/EHvwrxM7+E8TOfg2xs7uITVu744A7lw888nxv7ILkfkQqlW9nyLu90uVOL+PT0NpXfZGanhNSc\/\/yzkBGtrf9aIEfhcbeNn4stfn3VoYSufySWzpIkDksCdrdB8EWauN+x8cEI1NDf2TkIt\/xWj\/TZDJadnyx5pVnioXdct+wbsrhHPvlONgvX1CIMqQArowHEydnSNr8k7aHcjmf9YfyHbs72WYbcBkPeRD8oomN3DhGQNdfvQwsdnjromS4KeH5HXrknqA3COfNP5xn\/mLoP8MJemghw6G8qfg6wzcwFGKBO4y4bBcdj4y85g3fcUzUOyztDCLEQyDfCnyzo0Epq5\/bJtIdOky\/7pNY06nbX8e3v6IgVxeKLf9ryznwsL+Bm\/b3jfflGjIgCUvAW6Rz9e7MsuCvB2Lb+XRn2MW9XwA=\" \/><\/form> \t<div class=\"pdf24Plugin-cp-link\"> \t\t<a href=\"#\" onclick=\"var pdf24Win = window.open('about:blank', 'pdf24PopWin', 'resizable=yes,scrollbars=yes,width=600,height=250,left='+(screen.width\/2-300)+',top='+(screen.height\/3-125)+''); pdf24Win.focus(); document.pdf24Form0.submit(); if(typeof pdf24OnCreatePDF === 'function'){void(pdf24OnCreatePDF(this,pdf24Win));} return false;\">Diesen Beitrag als PDF herunterladen<\/a> \t<\/div> <\/div>","protected":false},"excerpt":{"rendered":"<p>Viele Peugeot 206 Fahrer haben das hier von mir geschilderte Problem: Die Warnleuchte der Seitenairbags leuchtet im Armaturenbrett auf. Dieses wurde deshalb auch schon sehr h\u00e4ufig in den verschiedenen Peugeot-Foren diskutiert und besprochen. Ich pers\u00f6nlich habe dieses Problem nie gehabt, aber Marcos, im Forum auch als Gaucho bekannt hat, eine L\u00f6sung f\u00fcr die Leute gefunden, bei denen das Problem nicht durch eine neue Steckverbindungen unterhalb der Sitze oder direktes Anl\u00f6ten der Leitungen gel\u00f6st wurde. Also im folgenden die Beschreibung von [&hellip;]<\/p>\n","protected":false},"author":1,"featured_media":0,"parent":463,"menu_order":0,"comment_status":"closed","ping_status":"closed","template":"template-fullwidth.php","meta":{"ngg_post_thumbnail":0,"jetpack_post_was_ever_published":false,"footnotes":""},"class_list":["post-643","page","type-page","status-publish","hentry"],"jetpack_shortlink":"https:\/\/wp.me\/P4qNjn-an","jetpack_sharing_enabled":true,"jetpack_likes_enabled":true,"_links":{"self":[{"href":"https:\/\/www.marcelcuvelier.de\/index.php?rest_route=\/wp\/v2\/pages\/643","targetHints":{"allow":["GET"]}}],"collection":[{"href":"https:\/\/www.marcelcuvelier.de\/index.php?rest_route=\/wp\/v2\/pages"}],"about":[{"href":"https:\/\/www.marcelcuvelier.de\/index.php?rest_route=\/wp\/v2\/types\/page"}],"author":[{"embeddable":true,"href":"https:\/\/www.marcelcuvelier.de\/index.php?rest_route=\/wp\/v2\/users\/1"}],"replies":[{"embeddable":true,"href":"https:\/\/www.marcelcuvelier.de\/index.php?rest_route=%2Fwp%2Fv2%2Fcomments&post=643"}],"version-history":[{"count":1,"href":"https:\/\/www.marcelcuvelier.de\/index.php?rest_route=\/wp\/v2\/pages\/643\/revisions"}],"predecessor-version":[{"id":648,"href":"https:\/\/www.marcelcuvelier.de\/index.php?rest_route=\/wp\/v2\/pages\/643\/revisions\/648"}],"up":[{"embeddable":true,"href":"https:\/\/www.marcelcuvelier.de\/index.php?rest_route=\/wp\/v2\/pages\/463"}],"wp:attachment":[{"href":"https:\/\/www.marcelcuvelier.de\/index.php?rest_route=%2Fwp%2Fv2%2Fmedia&parent=643"}],"curies":[{"name":"wp","href":"https:\/\/api.w.org\/{rel}","templated":true}]}}