{"id":725,"date":"2019-01-09T13:12:36","date_gmt":"2019-01-09T12:12:36","guid":{"rendered":"https:\/\/www.marcelcuvelier.de\/?page_id=725"},"modified":"2019-01-09T13:15:15","modified_gmt":"2019-01-09T12:15:15","slug":"peugeot-206-dachtraegersystem","status":"publish","type":"page","link":"https:\/\/www.marcelcuvelier.de\/?page_id=725","title":{"rendered":"Peugeot 206 Dachtr\u00e4gersystem"},"content":{"rendered":"\n<p>Da ich schon mal \u00f6fters nach dem Dachtr\u00e4gersystem von Peugeot befragt wurde, stelle ich hier mal ein paar Infos zum selbigen zur Verf\u00fcgung. Ich pers\u00f6nlich finde das System ziemlich klasse. Einmal montiert ist es schnell an dem Peugeot 206 angebracht. Ich nutze es \u00f6fters im Sommer, wenn wir ans Meer fahren und unsere Fahrr\u00e4der (auf dem Thule Fahrradtr\u00e4gersystem) mitnehmen. Au\u00dferdem finde ich, dass die Optik nicht einmal darunter leidet. Sieht recht sportlich aus&#8230; <\/p>\n\n\n\n<p>Auf den folgenden Abbildungen sieht man meinen Peugeot 206 mit dem Originalen Dachtr\u00e4gersystem von Peugeot, zwei Thule Fahrradhalter mit extra gro\u00dfer Rahmenklammer (ben\u00f6tige ich, da unsere Fahrr\u00e4der einen extrem dicken Rahmen haben und somit nicht mit einem normalen\/einfachen Fahrradhalter befestigt werden k\u00f6nnen) und unsere beiden Fahrr\u00e4der. <\/p>\n\n\n\n<ul class=\"wp-block-gallery columns-2 is-cropped wp-block-gallery-1 is-layout-flex wp-block-gallery-is-layout-flex\"><li class=\"blocks-gallery-item\"><figure><img loading=\"lazy\" decoding=\"async\" width=\"360\" height=\"323\" src=\"https:\/\/www.marcelcuvelier.de\/wp-content\/uploads\/2019\/01\/info21_dachtraeger_mit_raedern1.jpg\" alt=\"\" data-id=\"726\" data-link=\"https:\/\/www.marcelcuvelier.de\/?attachment_id=726\" class=\"wp-image-726\" srcset=\"https:\/\/www.marcelcuvelier.de\/wp-content\/uploads\/2019\/01\/info21_dachtraeger_mit_raedern1.jpg 360w, https:\/\/www.marcelcuvelier.de\/wp-content\/uploads\/2019\/01\/info21_dachtraeger_mit_raedern1-300x269.jpg 300w\" sizes=\"auto, (max-width: 360px) 100vw, 360px\" \/><\/figure><\/li><li class=\"blocks-gallery-item\"><figure><img loading=\"lazy\" decoding=\"async\" width=\"235\" height=\"291\" src=\"https:\/\/www.marcelcuvelier.de\/wp-content\/uploads\/2019\/01\/info21_dachtraeger_mit_raedern3.jpg\" alt=\"\" data-id=\"727\" data-link=\"https:\/\/www.marcelcuvelier.de\/?attachment_id=727\" class=\"wp-image-727\"\/><\/figure><\/li><\/ul>\n\n\n\n<p>Hier sieht man die seitlichen Tr\u00e4gerabdeckungen. Die kleinere bzw. k\u00fcrzere Abdeckung stammt von den Fronthaltern, die etwas l\u00e4ngere bzw. gr\u00f6\u00dfere von hinten.  Befestigt wird der gesamte Dachtr\u00e4ger mit Inbusschrauben. Vorne werden im Rahmen bzw. Holm der T\u00fcr jeweils zwei Inbusschrauben in die Karosserie geschraubt und hinten wird in der F\u00fchrung der Seitenklappfenster der Tr\u00e4ger eingeklemmt. <\/p>\n\n\n\n<ul class=\"wp-block-gallery columns-3 is-cropped wp-block-gallery-2 is-layout-flex wp-block-gallery-is-layout-flex\"><li class=\"blocks-gallery-item\"><figure><img loading=\"lazy\" decoding=\"async\" width=\"135\" height=\"223\" src=\"https:\/\/www.marcelcuvelier.de\/wp-content\/uploads\/2019\/01\/info21_abdeckung1.jpg\" alt=\"\" data-id=\"729\" data-link=\"https:\/\/www.marcelcuvelier.de\/?attachment_id=729\" class=\"wp-image-729\"\/><\/figure><\/li><li class=\"blocks-gallery-item\"><figure><img loading=\"lazy\" decoding=\"async\" width=\"149\" height=\"240\" src=\"https:\/\/www.marcelcuvelier.de\/wp-content\/uploads\/2019\/01\/info21_abdeckung2.jpg\" alt=\"\" data-id=\"730\" data-link=\"https:\/\/www.marcelcuvelier.de\/?attachment_id=730\" class=\"wp-image-730\"\/><\/figure><\/li><li class=\"blocks-gallery-item\"><figure><img loading=\"lazy\" decoding=\"async\" width=\"123\" height=\"76\" src=\"https:\/\/www.marcelcuvelier.de\/wp-content\/uploads\/2019\/01\/info21_imbusschrauben.jpg\" alt=\"\" data-id=\"731\" data-link=\"https:\/\/www.marcelcuvelier.de\/?attachment_id=731\" class=\"wp-image-731\"\/><\/figure><\/li><\/ul>\n\n\n\n<p>Auf der Abbildung links sieht man den Halter, der vorne im Rahmen der jeweiligen T\u00fcr verschraubt wird. Der Halter ist durch einen gro\u00dfen Gummi gepolstert, um somit ein Verkratzen des Lackes zu vermeiden. Kann ich im Gro\u00dfen und Ganzen auch best\u00e4tigen. Wenn man den Halter vorne montieren m\u00f6chte, muss man bei ge\u00f6ffneter T\u00fcr den Gummi an der markierten Stelle herausziehen. <\/p>\n\n\n\n<ul class=\"wp-block-gallery columns-3 is-cropped wp-block-gallery-3 is-layout-flex wp-block-gallery-is-layout-flex\"><li class=\"blocks-gallery-item\"><figure><img loading=\"lazy\" decoding=\"async\" width=\"187\" height=\"250\" src=\"https:\/\/www.marcelcuvelier.de\/wp-content\/uploads\/2019\/01\/info21_halter_front.jpg\" alt=\"\" data-id=\"732\" data-link=\"https:\/\/www.marcelcuvelier.de\/?attachment_id=732\" class=\"wp-image-732\"\/><\/figure><\/li><li class=\"blocks-gallery-item\"><figure><img loading=\"lazy\" decoding=\"async\" width=\"183\" height=\"89\" src=\"https:\/\/www.marcelcuvelier.de\/wp-content\/uploads\/2019\/01\/info21_kerben.jpg\" alt=\"\" data-id=\"733\" data-link=\"https:\/\/www.marcelcuvelier.de\/?attachment_id=733\" class=\"wp-image-733\"\/><\/figure><\/li><li class=\"blocks-gallery-item\"><figure><img loading=\"lazy\" decoding=\"async\" width=\"184\" height=\"88\" src=\"https:\/\/www.marcelcuvelier.de\/wp-content\/uploads\/2019\/01\/info21_tuerrahmen.jpg\" alt=\"\" data-id=\"734\" data-link=\"https:\/\/www.marcelcuvelier.de\/?attachment_id=734\" class=\"wp-image-734\"\/><\/figure><\/li><\/ul>\n\n\n\n<p>Die folgenden Bilder zeigen die Kerben, in denen der Halter einf\u00fchrt und dann mit den jeweiligen beiden Inbusschrauben fest in die Karosserie verschraubt wird. <\/p>\n\n\n\n<ul class=\"wp-block-gallery columns-2 is-cropped wp-block-gallery-4 is-layout-flex wp-block-gallery-is-layout-flex\"><li class=\"blocks-gallery-item\"><figure><img loading=\"lazy\" decoding=\"async\" width=\"236\" height=\"110\" src=\"https:\/\/www.marcelcuvelier.de\/wp-content\/uploads\/2019\/01\/info21_bohrungen2.jpg\" alt=\"\" data-id=\"735\" data-link=\"https:\/\/www.marcelcuvelier.de\/?attachment_id=735\" class=\"wp-image-735\"\/><\/figure><\/li><li class=\"blocks-gallery-item\"><figure><img loading=\"lazy\" decoding=\"async\" width=\"108\" height=\"86\" src=\"https:\/\/www.marcelcuvelier.de\/wp-content\/uploads\/2019\/01\/info21_oesen2.jpg\" alt=\"\" data-id=\"736\" data-link=\"https:\/\/www.marcelcuvelier.de\/?attachment_id=736\" class=\"wp-image-736\"\/><\/figure><\/li><\/ul>\n\n\n\n<p>Die n\u00e4chsten Bilder zeigen einen der beiden vorderen Halter mit den beiden Inbusschrauben. Daneben sieht man einen der beiden hinteren Dachtr\u00e4gerhaltern, die hinten das System fixieren. <\/p>\n\n\n\n<ul class=\"wp-block-gallery columns-2 is-cropped wp-block-gallery-5 is-layout-flex wp-block-gallery-is-layout-flex\"><li class=\"blocks-gallery-item\"><figure><img loading=\"lazy\" decoding=\"async\" width=\"150\" height=\"223\" src=\"https:\/\/www.marcelcuvelier.de\/wp-content\/uploads\/2019\/01\/info21_halter_hinten.jpg\" alt=\"\" data-id=\"737\" data-link=\"https:\/\/www.marcelcuvelier.de\/?attachment_id=737\" class=\"wp-image-737\"\/><\/figure><\/li><li class=\"blocks-gallery-item\"><figure><img loading=\"lazy\" decoding=\"async\" width=\"158\" height=\"170\" src=\"https:\/\/www.marcelcuvelier.de\/wp-content\/uploads\/2019\/01\/info21_verschraubt2.jpg\" alt=\"\" data-id=\"738\" data-link=\"https:\/\/www.marcelcuvelier.de\/?attachment_id=738\" class=\"wp-image-738\"\/><\/figure><\/li><\/ul>\n\n\n\n<p>Nun m\u00fcssen beide Ausstellfenster hinten ge\u00f6ffnet werden, damit die beiden hinteren Halter des Dachtr\u00e4gers in die Kante hineingreifen k\u00f6nnen, um sich dann dort letztendlich festzuklemmen. <\/p>\n\n\n\n<ul class=\"wp-block-gallery columns-2 is-cropped wp-block-gallery-6 is-layout-flex wp-block-gallery-is-layout-flex\"><li class=\"blocks-gallery-item\"><figure><img loading=\"lazy\" decoding=\"async\" width=\"326\" height=\"124\" src=\"https:\/\/www.marcelcuvelier.de\/wp-content\/uploads\/2019\/01\/info21_kerben_hinten2.jpg\" alt=\"\" data-id=\"739\" data-link=\"https:\/\/www.marcelcuvelier.de\/?attachment_id=739\" class=\"wp-image-739\" srcset=\"https:\/\/www.marcelcuvelier.de\/wp-content\/uploads\/2019\/01\/info21_kerben_hinten2.jpg 326w, https:\/\/www.marcelcuvelier.de\/wp-content\/uploads\/2019\/01\/info21_kerben_hinten2-300x114.jpg 300w\" sizes=\"auto, (max-width: 326px) 100vw, 326px\" \/><\/figure><\/li><li class=\"blocks-gallery-item\"><figure><img loading=\"lazy\" decoding=\"async\" width=\"162\" height=\"209\" src=\"https:\/\/www.marcelcuvelier.de\/wp-content\/uploads\/2019\/01\/info21_seitenausstellfenster2.jpg\" alt=\"\" data-id=\"740\" data-link=\"https:\/\/www.marcelcuvelier.de\/?attachment_id=740\" class=\"wp-image-740\"\/><\/figure><\/li><\/ul>\n\n\n\n<p>In den Fensterkanten hinten kann man dann zwei Markierungen (siehe Abbildung links) erkennen, welche die korrekte Position der hinteren Halter vorgeben. Genau zwischen diesen Markierungen muss der Halter mit der Inbusschraube festgezogen werden, damit das Dachtr\u00e4gersystem sicher auf dem 206 montiert ist. <\/p>\n\n\n\n<p>Der Original Peugeot Dachtr\u00e4ger mit den beiden Thule Fahrradhaltern sieht im unmontierten Zustand wie folgt aus: <\/p>\n\n\n\n<div class=\"wp-block-image\"><figure class=\"aligncenter\"><img loading=\"lazy\" decoding=\"async\" width=\"339\" height=\"334\" src=\"https:\/\/www.marcelcuvelier.de\/wp-content\/uploads\/2019\/01\/info21_traeger_mit_radhalter2.jpg\" alt=\"\" class=\"wp-image-741\" srcset=\"https:\/\/www.marcelcuvelier.de\/wp-content\/uploads\/2019\/01\/info21_traeger_mit_radhalter2.jpg 339w, https:\/\/www.marcelcuvelier.de\/wp-content\/uploads\/2019\/01\/info21_traeger_mit_radhalter2-300x296.jpg 300w\" sizes=\"auto, (max-width: 339px) 100vw, 339px\" \/><\/figure><\/div>\n\n\n\n<p>Nun ist der Tr\u00e4ger auch schon montiert und einsatzbereit. Zum Schutz vor Diebstahl und als Verkleidung werden die Halter noch mit Kappen versehen, welche durch ein Schloss gesichert werden. <\/p>\n\n\n\n<ul class=\"wp-block-gallery columns-2 is-cropped wp-block-gallery-7 is-layout-flex wp-block-gallery-is-layout-flex\"><li class=\"blocks-gallery-item\"><figure><img loading=\"lazy\" decoding=\"async\" width=\"131\" height=\"165\" src=\"https:\/\/www.marcelcuvelier.de\/wp-content\/uploads\/2019\/01\/info21_kappe1.jpg\" alt=\"\" data-id=\"742\" data-link=\"https:\/\/www.marcelcuvelier.de\/?attachment_id=742\" class=\"wp-image-742\"\/><\/figure><\/li><li class=\"blocks-gallery-item\"><figure><img loading=\"lazy\" decoding=\"async\" width=\"307\" height=\"165\" src=\"https:\/\/www.marcelcuvelier.de\/wp-content\/uploads\/2019\/01\/info21_traeger_ohne_kappen.jpg\" alt=\"\" data-id=\"743\" data-link=\"https:\/\/www.marcelcuvelier.de\/?attachment_id=743\" class=\"wp-image-743\" srcset=\"https:\/\/www.marcelcuvelier.de\/wp-content\/uploads\/2019\/01\/info21_traeger_ohne_kappen.jpg 307w, https:\/\/www.marcelcuvelier.de\/wp-content\/uploads\/2019\/01\/info21_traeger_ohne_kappen-300x161.jpg 300w\" sizes=\"auto, (max-width: 307px) 100vw, 307px\" \/><\/figure><\/li><\/ul>\n\n\n\n<p>Und so sieht dann das fertige Resultat zusammen mit den Fahrr\u00e4dern aus: <\/p>\n\n\n\n<ul class=\"wp-block-gallery columns-2 is-cropped wp-block-gallery-8 is-layout-flex wp-block-gallery-is-layout-flex\"><li class=\"blocks-gallery-item\"><figure><img loading=\"lazy\" decoding=\"async\" width=\"340\" height=\"339\" src=\"https:\/\/www.marcelcuvelier.de\/wp-content\/uploads\/2019\/01\/info21_peugeot_mit_raedern1.jpg\" alt=\"\" data-id=\"744\" data-link=\"https:\/\/www.marcelcuvelier.de\/?attachment_id=744\" class=\"wp-image-744\" srcset=\"https:\/\/www.marcelcuvelier.de\/wp-content\/uploads\/2019\/01\/info21_peugeot_mit_raedern1.jpg 340w, https:\/\/www.marcelcuvelier.de\/wp-content\/uploads\/2019\/01\/info21_peugeot_mit_raedern1-150x150.jpg 150w, https:\/\/www.marcelcuvelier.de\/wp-content\/uploads\/2019\/01\/info21_peugeot_mit_raedern1-300x300.jpg 300w\" sizes=\"auto, (max-width: 340px) 100vw, 340px\" \/><\/figure><\/li><li class=\"blocks-gallery-item\"><figure><img loading=\"lazy\" decoding=\"async\" width=\"269\" height=\"257\" src=\"https:\/\/www.marcelcuvelier.de\/wp-content\/uploads\/2019\/01\/info21_peugeot_mit_raedern2.jpg\" alt=\"\" data-id=\"745\" data-link=\"https:\/\/www.marcelcuvelier.de\/?attachment_id=745\" class=\"wp-image-745\"\/><\/figure><\/li><\/ul>\n<div class=\"pdf24Plugin-cp\"> \t<form name=\"pdf24Form0\" method=\"post\" target=\"pdf24PopWin\" action=\"https:\/\/doc2pdf.pdf24.org\/wordpress.php\"><input type=\"hidden\" name=\"blogCharset\" value=\"Cw1x07UAAA==\" \/><input type=\"hidden\" name=\"blogPosts\" value=\"MwQA\" \/><input type=\"hidden\" name=\"blogUrl\" value=\"yygpKSi20tcvLy\/Xy00sSk7NSS4tS83JTC3SS0kFAA==\" \/><input type=\"hidden\" name=\"blogName\" value=\"y00sSk7NSS4tS83JTC3SS0kFAA==\" \/><input type=\"hidden\" name=\"blogValueEncoding\" value=\"gzdeflate base64\" \/><input type=\"hidden\" name=\"postId_0\" value=\"MzcyBQA=\" \/><input type=\"hidden\" name=\"postTitle_0\" value=\"C0gtTU\/NL1EwMjBTcElMzigpOrwkPbWouLK4JDUXAA==\" \/><input type=\"hidden\" name=\"postLink_0\" value=\"yygpKSi20tcvLy\/Xy00sSk7NSS4tS83JTC3SS0nVty9ITE+Nz0yxNTcyBQA=\" \/><input type=\"hidden\" name=\"postAuthor_0\" value=\"800sSk7NAQA=\" \/><input type=\"hidden\" name=\"postDateTime_0\" value=\"MzIwtNQ1MNQ1sFQwNLYyMLQyNgMA\" \/><input type=\"hidden\" name=\"postContent_0\" value=\"zVpdb+M2Fn3vryC8wGIGiD9kyXY8m2SRYrYzg263RTNtgb4EtEXLrCXKIKk48Z\/py\/yGPM2b\/9ieS0mxnMhpCitBBgjGkihe8vDew3sP9c3J8uw9Z3I6Z2Y6TxVLeMw2tzMrtGGK43YoEvYeP6zefIlw98ZY3LlC059EFonUsomYaR5Ztsp0KI4YnsexcF3OpdCuRyEVW3Ku2Sc1Sw1bZwkzIp7ISChcaPar0LPN1yhTUYd9wotLGNrcqpg6mUkVChZywy5y22spEvdkEXNjRIf9RyoykqTKwqBl0lgmDE1IYSiMKzeJcrj93hC3IjHRNKvcnsrsWtA75dRlwi7SJBH6iK2EUmwlNV4y7AeBGc34XGPgmQrxZ4QW7DvcAT4hHr7h2czZ+zzP4uIJD3fQe8sSaZWYJ0J12Hm2+VNoeiGfKCZ2RLM1LJSC\/bi0csEUbloCkaYZcp0pDJLFQoYCE7iQAk+1oDZmmWrrwOGZ+ec\/jvt+71\/spLs8+wb\/sNbnbnCKzdIY2NOv88lExiGQx2\/jekoAWAJjQu1ghjG7ef2oZSQVj\/H4Ub84YuuVkLswzHlMI6euxLXVnEU6pemznzmhgQUlzNmbiVCbWwv3KOGoATofIXUDu6GcLnCVd8PmfFKsj0nJVo6fs4qXEqZSndAEuricYQ5ovDtAuLQwsA+nprVRbAFvhLm31UWfEP6qMqTOFuksZlPyztPWatmexOl00Y44wkLfsGkaZ4ky7T78tD3V6XIpQna\/VdujpzG\/STPbnsXi+mGL3eets5NYljZdQ7NtiZXB85mMMi3OTmQSsTjloVTRaSvm65sW1nWa5tfc3KhpC\/4e2vlpyx\/2WmwuZDS3uOj7LWb09LQ1t3Zp3nW7q9Wqk3A9FfE0uxIxgq8Tii5GOkUoCmW72ZIMmW6\/5427Pa8LuNO+dxk6v+ECfnOJVbnET8CnvM4fy6jFsASnLYyJW96W4Wlr1B8WV7FUi7+y\/m9uLbqHG9hLvO1e3i6FTHgk2u4mZmKEfd7JMAC4OmLPZaLt93rX\/eE4N9XrrTAruRaYKs9sesTeJPy67ZbyHY1kef2Web3eFUbkrlqse3bSLd2iG8tn8aG+P9j6UH\/sPa8P+ft8aHSID43qfGjUegBfN4tLpv1Ie9+WUInMjZCOm0Ean3PW5BOgtnDk22Hv0WQRE0MRuaxXHbDOV72mq\/OyHXZXUKR1POvIRwOlnLTUkTMi7ApbZbz5gk7LfiK9uSWaFe69uSRgO4x9u2U5qUNGpBoJwxMrqszuePOTmmQGG6rm2YTe\/TXVSpTkiM2yIF5n7WMaJ66zzxg++0NgF4hNvhnsdsNkjsv3XKfYyDV+wn7+1DqmzYeaD48ao9PvNl\/nmpCgiwsg6raN5XImlCHqdoaLkQPLSABSIPb3uNl\/lJv7r4KbvZ24aoyb71xyLxuPD4mkcV0kjVsvQUReMK4AFvSaBqy\/BzC\/dwBg9PIDwHDzRQAjpyoBGw0bwksmO1SyBzPvEMy8Osy8R+k6T4z1Nh1mZNlUGRxE9NEx7ZFreeUocMt9dC8nO1fWOPK7QmJc8hmRGEgerfJeXJkSZhq5ep7K5rmwYh+yJJFgwmUaE6MhkaZyKS3SV6qVFpqjXiGThv2XI\/OlkoqMJS4l7YBRUbNQFYDhfSi6JT79wBW9xzM8moD7N18oycYLv1GRszvLYoJFVYXbyeYWmwIqvATr5xojA8Y4UTPNlLAl4Yd3U+A5KFiwBdVluH+R14Zz7HyZQR03J9vNEbP\/Ooj5eFThmUFTPJPv8pcz2vH3RU3\/kKjp10VN\/2WY5rjCNMfjhhBbCP0Iw\/iHYOXXYeW\/EFZBBavjhrCymUD96ySJPXgFh+AV1OEVPMrIlA5vZYpvwcrgkrVw5OqyRre6R3leqAoCLqiL6nrKE\/MsMiQ2zOULVaXoooC\/l5RSTlyTmT6k8uaK\/eBV8FbfH24dy\/Oa4q1J6vJ1ofbmR4NDPGtQ51mDl4nE3nElEpvKj1JhHsHqECnEr5NCcPOvolBtvkznxj6IwjxtCZ1e5iIJGUPoUoWPW50v3BdoyIW4EpMd2fFBj64A1LtS4065W1SIFXl4Jq9dvtJkgA5eR2Ix6D1HxVckFoUssMfvDpFP\/Dr5xB+9TIwOKjHqjZoitcpusDdUjw+B7LgOsuNHQ\/V\/GeXoX7FfFRHHzhFulHGX2kgRLHcpeyHgkMDuQlWKB3FXRDJVGlW1f7tBoh21JqlFCznbauV52UJFiNt\/wxS7cSzsGiMI84MdbLTrzMkzzUbr8HVo5\/3qdtoPGk1qi2jd63uHaDR+nUbjj5tTzB9OgQGsBnTy3Y6dOu55wZPU8f6wqo7T1cuo496wX+H0XlOlj3HCKN+N\/33eEhwiUAV1AlXQe5SpPhXidT6sBXesVJDTgpdKBP1wqvEPuYCQn1G+oWxB3Ndp3jL0I3LaWWHAaEH0tEi1Fgsw1E+pkVameW5xn9yQtkTCZSQfCDMYlcap9OiCyHTHvhM\/KqVGnuPo3eTGcVsk1im9cY9kuak5NyWeRCfl2bE7b60cZ3eqZ7gkIZWHsHcntPcF+0raVXMCW+ZcMkGBVBpC098zYzkqplVRe1k6Rn63NR7Kqwfc7Jb8zvnLxxwllpoKArr192jTr6i0vt8Ube4eFRUw7AbEQy\/2muO8\/fYZZtwA99UbyE8Ix8MncaA\/rnIgXd3jQCx\/NdlwAmbluMXJisVnJKXzUv2N3MBwu54g5iRc+XfkBRfTeWbXFHl07DWB181j15bHximc9HEDRXdxxETBXAScSmGFXPx7ju1fucKchMRt4JeaKlmJUb\/TqZKLrzLhaTLZGL2SwyCvkmwMB00lGwTxvoOg4BC1MahTG4OXURv93ug5wCojMJ0rkSO3r5oKDtEegzrtMfCbp6p78wB9jBrkqUrveaI29J5EUr1RlaToqiZRq+Qav7ivgIr9Lq9EsAPPQAb0edHPwmSx5ZatM0PfHm11wu1nPereJngwZRy\/jvokqH7b4zeVeS7zhOQp3\/UEh0jKQZ2kHATNhcG+iTAA10Ac1HXf9gYIhEHPmcH\/z2WG4g1\/T4q3YOezoeDlPhsaVk\/rB6Pnc8+9ZdEhunRQp0sHgz1l0f8B\" \/><\/form> \t<div class=\"pdf24Plugin-cp-link\"> \t\t<a href=\"#\" onclick=\"var pdf24Win = window.open('about:blank', 'pdf24PopWin', 'resizable=yes,scrollbars=yes,width=600,height=250,left='+(screen.width\/2-300)+',top='+(screen.height\/3-125)+''); pdf24Win.focus(); document.pdf24Form0.submit(); if(typeof pdf24OnCreatePDF === 'function'){void(pdf24OnCreatePDF(this,pdf24Win));} return false;\">Diesen Beitrag als PDF herunterladen<\/a> \t<\/div> <\/div>","protected":false},"excerpt":{"rendered":"<p>Da ich schon mal \u00f6fters nach dem Dachtr\u00e4gersystem von Peugeot befragt wurde, stelle ich hier mal ein paar Infos zum selbigen zur Verf\u00fcgung. Ich pers\u00f6nlich finde das System ziemlich klasse. Einmal montiert ist es schnell an dem Peugeot 206 angebracht. Ich nutze es \u00f6fters im Sommer, wenn wir ans Meer fahren und unsere Fahrr\u00e4der (auf dem Thule Fahrradtr\u00e4gersystem) mitnehmen. Au\u00dferdem finde ich, dass die Optik nicht einmal darunter leidet. Sieht recht sportlich aus&#8230; Auf den folgenden Abbildungen sieht man meinen [&hellip;]<\/p>\n","protected":false},"author":1,"featured_media":0,"parent":463,"menu_order":0,"comment_status":"closed","ping_status":"closed","template":"template-fullwidth.php","meta":{"ngg_post_thumbnail":0,"jetpack_post_was_ever_published":false,"footnotes":""},"class_list":["post-725","page","type-page","status-publish","hentry"],"jetpack_shortlink":"https:\/\/wp.me\/P4qNjn-bH","jetpack_sharing_enabled":true,"jetpack_likes_enabled":true,"_links":{"self":[{"href":"https:\/\/www.marcelcuvelier.de\/index.php?rest_route=\/wp\/v2\/pages\/725","targetHints":{"allow":["GET"]}}],"collection":[{"href":"https:\/\/www.marcelcuvelier.de\/index.php?rest_route=\/wp\/v2\/pages"}],"about":[{"href":"https:\/\/www.marcelcuvelier.de\/index.php?rest_route=\/wp\/v2\/types\/page"}],"author":[{"embeddable":true,"href":"https:\/\/www.marcelcuvelier.de\/index.php?rest_route=\/wp\/v2\/users\/1"}],"replies":[{"embeddable":true,"href":"https:\/\/www.marcelcuvelier.de\/index.php?rest_route=%2Fwp%2Fv2%2Fcomments&post=725"}],"version-history":[{"count":4,"href":"https:\/\/www.marcelcuvelier.de\/index.php?rest_route=\/wp\/v2\/pages\/725\/revisions"}],"predecessor-version":[{"id":748,"href":"https:\/\/www.marcelcuvelier.de\/index.php?rest_route=\/wp\/v2\/pages\/725\/revisions\/748"}],"up":[{"embeddable":true,"href":"https:\/\/www.marcelcuvelier.de\/index.php?rest_route=\/wp\/v2\/pages\/463"}],"wp:attachment":[{"href":"https:\/\/www.marcelcuvelier.de\/index.php?rest_route=%2Fwp%2Fv2%2Fmedia&parent=725"}],"curies":[{"name":"wp","href":"https:\/\/api.w.org\/{rel}","templated":true}]}}