{"id":824,"date":"2019-01-10T15:37:08","date_gmt":"2019-01-10T14:37:08","guid":{"rendered":"https:\/\/www.marcelcuvelier.de\/?page_id=824"},"modified":"2019-09-20T11:21:01","modified_gmt":"2019-09-20T10:21:01","slug":"glossar","status":"publish","type":"page","link":"https:\/\/www.marcelcuvelier.de\/?page_id=824","title":{"rendered":"Geocaching Glossar"},"content":{"rendered":"<p>Zus\u00e4tzlich zu den Angaben in der Geocaching FAQ habe ich hier noch ein kleines Glossar zusammengestellt, welches weitere Begriffe und Abk\u00fcrzungen, die im Geocachingbereich verwendet werden, kurz beschreibt.<\/p>\n<h3>BYOP<\/h3>\n<p>&#8222;Bring Your Own Pencil!&#8220; &#8211; bedeutet: Bringe deinen eigenen Stift mit! (der f\u00fcr den Eintrag ins Logbuch notwendig ist, weil keiner vor Ort vorhanden ist)<\/p>\n<h3>CITO<\/h3>\n<p>&#8222;Cache In Trash Out&#8220; &#8211; bedeutet: Beim Cachen, M\u00fcll einsammeln, mitnehmen und entsorgen. So leistet man ganz nebenbei einen Beitrag zum Schutze unserer Umwelt. CITO kann freiwillig von jedem Cacher bei jedem Cache praktiziert werden. Ab und zu werden aber auch gr\u00f6\u00dfere CITO-Aktionen zentral organisert.<\/p>\n<h3>DNF<\/h3>\n<p>&#8222;Does Not Found&#8220; &#8211; bedeutet: Habe den Cache leider nicht gefunden. Ursache: Cache wurde gemuggelt (also zerst\u00f6rt oder geklaut) oder man hat Ihn tats\u00e4chlich nicht gefunden\/\u00fcbersehen oder suchte am falschen Ort.<\/p>\n<h3>D\/T<\/h3>\n<p>&#8222;Difficulty\/Terrain&#8220; &#8211; bedeutet: Caches werden in zwei Schwierigkeitsgrade bzw. Kategorien bewertet, n\u00e4mlich nach dem grunds\u00e4tzlichen Schwierigkeitsgrad (Difficulty) und nach der Gel\u00e4ndeart (Terrain). Die Schwierigkeitsangabe (Difficulty) gibt dabei an wie anspruchsvoll der Cache ist (Versteck\/Tarnung, zu l\u00f6sende R\u00e4tsel etc.). Die Angabe zum Terrain verr\u00e4t hingegen wie schwierig der Weg oder wie anspruchsvoll das Gel\u00e4nde vor Ort ist.<\/p>\n<h3>FTF<\/h3>\n<p>&#8222;First To Find&#8220; &#8211; bedeutet man war der erste Finder eines neuen Geocaches, was beim Cachen einen besonderen Status hat.<\/p>\n<h3>Gemuggelt<\/h3>\n<p>Der Geocache oder eine Station eines Multicaches wurde gestohlen oder entfernt. Er ist auf jeden Fall nicht mehr vor Ort aufzufinden. Da das in den meisten F\u00e4llen durch einen nicht Geocacher, einem sogenannten Muggel erfolgt, spricht man davon, dass der Cache gemuggelt wurde.<\/p>\n<h3>GPS<\/h3>\n<p>&#8222;Global Positioning System&#8220; &#8211; bedeutet: Satellitengest\u00fctztes Navigationssystem zur weltweiten Positionsbestimmung und Zeitmessung. Ohne dieses Satellitennetzwerk und den zugeh\u00f6rigen Endger\u00e4ten w\u00e4re Geocaching nahezu unm\u00f6glich.<\/p>\n<h3>GPX<\/h3>\n<p>&#8222;GPS Exchange Format&#8220; &#8211; bedeutet: GPX ist ein Dateiformat, in dem die Geocache-Koordinaten abgespeichert sein k\u00f6nnen. Diese Dateien k\u00f6nnen neben den Wegpunkten auch Beschreibungen, weitere Hinweise und Logs enthalten.<\/p>\n<h3>LOC<\/h3>\n<p>&#8222;Locations Format&#8220; &#8211; bedeutet: LOC ist auch ein Dateiformat, wie GPX, jedoch beinhaltet dieses im Gegensatz zu GPX au\u00dfer den Koordinaten keine weiteren Informationen.<\/p>\n<h3>LOG<\/h3>\n<p>&#8222;Logging&#8220; &#8211; bedeutet: Eintrag ins Logbuch des entsprechenden Caches vor Ort, wie auch im Internet.<\/p>\n<h3>LPC<\/h3>\n<p>&#8222;Lost Place Cache&#8220; &#8211; bedeutet z.B. verwilderte Schaupl\u00e4tze mit abenteuerlichem und spannenden Charakter, wie stillgelegte und inzwischen zugewachsene Bahnh\u00f6fe, Burgen oder Industriebauwerke.<\/p>\n<h3>TFTC<\/h3>\n<p>&#8222;Thanks for the cache&#8220; &#8211; bedeutet: Danke f\u00fcr den Cache. Diese \u00c4u\u00dferung geh\u00f6rt beim Geocachen zum &#8218;guten Ton&#8216; und wird als abschlie\u00dfender Satz im Logbuch eingetragen, um sich beim Besitzer des Caches f\u00fcr das Verstecken zu bedanken.<\/p>\n<h3>TNLN<\/h3>\n<p>&#8222;Took nothing, left nothing&#8220; &#8211; bedeutet: Der Finder des Caches hat weder einen Tauschgegenstand (z.B. ein trackable Item) aus dem Cache heraus genommen, noch einen wieder\/zus\u00e4tzlich hinein gelegt &#8211; sprich: Cache so verlassen, wie er vorgefunden wurde.<\/p>\n<h3>UPS\/UPR\/URP<\/h3>\n<p>&#8222;Unnatural Pile Of Stones\/Rocks&#8220; bzw. &#8222;Unnatural Rock Pile&#8220; &#8211; bedeutet: Unnat\u00fcrlicher und sehr auff\u00e4lliger Steinhaufen zur vermeintlichen Tarnung eines Geocaches. So werden h\u00e4ufig Caches versteckt und Geocacher k\u00f6nnen diese schon aus einiger Entfernung entdecken.<\/p>\n<div class=\"pdf24Plugin-cp\"> \t<form name=\"pdf24Form0\" method=\"post\" target=\"pdf24PopWin\" action=\"https:\/\/doc2pdf.pdf24.org\/wordpress.php\"><input type=\"hidden\" name=\"blogCharset\" value=\"Cw1x07UAAA==\" \/><input type=\"hidden\" name=\"blogPosts\" value=\"MwQA\" \/><input type=\"hidden\" name=\"blogUrl\" value=\"yygpKSi20tcvLy\/Xy00sSk7NSS4tS83JTC3SS0kFAA==\" \/><input type=\"hidden\" name=\"blogName\" value=\"y00sSk7NSS4tS83JTC3SS0kFAA==\" \/><input type=\"hidden\" name=\"blogValueEncoding\" value=\"gzdeflate base64\" \/><input type=\"hidden\" name=\"postId_0\" value=\"szAyAQA=\" \/><input type=\"hidden\" name=\"postTitle_0\" value=\"c0\/NT05MzsjMS1dwz8kvLk4sAgA=\" \/><input type=\"hidden\" name=\"postLink_0\" value=\"yygpKSi20tcvLy\/Xy00sSk7NSS4tS83JTC3SS0nVty9ITE+Nz0yxtTAyAQA=\" \/><input type=\"hidden\" name=\"postAuthor_0\" value=\"800sSk7NAQA=\" \/><input type=\"hidden\" name=\"postDateTime_0\" value=\"MzIwtNQ1MNQ1NFAwNLUyMLQysAAA\" \/><input type=\"hidden\" name=\"postContent_0\" value=\"hVfbbttGEH3vV0xQoLABRWpSoChiI0AcW4mRi9VIbpu8ragVuRW5FPZitXzuf\/TF3+CnvPHHemaWlBQrTl8si9qdy5kzZ4an6+efom9vQ1OarKAm0kJbemFzNcensfjq6JWuM5UVxuY0fvErFfiN+HRh8KOt8Z\/GyVWJv9rTq7L2XjnY8qqqtM21D7osw4A2uswKnNhoE7TTdKZzZ5ZLTdEu6MV81X52TcR5O6CFgYtqz\/McF9jnjXYbbRc6wIpb8NFVdA3Ntc8KnJiH4elo\/fy70+Kn52cfryanI\/zz3en6+Q\/f\/\/L06dOTM8dZfKyjo6uNpYm2mSkfyY8\/nhB\/PnlyAmsLHYMOz0jOa6CA1CzSRHD4nAazDFSZ8IiOGKAlIhfgLowNTuUAztPbOp9HRGzrwBEbPPUCgilpxfYc3dQIwwX+LJRlAzhyvE3g5eXs6n4CLwGHpktLM6d8QVcxfCN4DQjlAmB6134uSy6UVKXEE8RvdYEKCf7aBl875DekaU2oJaqGHJWlXNmGrAYh5tpQQgKmJdEmVjTNihgarqJHkRxdVyh0GBKHTytlLS1RmY0pS2BwU1v6ExF2gTlim3sPaO3UKpgG1OpLPAQ3JESwMz0hMNCRYnRz1961\/zKb2N3jF7hbc4CN5kqUhJSUNQhsjxjn78f3YT2vwcv3daBxDU8PQ\/qauc8RpGABE9ffgpmBcr2MVuK9dp5\/ftad2kQEjZ+rmOdAho5U6WtE6Hxo75BmzTZyvSpVDMfpG+NeqECXhaWgAjo0K6RDv3Q1aj8DCa9R4XTPA5OgSVW0hBOuPBNsL\/XR7CB1tKDJYhn+Hs20c8rYh9OXfHxfBTR9AzozATaol8lB6+Bzp5DtvNkM6Y0KOq+dwdm5xiXYGJBtb6uUCowRFz53SGYrQtxfBwbpaBfmsZChu83qVLa3AEMByaMug+MhnUNBvrSjRNW+tJRDMWihmIRAHIfx4dcOKPqbGv3CDlIR0Q909BvXTGer0Uw5C6kaMCfL9s6zJNEHpOA1mixkwy6CpKTSJl1orGAOB4lVTaPfxKvvIxWPv+s8lfMrASm\/zXirH4htV+Lx7IDdY4OwaVbT2DxMbuHcRjmJQPKU4\/xFdN3qiGA7RdYeSoZQ5juJ6ZQBSlzzLZFJFaJnHu+ie9V3wTbG892E0SlrNiSX0cqd83col8k69nXt5ENdlD3x0e5L7Sxk58JJrVRciq5YGivglvqm0sVOdXGiiUuTWvZcCbQy8SzOsfzhantbsotFdGnK4f9kqY\/YDeRxRb5GLSF2fO2dpAgQl3WZg\/IoYHIPhBcKEjhgZ36PXTtxkOz28JpM71cTA3YOZZvU3jBCPNCmfyPc6uG+nSoewZi6Mo3bz6EJrHfqxuSCsvdiADx1PKWDTGi7deFR1GCqCoyX3vuEnyvtPb4P6apAtTCvPSzu\/FgdoA1uJecZ0ibmuoDc8QilC7vINXcB07+9hXrv7RhWFRptFW3V3uWsCPto\/HGAxmRKF39lmJ+Y0+PaVeobExH3hRy8r5wjVrOUC4NU90rWjr6yj9\/UtVsYq4IMHAC35g2E55KXfae9Q5ZW+tzrZE5vH6eBKZmjm9fRrsQMj6yzflfpdp1+HXptLP71aR3C9uCZ1IUqcXGHwNurl\/cReIt4pUr\/mz4ud73R7WxfYMBiA4AG3Da81KG3rbgPfXllI0PMXoWGlY\/hVJHHryS6D5hsOH1qFgtL8iLDeT+bV4fZ5DlY8HASX9uxFlrAQp9plqLtgPZ9s6fsJG8kcYkudWDoXiCTr8AKpCalynSy9aBuNsOzoeylplzwjOOxo+K65IGmecvidQUeo3Yy3yopsF8r5omEWiheelhLZBYErErQAp2HxAVjm41Jw5y7aINoMHCwP6vCoqWWekBnkVe3JIWXdhF9wNSdq8gtuKcms\/HsIM8ZWmflCfWhACXKvpXrMzDGrvRu4RVk+hZo\/xEusEqkXg9pPvQdZWUOis1fTvLINJnVsm08+flEMt0YtyAsLkDM88KjYU9G0JQZB1N9wTUPT6YBNxCMepMIW3F3GeDuhBMdCVK4kPd+fksonBVns8fH2fu37w\/wqesVL\/GsTQNsfNj8u2\/fQAn+u+G5FwYvdBvdTzgkryKylCXAB+z\/dCRU4sZEatlKzUus+tDlYzDX025HhgjxA9yr+Q1rsH0JS9sEPIyavbc6xMo2E6W20aah1O+oWEhB4RJTSSQJNEzvJ\/2meX8uXU+mo+vJh9H1h4N3rGsLCYi8fE8MErhaYpaj7f3oQ52tfA+aLIgHN\/iIXHsYWzmMgkovudRLPNYxzpc8rjFgwJcg4hWXUmnHuWGm29AtmN361i0X251GXn265bZob7Ec5Fsd6ZgTxOF2+m\/lXhSS17jaSrFgWQK5SHuJOLNhIdxLKP4H\" \/><\/form> \t<div class=\"pdf24Plugin-cp-link\"> \t\t<a href=\"#\" onclick=\"var pdf24Win = window.open('about:blank', 'pdf24PopWin', 'resizable=yes,scrollbars=yes,width=600,height=250,left='+(screen.width\/2-300)+',top='+(screen.height\/3-125)+''); pdf24Win.focus(); document.pdf24Form0.submit(); if(typeof pdf24OnCreatePDF === 'function'){void(pdf24OnCreatePDF(this,pdf24Win));} return false;\">Diesen Beitrag als PDF herunterladen<\/a> \t<\/div> <\/div>","protected":false},"excerpt":{"rendered":"<p>Zus\u00e4tzlich zu den Angaben in der Geocaching FAQ habe ich hier noch ein kleines Glossar zusammengestellt, welches weitere Begriffe und Abk\u00fcrzungen, die im Geocachingbereich verwendet werden, kurz beschreibt. BYOP &#8222;Bring Your Own Pencil!&#8220; &#8211; bedeutet: Bringe deinen eigenen Stift mit! (der f\u00fcr den Eintrag ins Logbuch notwendig ist, weil keiner vor Ort vorhanden ist) CITO &#8222;Cache In Trash Out&#8220; &#8211; bedeutet: Beim Cachen, M\u00fcll einsammeln, mitnehmen und entsorgen. So leistet man ganz nebenbei einen Beitrag zum Schutze unserer Umwelt. CITO [&hellip;]<\/p>\n","protected":false},"author":1,"featured_media":0,"parent":82,"menu_order":0,"comment_status":"closed","ping_status":"closed","template":"","meta":{"ngg_post_thumbnail":0,"jetpack_post_was_ever_published":false,"footnotes":""},"class_list":["post-824","page","type-page","status-publish","hentry"],"jetpack_shortlink":"https:\/\/wp.me\/P4qNjn-di","jetpack_sharing_enabled":true,"jetpack_likes_enabled":true,"_links":{"self":[{"href":"https:\/\/www.marcelcuvelier.de\/index.php?rest_route=\/wp\/v2\/pages\/824","targetHints":{"allow":["GET"]}}],"collection":[{"href":"https:\/\/www.marcelcuvelier.de\/index.php?rest_route=\/wp\/v2\/pages"}],"about":[{"href":"https:\/\/www.marcelcuvelier.de\/index.php?rest_route=\/wp\/v2\/types\/page"}],"author":[{"embeddable":true,"href":"https:\/\/www.marcelcuvelier.de\/index.php?rest_route=\/wp\/v2\/users\/1"}],"replies":[{"embeddable":true,"href":"https:\/\/www.marcelcuvelier.de\/index.php?rest_route=%2Fwp%2Fv2%2Fcomments&post=824"}],"version-history":[{"count":3,"href":"https:\/\/www.marcelcuvelier.de\/index.php?rest_route=\/wp\/v2\/pages\/824\/revisions"}],"predecessor-version":[{"id":1007,"href":"https:\/\/www.marcelcuvelier.de\/index.php?rest_route=\/wp\/v2\/pages\/824\/revisions\/1007"}],"up":[{"embeddable":true,"href":"https:\/\/www.marcelcuvelier.de\/index.php?rest_route=\/wp\/v2\/pages\/82"}],"wp:attachment":[{"href":"https:\/\/www.marcelcuvelier.de\/index.php?rest_route=%2Fwp%2Fv2%2Fmedia&parent=824"}],"curies":[{"name":"wp","href":"https:\/\/api.w.org\/{rel}","templated":true}]}}