{"id":850,"date":"2019-01-11T12:45:08","date_gmt":"2019-01-11T11:45:08","guid":{"rendered":"https:\/\/www.marcelcuvelier.de\/?page_id=850"},"modified":"2019-09-20T10:24:13","modified_gmt":"2019-09-20T09:24:13","slug":"geocache-highlights","status":"publish","type":"page","link":"https:\/\/www.marcelcuvelier.de\/?page_id=850","title":{"rendered":"Geocache Highlights"},"content":{"rendered":"<p>Hier werde ich von einigen besonderen Caches berichten, die aus meiner Sicht es Wert sind als &#8222;Besonderer Cache&#8220; erw\u00e4hnt zu werden und ich werde von der einen oder anderen skurrilen oder spannenden Erfahrung berichten.<\/p>\n<p><img loading=\"lazy\" decoding=\"async\" class=\"alignright size-full wp-image-852\" src=\"https:\/\/www.marcelcuvelier.de\/wp-content\/uploads\/2019\/01\/daumen_hoch_01.jpg\" alt=\"\" width=\"197\" height=\"194\">Besondere Caches sind aus meiner Sicht die Caches, die man jedem Geocacher uneingeschr\u00e4nkt weiterempfehlen kann und an denen man sich gerne und oft wieder erinnert. Bisher hat sich f\u00fcr mich herausgestellt, das sogenannte &#8222;Lost Places&#8220; und &#8222;Nachtcaches&#8220; was ganz besonderes sind. Die Atmosph\u00e4re ist eine ganz spezielle, der Adrenalinspiegel befindet sich oberhalb des normalen Durchschnitts und man hat das Gef\u00fchl, man w\u00fcrde so ein klein wenig Lara Croft oder Indiana Jones spielen. Halt Spannung, manchmal auch R\u00e4tsel und vor allem Abenteuer. Was will ein Geocacher mehr? Das macht aus einem gew\u00f6hnliches Hobby ein besonderes&#8230;<\/p>\n<p>Ich werde zu den entsprechenden Beschreibungen unter Umst\u00e4nden auch auf externe Seiten verlinken, wo Ihr noch zus\u00e4tzliche Informationen und Bilder erhaltet.<\/p>\n<p><em>Noch eine wichtige Information<\/em>: Die unten beschriebenen Berichte beinhaltet nat\u00fcrlich auch Spoiler Bilder und Informationen zum Finden des Caches. Wenn Ihr also vorhabt, diesen Cache selber zu suchen, dann rate ich davon ab die folgenden Texte zu lesen. Anderenfalls w\u00fcnsche ich euch viel Spa\u00df dabei und hoffe euer Interesse geweckt zu haben.<\/p>\n<ul>\n<li><a href=\"https:\/\/www.marcelcuvelier.de\/?page_id=909\">GC1G4X4: Nachtcache Wurm-Loch (Daylight Reloaded)<\/a><\/li>\n<li><a href=\"https:\/\/www.marcelcuvelier.de\/?page_id=914\">GCPHHA: Oles Wattwurm<\/a><\/li>\n<li><a href=\"https:\/\/www.marcelcuvelier.de\/?page_id=916\">GC115Z5: Rittergut Lorsbeck<\/a><\/li>\n<\/ul>\n<div class=\"pdf24Plugin-cp\"> \t<form name=\"pdf24Form0\" method=\"post\" target=\"pdf24PopWin\" action=\"https:\/\/doc2pdf.pdf24.org\/wordpress.php\"><input type=\"hidden\" name=\"blogCharset\" value=\"Cw1x07UAAA==\" \/><input type=\"hidden\" name=\"blogPosts\" value=\"MwQA\" \/><input type=\"hidden\" name=\"blogUrl\" value=\"yygpKSi20tcvLy\/Xy00sSk7NSS4tS83JTC3SS0kFAA==\" \/><input type=\"hidden\" name=\"blogName\" value=\"y00sSk7NSS4tS83JTC3SS0kFAA==\" \/><input type=\"hidden\" name=\"blogValueEncoding\" value=\"gzdeflate base64\" \/><input type=\"hidden\" name=\"postId_0\" value=\"szA1AAA=\" \/><input type=\"hidden\" name=\"postTitle_0\" value=\"c0\/NT05MzkhV8MhMz8gB4pJiAA==\" \/><input type=\"hidden\" name=\"postLink_0\" value=\"yygpKSi20tcvLy\/Xy00sSk7NSS4tS83JTC3SS0nVty9ITE+Nz0yxtTA1AAA=\" \/><input type=\"hidden\" name=\"postAuthor_0\" value=\"800sSk7NAQA=\" \/><input type=\"hidden\" name=\"postDateTime_0\" value=\"MzIwtNQ1MNQ1NFQwNLIyMLQysAAA\" \/><input type=\"hidden\" name=\"postContent_0\" value=\"pVXBTiNHEL3nK0oTKUok8NgEkgWMV7AkQIQ2K0hElAtqz9TM9NLTPeruYYJ\/Jhe+Iafc\/GN51YPxJpdIycWyu6urXr33qjzvFpeaPQ3sSyZdNPToLLG2umZLSw7Oluzx9Z0qGg448QiKbHeo1EyqD9QiGhlu5ZwQcsc+UtC2JGUCffH5m729veOzTSY\/ZkrH02NiP6yfGxtp1Y8YLPV4KUBGSAIH7wQS7px8VS+QwkPvvTab49ApixhJ8Z2vVON7W2\/xTuZ5t\/hs3i3muq3JOFVqW59kRq2eMhQo3PhbhSdbZFQYFQJ+GV1br+tGGlrxbtUbQ0O3q1tV8+6bg72Mgi9OsibGLhzl+TAMk1b5gk3RP7IBsZOSczwonAWGmPedVA753nR2mE9nean6lu1944rmfjqbfOzqDKzFkyyjQZexOclmh99m1LBgkB\/72eKVyo0mI9f\/VELkGQNGqVpl6SOX3NIFu0IuPKjGi5pD0fj1s32I4FxHZG67ihsh9gGUJkGUqCAKSJog8tTsLac7V+Gh5qSS19DAxwmd6SAVGhXH8Gr9p6dWvuEYYFE1sjER4BRacLAbakXeGObahUgfjCo4bLwitV5u3wN\/TE283g5IUyu72pp2ZGZC5+j+NLYudM36GbRpZBamxvDQ8UoDCe8kn52WsBZ0t6HTXLNBugpZ+KUNB0M1yiwRG8g63yqh6bz3RQMWrY4xJJxCk\/QuzV0wmm\/MTjocwANsHZxAoAcjnwNj3OhaeUXvvLCZ\/HxlS62soh+clVYAB6UmdAl\/0K14Hf5OOYsGKGAAwLtZP8cA0ALh0WFU0FdLp0t4j3u4ke6AZ9BwsdTdGqHlxr+lc1y2wmxyk1DUQuZh\/UdjjU5Wu3TL5VN6u2VZBPh6eryZr6vX0cVIyzCidug8432azbNkN9ZLwE\/TDsPRz22IcKDcpz5UXxH\/FpPFbsWTlh7ZQ5UH2TyDo6vGg35ErvqAnlcJHyirRJKonX1ZJGfajL6EaJHjdgtwu3gv75MRBpkYbLxPE8xzhBwl8wjG1DGAa16mOTh7WSw41nZMTlZFqCtQxi5uO4f15DcgBM\/fEa76lr7XqW3x0ziuEIkxddIhFqgTHRu1jGmKw2YTE1SGFYXj0Au1Mkd45VUc13ipZHOqZZr9ypl6ZP8nYVVeGck1odNxl1YwShBv2iDJJQFLB48wnZht\/TsSotPUQ+Oqikn8hHZkXYTA4hMuHtIeB9rXfdsbfBi9mCuC6NW\/rcq3HRbrvS5PDqeH2eLi3exi\/5f9I9qOO931vt29FuW+PFdPJu3mG5atyuVX81wt5jnK\/beas32p+eHy8vSIfjTyV6ZiHFDw\/+b9JvUyO\/j14IhusCPY132ka+fDEqR9kj0Xvv4C\" \/><\/form> \t<div class=\"pdf24Plugin-cp-link\"> \t\t<a href=\"#\" onclick=\"var pdf24Win = window.open('about:blank', 'pdf24PopWin', 'resizable=yes,scrollbars=yes,width=600,height=250,left='+(screen.width\/2-300)+',top='+(screen.height\/3-125)+''); pdf24Win.focus(); document.pdf24Form0.submit(); if(typeof pdf24OnCreatePDF === 'function'){void(pdf24OnCreatePDF(this,pdf24Win));} return false;\">Diesen Beitrag als PDF herunterladen<\/a> \t<\/div> <\/div>","protected":false},"excerpt":{"rendered":"<p>Hier werde ich von einigen besonderen Caches berichten, die aus meiner Sicht es Wert sind als &#8222;Besonderer Cache&#8220; erw\u00e4hnt zu werden und ich werde von der einen oder anderen skurrilen oder spannenden Erfahrung berichten. Besondere Caches sind aus meiner Sicht die Caches, die man jedem Geocacher uneingeschr\u00e4nkt weiterempfehlen kann und an denen man sich gerne und oft wieder erinnert. Bisher hat sich f\u00fcr mich herausgestellt, das sogenannte &#8222;Lost Places&#8220; und &#8222;Nachtcaches&#8220; was ganz besonderes sind. Die Atmosph\u00e4re ist eine ganz [&hellip;]<\/p>\n","protected":false},"author":1,"featured_media":0,"parent":82,"menu_order":55,"comment_status":"closed","ping_status":"closed","template":"page-templates\/page_fullwidth.php","meta":{"ngg_post_thumbnail":0,"jetpack_post_was_ever_published":false,"footnotes":""},"class_list":["post-850","page","type-page","status-publish","hentry"],"jetpack_shortlink":"https:\/\/wp.me\/P4qNjn-dI","jetpack_sharing_enabled":true,"jetpack_likes_enabled":true,"_links":{"self":[{"href":"https:\/\/www.marcelcuvelier.de\/index.php?rest_route=\/wp\/v2\/pages\/850","targetHints":{"allow":["GET"]}}],"collection":[{"href":"https:\/\/www.marcelcuvelier.de\/index.php?rest_route=\/wp\/v2\/pages"}],"about":[{"href":"https:\/\/www.marcelcuvelier.de\/index.php?rest_route=\/wp\/v2\/types\/page"}],"author":[{"embeddable":true,"href":"https:\/\/www.marcelcuvelier.de\/index.php?rest_route=\/wp\/v2\/users\/1"}],"replies":[{"embeddable":true,"href":"https:\/\/www.marcelcuvelier.de\/index.php?rest_route=%2Fwp%2Fv2%2Fcomments&post=850"}],"version-history":[{"count":4,"href":"https:\/\/www.marcelcuvelier.de\/index.php?rest_route=\/wp\/v2\/pages\/850\/revisions"}],"predecessor-version":[{"id":919,"href":"https:\/\/www.marcelcuvelier.de\/index.php?rest_route=\/wp\/v2\/pages\/850\/revisions\/919"}],"up":[{"embeddable":true,"href":"https:\/\/www.marcelcuvelier.de\/index.php?rest_route=\/wp\/v2\/pages\/82"}],"wp:attachment":[{"href":"https:\/\/www.marcelcuvelier.de\/index.php?rest_route=%2Fwp%2Fv2%2Fmedia&parent=850"}],"curies":[{"name":"wp","href":"https:\/\/api.w.org\/{rel}","templated":true}]}}