{"id":909,"date":"2019-09-20T10:17:44","date_gmt":"2019-09-20T09:17:44","guid":{"rendered":"https:\/\/www.marcelcuvelier.de\/?page_id=909"},"modified":"2019-09-20T10:34:30","modified_gmt":"2019-09-20T09:34:30","slug":"gc1g4x4-nachtcache-wurm-loch-daylight-reloaded","status":"publish","type":"page","link":"https:\/\/www.marcelcuvelier.de\/?page_id=909","title":{"rendered":"GC1G4X4 &#8211; Nachtcache Wurm-Loch (Daylight Reloaded)"},"content":{"rendered":"<p>Mai 2009, ein verregneter Tag, kein Sonnenschein aber die absolute Lust mal wieder einen besonderen Cache zu heben. Vorgenommen hatte ich mir diesen schon letztes Jahr, da sich die Beschreibung mehr als interessant anh\u00f6rte und die Bilder den entsprechenden Rest lieferten. Ein Arbeitskollege und absoluter Geocachebeginner hatte vor zwei Tagen diesen Cache gehoben und lieferte somit noch den letzten zus\u00e4tzlichen Ansporn, den Cache endlich mal anzugehen. Zusammen mit einem guten (Geocacher-)Freund, dem Tom, bin ich dann nach Feierabend los zum ersten Wegpunkt. Es handelt sich bei diesem Cache um einen Multicache, der uns &#8222;Untertage&#8220; f\u00fchrte, in eine gro\u00dfe R\u00f6hre hinein, die den Fluss Wurm unter die Stadt Aachen durchf\u00fchrt. Als Equipment hatten wir jeweils eine Kopf\/Stirn-Lampe, eine Maglite Taschenlampe, GPS-Ger\u00e4te (wobei wir diese bei diesem Cache ohne weiteres zu Hause h\u00e4tten lassen k\u00f6nnen, da da unten absolut kein GPS-Empfang m\u00f6glich war) und eine Kamera dabei. Da wir die gesamte Zeit durch den Fluss laufen mussten, trug ich Gummistiefel, wobei diese schon fast zu knapp bemessen waren &#8211; also meine Hose ist hierbei nicht wirklich trocken geblieben.<\/p>\n<p>Der Einstieg wurde unmittelbar vor dem sogenannten Wurm-Loch vorgenommen &#8211; also *schwub, hinein in die Wurm und hinein in die dunkle R\u00f6hre. Die H\u00f6he wird in der Mitte ca. zwei Meter betragen und sch\u00e4tzungsweise drei bis vier Meter in der Breite, also ein gro\u00dfes Oval. Durch den Regen wurde man zeitweise von den Seiten auch noch &#8222;berieselt&#8220;, wenn man nicht aufpasste. In der R\u00f6hre herrschte absolute Finsternis. Nach dem Eingang befand sich der Cache einen guten Kilometer entfernt und durch den sehr rutschigen Boden ben\u00f6tigte man zum Erreichen des Ziels (ohne sich dabei mit voller Wucht auf die Nase zu legen) dann doch schon einige Zeit. Wir haben nat\u00fcrlich unterwegs einige Fotos gemacht, was uns sicherlich nochmals extra Zeit kostete und unterm Strich dann dazu f\u00fchrte, dass wir ca. 1 1\/2 Stunden &#8222;Untertage&#8220; waren. Auf dem Weg zum Versteck mussten wir nat\u00fcrlich darauf achten, dass wir nicht auf dem sehr rutschigen Boden ausrutschten und samt Technik ins Wasser fielen und, dass wir mit unseren Haaren nicht alle vorhandenen Spinnennetze zerst\u00f6rten. Durch den Regen musste auch schon mal die Seite gewechselt werden, da von diesen weitere Zul\u00e4ufe mit Wasser aus den W\u00e4nden ragten, die nun nat\u00fcrlich reichlich Wasser f\u00fchrten.<\/p>\n<p><img loading=\"lazy\" decoding=\"async\" class=\"alignright wp-image-910 size-full\" src=\"https:\/\/www.marcelcuvelier.de\/wp-content\/uploads\/2019\/09\/wurmloch_small01.jpg\" alt=\"\" width=\"195\" height=\"230\"> <img loading=\"lazy\" decoding=\"async\" class=\"alignleft wp-image-911 size-full\" src=\"https:\/\/www.marcelcuvelier.de\/wp-content\/uploads\/2019\/09\/wurmloch_small02.jpg\" alt=\"\" width=\"300\" height=\"230\" srcset=\"https:\/\/www.marcelcuvelier.de\/wp-content\/uploads\/2019\/09\/wurmloch_small02.jpg 300w, https:\/\/www.marcelcuvelier.de\/wp-content\/uploads\/2019\/09\/wurmloch_small02-230x176.jpg 230w\" sizes=\"auto, (max-width: 300px) 100vw, 300px\" \/><\/p>\n<p>Irgendwann machte die R\u00f6hre dann einen Rechtsknick, so dass man auch nicht einmal das schwache entfernte Licht vom Einstieg sehen konnte &#8211; es war wirklich Pech-Schwarz. Kein Licht weit und breit. Wir schalteten mal f\u00fcr eine Minute das komplette Licht aus und lauschten den Ger\u00e4uschen. Richtig spannend&#8230; F\u00fcr Personen mit Platzangst und Angsthasen ist das hier unten mal gar nichts. Je n\u00e4her wir dem Versteck kamen, desto lauter wurde es. In der Ferne h\u00f6rte man Autos \u00fcber einen Gulli-Deckel fahren und von irgendwo her str\u00f6mte laut Wasser in die R\u00f6hre. Irgendwann stellte man sich die Frage, ob man nicht schon an dem Versteck vorbei gelaufen sei, denn vom Gef\u00fchl her, war man weitaus weiter als nur einen Kilometer gelaufen. Aber in der Beschreibung des Caches stand fett markiert, dass man den Cache eigentlich nicht verfehlen k\u00f6nne, da er ausreichend markiert sei. OK, also weiter und nach ein paar Minuten sahen wir dann &#8222;die Markierung&#8220;. Oberhalb des Verstecks hatte der Owner drei starke Reflektoren in die Wand geschlagen, die jetzt nat\u00fcrlich durch das Licht der Taschenlampe deutlich diese Stelle markierten. Und da lag er dann auch, der Cache. Hurra&#8230; gefunden! Um 18:30 Uhr haben wir dann unseren Fund geloggt und uns dann wieder auf den R\u00fcckweg gemacht. Auch auf dem R\u00fcckweg haben wir dann noch das eine oder andere Bild geschossen und ein kurzes Video (mit meinem Mobiltelefon erstellt) habe ich auch noch aufgezeichnet. Leider kann man durch die absolute Dunkelheit, trotz zweier Kopflampen, Beleuchtung am Mobiltelefon und der Taschenlampe auf dem Video nicht viel erkennen.<\/p>\n<p>Gl\u00fccklich erreichten wir Zwei dann um ca. halb acht den Ausgang der R\u00f6hre, wo wir dann auch unbeobachtet den Fluss wieder verlassen und auf den Fu\u00dfg\u00e4ngerweg klettern konnten. War das ein cooles Abenteuer!<\/p>\nngg_shortcode_0_placeholder\n<div class=\"pdf24Plugin-cp\"> \t<form name=\"pdf24Form0\" method=\"post\" target=\"pdf24PopWin\" action=\"https:\/\/doc2pdf.pdf24.org\/wordpress.php\"><input type=\"hidden\" name=\"blogCharset\" value=\"Cw1x07UAAA==\" \/><input type=\"hidden\" name=\"blogPosts\" value=\"MwQA\" \/><input type=\"hidden\" name=\"blogUrl\" value=\"yygpKSi20tcvLy\/Xy00sSk7NSS4tS83JTC3SS0kFAA==\" \/><input type=\"hidden\" name=\"blogName\" value=\"y00sSk7NSS4tS83JTC3SS0kFAA==\" \/><input type=\"hidden\" name=\"blogValueEncoding\" value=\"gzdeflate base64\" \/><input type=\"hidden\" name=\"postId_0\" value=\"szSwBAA=\" \/><input type=\"hidden\" name=\"postTitle_0\" value=\"c3c2dDeJMFFQU7YwMjS0VvBLTM4oSQYSqQrhpUW5uj75yRkKGi6JlTmZ6RklCkGpOfmJKakpmgA=\" \/><input type=\"hidden\" name=\"postLink_0\" value=\"yygpKSi20tcvLy\/Xy00sSk7NSS4tS83JTC3SS0nVty9ITE+Nz0yxtTSwBAA=\" \/><input type=\"hidden\" name=\"postAuthor_0\" value=\"800sSk7NAQA=\" \/><input type=\"hidden\" name=\"postDateTime_0\" value=\"MzIwtNQ1sNQ1MlAwNLAysLQyMQEA\" \/><input type=\"hidden\" name=\"postContent_0\" value=\"tVjLjhu5Fd3PV3AUIHAHeraRZPwE2rG7PWP32HDbY8Abg1JdVZWLRVZIVsujn5mNv6FX3unHcu4lS1J7JosAE6DR0IN1n+eee6iH3eNLXavT+fzeWFFt1TV5T6WlSF691eVYNfzplbOWbFhV\/EYv8V1RE14EZ\/pI6mUfomq1UZuaCnyJU2TVkoKzeIuX\/9J4VG17VdGS7FT94nxJ1rUtvqt0hIl6Vam2FrsBH8KVs8pQ3EYK6idd+bEqtAp8jF0\/IZzwVC97W6qWKq+0Caq2CJtC0DYqbavdjYfl3hbpkdpwbAWsk42h84SYLL99Qwjf1LQmnEd0z5DkmV9SHUPjjKEyGRnS9eqC3IozWlJZozA+53DtvNpuqObCwWxOJeVeUuWQuhgaXKng2joq6zgpGtK1qFPYfYlbU3OA6syGznk7liPJGMI2UjCUXNttD+Mc94c+aCkpW+UetKrs2eCdIWA\/OTn3hBjYWqveunaslshWyqqtVRan1DnV5NFlDtUFhNMq8oENvaey620TUaOApFE9E1NTUK2UcJtj5IcEBpe9ibV4Z6ceFQjqr3\/54fT09ME77ldEseT9\/IFa775WKMwYnZSnVend7jdSb3Y36Laq8FHNlUA7uRrnpg9Bve99C6sxo\/Iq6iKqMy3FK3q\/qpLVqToDRJ79u6871CimnllA1qtPhK7hS3H5wnXr2VWsvZ281G1H4\/TxpS5NjZ691TwG1qSvLl5fTS7Io12k7mwcV2EzoPj3NXEVDMGVoJTH4bnuca7C4xyK0YEB0+xueNoE8PjjzOwAvjSO7PVZ2601g393UwoYNtqfCLxSFrpFD\/E8gpiqp3oIC0AESBDtB4SRynNUSqP7NeMHryNHEH1fCjgu+ratQ2TgmrFKiaYk06SuNUYICTVWdx0Sb0lSQUz4z91dLB7wiDoMK4f33OFRGERLiSdNWXiJHGQjyUTvVg0eLWmJaWHOeDjrHn\/3sHv8FG3GgHIspdr0vuDhBOAjmaX2MoMM7eAwgkC0oBYAmbzkKbs+4p1bUf0NaWz65ThDjPHHxcrQKr75uMAMmAGVqC4+eo7XxPEXcghBXnJMaqWniRMuhVKXFL2QAxuFT55zUFjACRSkAKNhHoO6rtmAPJGtPfEMm3GKlkNJkxHUq2ttEMK+kW+IzafCtBpkgueS9Wtn5cQVWwKiejwh3JOnEbTOHTUxTyP6TKAENpK6A3B0mpExVT+mqIa5xNJAMvFoJZxzi8jbOkzVz1pia7lvJWN2SYBukdkcZjKrCV0kxnpRG9dK\/hhVkCXmVXh8n2Zgzvd9hNuaE37iClk5dncT6zLm3EFCz7DPEpEWqNaHmjDnd2QQk3seECHMa6Z6j5bnVKXTP+sge4uXgD1JHFlwzRLsETK8yyxN1fuaFwGTvNVx99ULkIWXNlSG4ey5i+DUklrkHFFiHYQRORhKj3BPWl5n9BlgSYPaOFQzLzMx2YLn\/J62C40Y9+RZoEky7wy+hVrMTnG4l1X334hXBhUMyWmjUeB5Kd4vwvurZmAEsXqUXaE9V4pTSYSVHe\/xkmbxD3sF6kufxWEcwEvqLbayrRvAHsTOfOjVGj1LR448cMdQN1EXz7XQTHaKLvKcy3ZiQF11vKPxF7doJSckusD+fmhSkmkwUn95wcpO4ZFB0zaIjicEk4H5ShQtY5VWfaZ2LGKz+wImlShzFkhXXL3ffZFOgAZSzWDe9rcwI4CVV0MFUmcPJPiwbkvsZl1goB6NjN7+OoLxlUvvdfjVrkZqxfsE70xdWl+XTK\/dpG7R9cm9xRyI29Jk3RszUsGvHo2qGLtwfzbbbDbTVvsVmVV\/TWBfPy1ohkdXjtk0zvqOPYfZ6Xxxbza\/NwPXtAaY\/RhQLjNfTD915Qh9iI9GI\/SqiNWj0eLe30egCY7i0ej07nz0WP3PORha30ph8X9L4fSPUrg7n99OgX0Gin+yWwU\/G+yhP8vmBKF+XvzzH2IbrzcjKRsXtY9urO60+vNEUrzPrrvPJ2oxn18jBHk3UrPHA+p+5OVZbLQsBaF7Bm\/eAcJDicLfYEognTGPzRiLOA0t83FaOTKmOCnDBfrj1ZtlbaJ6XCjkzLVrD6s+sMYFD\/JK3+9uMDqY6yAbXsPz5Irt+e1UveA9mUzxZArJLP2eq+EXHSamHw4FQ+az1KstrzCOrXFtB1m+D4mnWCQ8XiTm4lkWBdiLLpyqN3ywRsCdZt4pONa7oNhztv8a\/ONsluivjY5b7MOQQjvjV5VmImFlxO5ZHWUByCGWOlMrlupPoI3dF+yMpOzoiKwbaD+5L4ToOFJeo0kQUNiv7nNUmqWn3JG4OWc9L6bd1+X+AneByaonT2GSUB7cwTJRM+PVCQuOd78K0e9uWFSys4G0slYaRNIReBClMdnr\/kZ3zrporNzySHAkEtb2dnogd97ZJWW1GqiWy5EVwFwQs6XhuMYCDjbH7efWJYKWu6LthzQPWmMwiUW4PJJex3dNFhEiV4DbyCJmDXTAh2\/Qqjg+YP3otsZLL6bVnnBNfk2V2Ut9WSNpRWStUuwtcnZT9epFVn45Ae6CXNUY4R3WX8YsiqGrvKZlIPO+5wJfJotIIi99mEWWmIGlZDXUN+TbLKf+asO3W5GlyNY3aCetDTXRMRYGkcxlKLlIhqVtWmmf+C57SyqkZQtQp0kq5AeGw10KH\/SpSOleccUgoX0duCnvWAFqgKzkakl+zCjjg4acque993oYuZLWInu+V+9atfjh\/t25elcNIm1fo0FGnPeSh3FlGbPQCulE\/lkj6Rnw2+7rqoGmG1Qc6ybEPcid\/dff+En3fJ2vmU4syu8j8tNEqqCTa1O+xamm91vuTF2QA1GDMtp0rb90yxoThI3IItSngToRh3JdO2h7BFXSllEFATRVL6lmv43Owj535fjHnKe43JDBoot8\/3NxK\/cXPMQXY2kVWvwEvlko80job+IRof5td4fipFzyHEDYIfqGxdlB21wYrp8ggZJ2H4TnB75HpZa1om0FuzqhiQksyO3icDHhm+qh\/lKU3i7JLWV7xaOLb+4wJjNfwuUHn9zv8373WwnZVoqSV40sBD8sIwDzvfZDY9XKOYOegUDwXU\/+e8nLluXHUDkfoW\/o4\/xjZ\/SKKse\/SH33Hw==\" \/><\/form> \t<div class=\"pdf24Plugin-cp-link\"> \t\t<a href=\"#\" onclick=\"var pdf24Win = window.open('about:blank', 'pdf24PopWin', 'resizable=yes,scrollbars=yes,width=600,height=250,left='+(screen.width\/2-300)+',top='+(screen.height\/3-125)+''); pdf24Win.focus(); document.pdf24Form0.submit(); if(typeof pdf24OnCreatePDF === 'function'){void(pdf24OnCreatePDF(this,pdf24Win));} return false;\">Diesen Beitrag als PDF herunterladen<\/a> \t<\/div> <\/div>","protected":false},"excerpt":{"rendered":"<p>Mai 2009, ein verregneter Tag, kein Sonnenschein aber die absolute Lust mal wieder einen besonderen Cache zu heben. Vorgenommen hatte ich mir diesen schon letztes Jahr, da sich die Beschreibung mehr als interessant anh\u00f6rte und die Bilder den entsprechenden Rest lieferten. Ein Arbeitskollege und absoluter Geocachebeginner hatte vor zwei Tagen diesen Cache gehoben und lieferte somit noch den letzten zus\u00e4tzlichen Ansporn, den Cache endlich mal anzugehen. Zusammen mit einem guten (Geocacher-)Freund, dem Tom, bin ich dann nach Feierabend los zum [&hellip;]<\/p>\n","protected":false},"author":1,"featured_media":0,"parent":850,"menu_order":10,"comment_status":"closed","ping_status":"closed","template":"page-templates\/page_fullwidth.php","meta":{"ngg_post_thumbnail":0,"jetpack_post_was_ever_published":false,"footnotes":""},"class_list":["post-909","page","type-page","status-publish","hentry"],"jetpack_shortlink":"https:\/\/wp.me\/P4qNjn-eF","jetpack_sharing_enabled":true,"jetpack_likes_enabled":true,"_links":{"self":[{"href":"https:\/\/www.marcelcuvelier.de\/index.php?rest_route=\/wp\/v2\/pages\/909","targetHints":{"allow":["GET"]}}],"collection":[{"href":"https:\/\/www.marcelcuvelier.de\/index.php?rest_route=\/wp\/v2\/pages"}],"about":[{"href":"https:\/\/www.marcelcuvelier.de\/index.php?rest_route=\/wp\/v2\/types\/page"}],"author":[{"embeddable":true,"href":"https:\/\/www.marcelcuvelier.de\/index.php?rest_route=\/wp\/v2\/users\/1"}],"replies":[{"embeddable":true,"href":"https:\/\/www.marcelcuvelier.de\/index.php?rest_route=%2Fwp%2Fv2%2Fcomments&post=909"}],"version-history":[{"count":3,"href":"https:\/\/www.marcelcuvelier.de\/index.php?rest_route=\/wp\/v2\/pages\/909\/revisions"}],"predecessor-version":[{"id":947,"href":"https:\/\/www.marcelcuvelier.de\/index.php?rest_route=\/wp\/v2\/pages\/909\/revisions\/947"}],"up":[{"embeddable":true,"href":"https:\/\/www.marcelcuvelier.de\/index.php?rest_route=\/wp\/v2\/pages\/850"}],"wp:attachment":[{"href":"https:\/\/www.marcelcuvelier.de\/index.php?rest_route=%2Fwp%2Fv2%2Fmedia&parent=909"}],"curies":[{"name":"wp","href":"https:\/\/api.w.org\/{rel}","templated":true}]}}